{"id":660,"date":"2018-03-08T15:42:16","date_gmt":"2018-03-08T13:42:16","guid":{"rendered":"https:\/\/blog.edu.turku.fi\/kielivirta\/?page_id=660"},"modified":"2018-11-29T16:24:02","modified_gmt":"2018-11-29T14:24:02","slug":"kielikarnevaali-17-4-2018","status":"publish","type":"page","link":"https:\/\/blog.edu.turku.fi\/kielivirta\/?page_id=660","title":{"rendered":"Kielikarnevaali 17.4.2018"},"content":{"rendered":"<p><strong>Kupittaan urheiluhallissa tiistaina 17.04.2018<\/strong><\/p>\n<p><strong>P\u00e4iv\u00e4n ohjelma:<\/strong><\/p>\n<p><strong>klo 9:00-10:45 <\/strong>Kieltenopiskelijoiden kielipisteet luokille 1-2 (luokka toimii omana ryhm\u00e4n\u00e4)<\/p>\n<p><strong>klo 11:15-12:45<\/strong> Kieliseikkailupeli SEPPO luokille 3-6<\/p>\n<p><strong>klo 13:15-14:45<\/strong> Kielimessut luokille 7-8<\/p>\n<p><strong><span lang=\"FI\">Turun Kielivirran Kielikarnevaalin yhteisty\u00f6kumppanit:<\/span><\/strong><\/p>\n<ul>\n<li><a href=\"https:\/\/www.afs.fi\/\">AFS<\/a><\/li>\n<li><a href=\"http:\/\/www.explorius.fi\/\">Explorius<\/a><\/li>\n<li><a href=\"https:\/\/ensembleturku.wordpress.com\/\">Ensemble<\/a><\/li>\n<li><a href=\"https:\/\/www.goethe.de\/ins\/fi\/fi\/index.html\">Goethe-Institut<\/a><\/li>\n<li><a href=\"https:\/\/www.hesburger.fi\/\">Hesburger Oy<\/a><\/li>\n<li><a href=\"http:\/\/www.mmkuntotalo.com\/\">M&amp;M Kuntotalo<\/a><\/li>\n<li><a href=\"http:\/\/www.france.fi\/\">Ranskan instituutti<\/a><\/li>\n<li><a href=\"http:\/\/www.studioreyniergomez.com\/\">Reynier Gomez<\/a><\/li>\n<li><a href=\"https:\/\/www.sts.fi\/\">STS<\/a><\/li>\n<li><a href=\"https:\/\/upglobal.net\/fi\/\">UP Global<\/a><\/li>\n<li>Turun Kielikylpyvanhemmat ry<\/li>\n<li><a href=\"http:\/\/www.utu.fi\/fi\/yksikot\/hum\/yksikot\/kkl\/Sivut\/home.aspx\">Turun yliopiston kieli- ja k\u00e4\u00e4nn\u00f6stieteiden laitos<\/a><\/li>\n<li>W\u00e4iskin vanhemmat ry<\/li>\n<li><a href=\"https:\/\/yfu.fi\/\">YFU<\/a><\/li>\n<\/ul>\n<p>Turun Kielivirta haluaa kiitt\u00e4\u00e4 kaikkia Kielikarnevaaleille osallistuneita yhteisty\u00f6kumppaneita!<\/p>\n<p>Lue tapahtumasta kirjoitettu blogikirjoitus <a href=\"https:\/\/blog.edu.turku.fi\/kielivirta\/?p=742\"><strong>t\u00e4\u00e4ll\u00e4<\/strong><\/a>.<\/p>\n<p><strong>Video Kielikarnevaalista<\/strong><\/p>\n<p><iframe loading=\"lazy\" title=\"Turun kieliluokkien Kielikarnevaali 17.4.2018\" width=\"525\" height=\"295\" src=\"https:\/\/www.youtube.com\/embed\/19OHOBJTPAM?start=1&#038;feature=oembed\" frameborder=\"0\" allow=\"accelerometer; autoplay; clipboard-write; encrypted-media; gyroscope; picture-in-picture; web-share\" referrerpolicy=\"strict-origin-when-cross-origin\" allowfullscreen><\/iframe><\/p>\n<p><span lang=\"FI\">Iso kiitos kaikille tapahtumaan osallistuneille oppilaille, opettajille, toimijoille ja koko suunnittelutiimille!<\/span><\/p>\n<p><strong>Kiitos! Tack! Thank you! Merci! Danke! \u0421\u043f\u0430\u0441\u0438\u0431\u043e!<\/strong><\/p>\n","protected":false},"excerpt":{"rendered":"<p>Kupittaan urheiluhallissa tiistaina 17.04.2018 P\u00e4iv\u00e4n ohjelma: klo 9:00-10:45 Kieltenopiskelijoiden kielipisteet luokille 1-2 (luokka toimii omana ryhm\u00e4n\u00e4) klo 11:15-12:45 Kieliseikkailupeli SEPPO luokille 3-6 klo 13:15-14:45 Kielimessut luokille 7-8 Turun Kielivirran Kielikarnevaalin yhteisty\u00f6kumppanit: AFS Explorius Ensemble Goethe-Institut Hesburger Oy M&amp;M Kuntotalo Ranskan instituutti Reynier Gomez STS UP Global Turun Kielikylpyvanhemmat ry Turun yliopiston kieli- ja k\u00e4\u00e4nn\u00f6stieteiden laitos &hellip; <\/p>\n<p class=\"link-more\"><a href=\"https:\/\/blog.edu.turku.fi\/kielivirta\/?page_id=660\" class=\"more-link\">Jatka lukemista<span class=\"screen-reader-text\"> &#8221;Kielikarnevaali 17.4.2018&#8221;<\/span><\/a><\/p>\n","protected":false},"author":161,"featured_media":0,"parent":344,"menu_order":2,"comment_status":"closed","ping_status":"closed","template":"","meta":{"footnotes":""},"class_list":["post-660","page","type-page","status-publish","hentry"],"_links":{"self":[{"href":"https:\/\/blog.edu.turku.fi\/kielivirta\/index.php?rest_route=\/wp\/v2\/pages\/660","targetHints":{"allow":["GET"]}}],"collection":[{"href":"https:\/\/blog.edu.turku.fi\/kielivirta\/index.php?rest_route=\/wp\/v2\/pages"}],"about":[{"href":"https:\/\/blog.edu.turku.fi\/kielivirta\/index.php?rest_route=\/wp\/v2\/types\/page"}],"author":[{"embeddable":true,"href":"https:\/\/blog.edu.turku.fi\/kielivirta\/index.php?rest_route=\/wp\/v2\/users\/161"}],"replies":[{"embeddable":true,"href":"https:\/\/blog.edu.turku.fi\/kielivirta\/index.php?rest_route=%2Fwp%2Fv2%2Fcomments&post=660"}],"version-history":[{"count":20,"href":"https:\/\/blog.edu.turku.fi\/kielivirta\/index.php?rest_route=\/wp\/v2\/pages\/660\/revisions"}],"predecessor-version":[{"id":832,"href":"https:\/\/blog.edu.turku.fi\/kielivirta\/index.php?rest_route=\/wp\/v2\/pages\/660\/revisions\/832"}],"up":[{"embeddable":true,"href":"https:\/\/blog.edu.turku.fi\/kielivirta\/index.php?rest_route=\/wp\/v2\/pages\/344"}],"wp:attachment":[{"href":"https:\/\/blog.edu.turku.fi\/kielivirta\/index.php?rest_route=%2Fwp%2Fv2%2Fmedia&parent=660"}],"curies":[{"name":"wp","href":"https:\/\/api.w.org\/{rel}","templated":true}]}}