{"id":351,"date":"2017-02-23T13:59:51","date_gmt":"2017-02-23T11:59:51","guid":{"rendered":"https:\/\/blog.edu.turku.fi\/kielivirta\/?page_id=351"},"modified":"2020-09-03T11:38:10","modified_gmt":"2020-09-03T08:38:10","slug":"juttuja-ja-julkaisuja","status":"publish","type":"page","link":"https:\/\/blog.edu.turku.fi\/kielivirta\/?page_id=351","title":{"rendered":"Julkaisuja"},"content":{"rendered":"<ul>\n<li><a href=\"http:\/\/www.oph.fi\/download\/176255_kieli_koulun_ytimessa_nakokulmia_kielikasvatukseen.pdf\" target=\"_blank\" rel=\"noopener noreferrer\">Kieli koulun ytimess\u00e4<\/a> &#8211; n\u00e4k\u00f6kulmia kielikasvatukseen, OPH<\/li>\n<li><a href=\"http:\/\/www.oph.fi\/download\/131857_Kotikansainvalisyydentyokalupakki_15_3_2011.pdf\" target=\"_blank\" rel=\"noopener noreferrer\">Kotikansainv\u00e4lisyyden ty\u00f6kalupakki<\/a> &#8211; konkreettisia ty\u00f6kaluja kotikansainv\u00e4lisyyden toteuttamiseen, Helsingin kaupunki, opetusvirasto<\/li>\n<li><a href=\"https:\/\/issuu.com\/turun_normaalikoulu\/docs\/clil-opas_2013\" target=\"_blank\" rel=\"noopener noreferrer\">CLIL -opas<\/a>, Turun Normaalikoulu<\/li>\n<li><a href=\"http:\/\/www.oph.fi\/download\/152457_kotikansainvalisyys_kansainvalisyystaitoja_kaikille.pdf\">Kotikansainv\u00e4lisyysopas<\/a>, OPH<\/li>\n<li><a href=\"https:\/\/kvglops.wordpress.com\/\" target=\"_blank\" rel=\"noopener noreferrer\">GLOBS<\/a><\/li>\n<li>Helsinki oppii kielill\u00e4, hankkeessa on tuotettu <a href=\"https:\/\/kielet.edu.hel.fi\/wp-content\/uploads\/2020\/02\/Handbook_for-English-enriched-programme.pdf\">k\u00e4sikirja<\/a> opettajien ty\u00f6n tueksi.<\/li>\n<\/ul>\n","protected":false},"excerpt":{"rendered":"<p>Kieli koulun ytimess\u00e4 &#8211; n\u00e4k\u00f6kulmia kielikasvatukseen, OPH Kotikansainv\u00e4lisyyden ty\u00f6kalupakki &#8211; konkreettisia ty\u00f6kaluja kotikansainv\u00e4lisyyden toteuttamiseen, Helsingin kaupunki, opetusvirasto CLIL -opas, Turun Normaalikoulu Kotikansainv\u00e4lisyysopas, OPH GLOBS Helsinki oppii kielill\u00e4, hankkeessa on tuotettu k\u00e4sikirja opettajien ty\u00f6n tueksi.<\/p>\n","protected":false},"author":161,"featured_media":0,"parent":55,"menu_order":2,"comment_status":"closed","ping_status":"closed","template":"","meta":{"footnotes":""},"class_list":["post-351","page","type-page","status-publish","hentry"],"_links":{"self":[{"href":"https:\/\/blog.edu.turku.fi\/kielivirta\/index.php?rest_route=\/wp\/v2\/pages\/351","targetHints":{"allow":["GET"]}}],"collection":[{"href":"https:\/\/blog.edu.turku.fi\/kielivirta\/index.php?rest_route=\/wp\/v2\/pages"}],"about":[{"href":"https:\/\/blog.edu.turku.fi\/kielivirta\/index.php?rest_route=\/wp\/v2\/types\/page"}],"author":[{"embeddable":true,"href":"https:\/\/blog.edu.turku.fi\/kielivirta\/index.php?rest_route=\/wp\/v2\/users\/161"}],"replies":[{"embeddable":true,"href":"https:\/\/blog.edu.turku.fi\/kielivirta\/index.php?rest_route=%2Fwp%2Fv2%2Fcomments&post=351"}],"version-history":[{"count":9,"href":"https:\/\/blog.edu.turku.fi\/kielivirta\/index.php?rest_route=\/wp\/v2\/pages\/351\/revisions"}],"predecessor-version":[{"id":1066,"href":"https:\/\/blog.edu.turku.fi\/kielivirta\/index.php?rest_route=\/wp\/v2\/pages\/351\/revisions\/1066"}],"up":[{"embeddable":true,"href":"https:\/\/blog.edu.turku.fi\/kielivirta\/index.php?rest_route=\/wp\/v2\/pages\/55"}],"wp:attachment":[{"href":"https:\/\/blog.edu.turku.fi\/kielivirta\/index.php?rest_route=%2Fwp%2Fv2%2Fmedia&parent=351"}],"curies":[{"name":"wp","href":"https:\/\/api.w.org\/{rel}","templated":true}]}}