{"id":232,"date":"2016-11-29T23:04:28","date_gmt":"2016-11-29T21:04:28","guid":{"rendered":"https:\/\/blog.edu.turku.fi\/kielivirta\/?page_id=232"},"modified":"2021-04-15T09:17:58","modified_gmt":"2021-04-15T06:17:58","slug":"kielikarnevaali-11-4-2017","status":"publish","type":"page","link":"https:\/\/blog.edu.turku.fi\/kielivirta\/?page_id=232","title":{"rendered":"Kielikarnevaali 11.4.2017"},"content":{"rendered":"<p style=\"text-align: left\"><a href=\"https:\/\/www.timeanddate.com\/countdown\/party?iso=20170411T09&amp;p0=296&amp;msg=Kielikarnevaali&amp;ud=1&amp;font=cursive\" target=\"_blank\" rel=\"noopener noreferrer\"><img loading=\"lazy\" decoding=\"async\" class=\"size-medium wp-image-300 alignright\" src=\"https:\/\/blog.edu.turku.fi\/kielivirta\/files\/2016\/11\/kielikarnevaali_mockup-1-218x300.jpg\" alt=\"\" width=\"218\" height=\"300\" srcset=\"https:\/\/blog.edu.turku.fi\/kielivirta\/files\/2016\/11\/kielikarnevaali_mockup-1-218x300.jpg 218w, https:\/\/blog.edu.turku.fi\/kielivirta\/files\/2016\/11\/kielikarnevaali_mockup-1-744x1024.jpg 744w, https:\/\/blog.edu.turku.fi\/kielivirta\/files\/2016\/11\/kielikarnevaali_mockup-1.jpg 1097w\" sizes=\"auto, (max-width: 218px) 100vw, 218px\" \/><\/a>Turun kielivirta j\u00e4rjesti kaikille Turun kieliluokkien oppilaille yhteisen tapahtumap\u00e4iv\u00e4n 11.4.2017 <strong><a href=\"http:\/\/www.turunmessukeskus.fi\/\">Turun messukeskuksessa<\/a><\/strong>. Tapahtumaan osallistui yhteens\u00e4 1200 perusopetuksen kieliluokkalaista luokilta 1-9.<\/p>\n<p style=\"text-align: left\">Toiminnallisessa kieltenoppimisp\u00e4iv\u00e4ss\u00e4 oppilaat seikkailivat <strong><a href=\"http:\/\/seppo.io\/\">Seppon<\/a><\/strong> johdolla hy\u00f6dynt\u00e4en jo osaamiaan kieli\u00e4 ja oppivat uusia. Tsekkaa p\u00e4iv\u00e4n tunnelmia <a href=\"https:\/\/www.youtube.com\/watch?v=SSqZ6q1osVQ\" target=\"_blank\" rel=\"noopener noreferrer\">t\u00e4\u00e4lt\u00e4<\/a>.<\/p>\n<p style=\"text-align: left\">P\u00e4iv\u00e4n yll\u00e4tysesiintyj\u00e4n\u00e4 ja beatboxauksen maailmaan johdattelijana karnevaaliv\u00e4ke\u00e4 viihdytti<strong> <a href=\"http:\/\/www.felixzenger.com\/\" target=\"_blank\" rel=\"noopener noreferrer\">FELIX ZENGER<\/a>!<\/strong><\/p>\n<p><strong>Kurkkaa Kielikarnevaalin suuren kieliseikkaulun voittajat <\/strong><a href=\"http:\/\/prezi.com\/1-vtsstlvcc8\/?utm_campaign=share&amp;utm_medium=copy\" target=\"_blank\" rel=\"noopener noreferrer\">t\u00e4\u00e4lt\u00e4<\/a><strong>.<\/strong><\/p>\n<p><strong>Lue blogiteksti tapahtuman rakentumisesta ja suunnittelusta<\/strong> <a href=\"https:\/\/blog.edu.turku.fi\/kielivirta\/?p=427\" target=\"_blank\" rel=\"noopener noreferrer\">t\u00e4\u00e4ll\u00e4<\/a>.<\/p>\n<hr \/>\n<h2>KIITOS &#8211; MERCI &#8211; DANKE &#8211; THANK YOU &#8211; TACK &#8211;\u00a0\u0441\u043f\u0430\u0441\u0438\u0431\u043e<\/h2>\n<p>Suurkiitos kaikille p\u00e4iv\u00e4n toteuttamiseen osallistuneille toimijoille ja tahoille! Mukana Kielikarnevaaleissa olivat kieliluokkakoulujen oppilaiden ja opettajien lis\u00e4ksi:<\/p>\n<ul>\n<li><strong><a href=\"http:\/\/www.utu.fi\/fi\/Sivut\/home.aspx\" target=\"_blank\" rel=\"noopener noreferrer\">Turun yliopiston<\/a>\u00a0<a href=\"http:\/\/www.utu.fi\/fi\/yksikot\/hum\/yksikot\/kkl\/Sivut\/home.aspx\" target=\"_blank\" rel=\"noopener noreferrer\">kieli- ja k\u00e4\u00e4nn\u00f6stieteiden laitoksen<\/a> <\/strong>opiskelijat\u00a0ja<strong> <a href=\"https:\/\/www.utu.fi\/fi\/yksikot\/hum\/yksikot\/fonetiikka\/Sivut\/home.aspx\" target=\"_blank\" rel=\"noopener noreferrer\">fonetiikka<\/a><\/strong><\/li>\n<li><strong><a href=\"https:\/\/www.goethe.de\/ins\/fi\/fi\/index.html\" target=\"_blank\" rel=\"noopener noreferrer\">Goethe Instituutti<\/a><\/strong><\/li>\n<li><strong><a href=\"http:\/\/svenskanu.fi\/hoppa-rep\/\" target=\"_blank\" rel=\"noopener noreferrer\">Finland Svenska Idrott Hoppa Rep<\/a><\/strong><\/li>\n<li><strong><a href=\"http:\/\/www.france.fi\" target=\"_blank\" rel=\"noopener noreferrer\">Ranskan Instituutti<\/a><\/strong><\/li>\n<li><strong><a href=\"http:\/\/www.ef.fi\/\" target=\"_blank\" rel=\"noopener noreferrer\">EF-kielimatkat<\/a><\/strong><\/li>\n<li><a href=\"https:\/\/svenskanu.fi\/\"><strong>Svenska nu<\/strong><\/a><\/li>\n<li><strong><a href=\"https:\/\/blog.edu.turku.fi\/etapit100\/etapit\/\" target=\"_blank\" rel=\"noopener noreferrer\">eTapit<\/a><\/strong><\/li>\n<li><strong><a href=\"http:\/\/www.zodiak.fi\/talk\" target=\"_blank\" rel=\"noopener noreferrer\">TALK (Zodiak)<\/a><\/strong><\/li>\n<li><strong><a href=\"http:\/\/www.superpark.fi\/\" target=\"_blank\" rel=\"noopener noreferrer\">Superpark<\/a><\/strong><\/li>\n<li><strong><a href=\"http:\/\/auraofpuppets.com\/\" target=\"_blank\" rel=\"noopener noreferrer\">Aura Of Puppets<\/a><\/strong><\/li>\n<li><strong><a href=\"http:\/\/www.turunkielikylpy.fi\/\" target=\"_blank\" rel=\"noopener noreferrer\">Turun Kielikylpyvanhemmat ry<\/a><\/strong><\/li>\n<li><strong><a href=\"http:\/\/wa-koulu.blogspot.fi\/p\/waiskin-vanhemmat-koulumme.html\" target=\"_blank\" rel=\"noopener noreferrer\">W\u00e4iskin vanhemmat ry<\/a><\/strong><\/li>\n<li><strong><a href=\"https:\/\/suvekaturku.wordpress.com\/2013\/02\/26\/tervetuloa-puolalan-koulun-venajan-kieliluokkien-kannatusyhdityksen-sivuille\/\" target=\"_blank\" rel=\"noopener noreferrer\">Ven\u00e4j\u00e4n kieliluokkien kannatusyhdistys<\/a><\/strong><\/li>\n<li><strong><a href=\"https:\/\/ensembleturku.wordpress.com\/\" target=\"_blank\" rel=\"noopener noreferrer\">Ensemble ranskan kieliluokkien vanhempainyhdistys<\/a><\/strong><\/li>\n<\/ul>\n<hr \/>\n<h2 style=\"text-align: left\">Kielikarnevaalit muualla mediassa:<\/h2>\n<ul>\n<li style=\"text-align: left\"><a href=\"http:\/\/www.aamuset.fi\/naista-puhutaan\/koulutkurssit\/turun-kieliluokkien-kielikarnevaali-tapahtuma-artukaisissa\" target=\"_blank\" rel=\"noopener noreferrer\">Turun kieliluokkien kielikarnevaalitapahtuma Artukaisissa<\/a><\/li>\n<li style=\"text-align: left\"><a href=\"https:\/\/www.turku.fi\/uutinen\/2017-04-11_kielikarnevaali-sai-kieliluokkalaiset-pelaamaan-yhdessa\" target=\"_blank\" rel=\"noopener noreferrer\">Kielikarnevaali sai kieliluokkalaiset pelaamaan yhdess\u00e4<\/a><\/li>\n<li style=\"text-align: left\"><a href=\"https:\/\/www.youtube.com\/watch?v=SSqZ6q1osVQ\" target=\"_blank\" rel=\"noopener noreferrer\">Kielikarnevaali 2017: Seppoilua Turussa<\/a><\/li>\n<\/ul>\n","protected":false},"excerpt":{"rendered":"<p>Turun kielivirta j\u00e4rjesti kaikille Turun kieliluokkien oppilaille yhteisen tapahtumap\u00e4iv\u00e4n 11.4.2017 Turun messukeskuksessa. Tapahtumaan osallistui yhteens\u00e4 1200 perusopetuksen kieliluokkalaista luokilta 1-9. Toiminnallisessa kieltenoppimisp\u00e4iv\u00e4ss\u00e4 oppilaat seikkailivat Seppon johdolla hy\u00f6dynt\u00e4en jo osaamiaan kieli\u00e4 ja oppivat uusia. Tsekkaa p\u00e4iv\u00e4n tunnelmia t\u00e4\u00e4lt\u00e4. P\u00e4iv\u00e4n yll\u00e4tysesiintyj\u00e4n\u00e4 ja beatboxauksen maailmaan johdattelijana karnevaaliv\u00e4ke\u00e4 viihdytti FELIX ZENGER! Kurkkaa Kielikarnevaalin suuren kieliseikkaulun voittajat t\u00e4\u00e4lt\u00e4. Lue blogiteksti &hellip; <\/p>\n<p class=\"link-more\"><a href=\"https:\/\/blog.edu.turku.fi\/kielivirta\/?page_id=232\" class=\"more-link\">Jatka lukemista<span class=\"screen-reader-text\"> &#8221;Kielikarnevaali 11.4.2017&#8221;<\/span><\/a><\/p>\n","protected":false},"author":161,"featured_media":0,"parent":344,"menu_order":1,"comment_status":"closed","ping_status":"closed","template":"","meta":{"footnotes":""},"class_list":["post-232","page","type-page","status-publish","hentry"],"_links":{"self":[{"href":"https:\/\/blog.edu.turku.fi\/kielivirta\/index.php?rest_route=\/wp\/v2\/pages\/232","targetHints":{"allow":["GET"]}}],"collection":[{"href":"https:\/\/blog.edu.turku.fi\/kielivirta\/index.php?rest_route=\/wp\/v2\/pages"}],"about":[{"href":"https:\/\/blog.edu.turku.fi\/kielivirta\/index.php?rest_route=\/wp\/v2\/types\/page"}],"author":[{"embeddable":true,"href":"https:\/\/blog.edu.turku.fi\/kielivirta\/index.php?rest_route=\/wp\/v2\/users\/161"}],"replies":[{"embeddable":true,"href":"https:\/\/blog.edu.turku.fi\/kielivirta\/index.php?rest_route=%2Fwp%2Fv2%2Fcomments&post=232"}],"version-history":[{"count":26,"href":"https:\/\/blog.edu.turku.fi\/kielivirta\/index.php?rest_route=\/wp\/v2\/pages\/232\/revisions"}],"predecessor-version":[{"id":1111,"href":"https:\/\/blog.edu.turku.fi\/kielivirta\/index.php?rest_route=\/wp\/v2\/pages\/232\/revisions\/1111"}],"up":[{"embeddable":true,"href":"https:\/\/blog.edu.turku.fi\/kielivirta\/index.php?rest_route=\/wp\/v2\/pages\/344"}],"wp:attachment":[{"href":"https:\/\/blog.edu.turku.fi\/kielivirta\/index.php?rest_route=%2Fwp%2Fv2%2Fmedia&parent=232"}],"curies":[{"name":"wp","href":"https:\/\/api.w.org\/{rel}","templated":true}]}}