{"id":1033,"date":"2020-01-16T13:24:39","date_gmt":"2020-01-16T11:24:39","guid":{"rendered":"https:\/\/blog.edu.turku.fi\/kielivirta\/?page_id=1033"},"modified":"2020-02-27T10:51:45","modified_gmt":"2020-02-27T08:51:45","slug":"kielikarnevaali-6-2-2020","status":"publish","type":"page","link":"https:\/\/blog.edu.turku.fi\/kielivirta\/?page_id=1033","title":{"rendered":"Kielikarnevaali 6.2.2020"},"content":{"rendered":"<p>Kev\u00e4\u00e4n 2020 Kielikarnevaali oli suunnattu kieliluokkakoulujen kaikille <img loading=\"lazy\" decoding=\"async\" class=\"size-medium wp-image-1050 alignright\" src=\"https:\/\/blog.edu.turku.fi\/kielivirta\/files\/2020\/02\/juliste-230x300.jpg\" alt=\"\" width=\"230\" height=\"300\" srcset=\"https:\/\/blog.edu.turku.fi\/kielivirta\/files\/2020\/02\/juliste-230x300.jpg 230w, https:\/\/blog.edu.turku.fi\/kielivirta\/files\/2020\/02\/juliste-154x200.jpg 154w, https:\/\/blog.edu.turku.fi\/kielivirta\/files\/2020\/02\/juliste-786x1024.jpg 786w, https:\/\/blog.edu.turku.fi\/kielivirta\/files\/2020\/02\/juliste.jpg 1572w\" sizes=\"auto, (max-width: 230px) 100vw, 230px\" \/>kolmannen luokan oppilaille. Mukana oli yli 400 innokasta oppilasta tutustumassa kieliin.<\/p>\n<p>Kielipisteit\u00e4 pitiv\u00e4t Turun Yliopiston kielenopiskelijat. Kielipisteit\u00e4 pitiv\u00e4t my\u00f6s Suomi-Ven\u00e4j\u00e4-istituutti, Svenska.nu; CISV, Eagles Rugby Football Club, Tjolah\u00e5pp sek\u00e4 saamen kielen ja kulttuurin edustaja.<\/p>\n<p>Videokoosteen voit katsoa <a href=\"https:\/\/youtu.be\/0L2D-QdWID0\">t\u00e4st\u00e4<\/a>. Koosteen on tehnyt Topeliuksen koulun oppilas.\u00a0 <img loading=\"lazy\" decoding=\"async\" class=\"alignnone size-medium wp-image-1052\" src=\"https:\/\/blog.edu.turku.fi\/kielivirta\/files\/2020\/02\/yleis-300x225.jpg\" alt=\"\" width=\"300\" height=\"225\" srcset=\"https:\/\/blog.edu.turku.fi\/kielivirta\/files\/2020\/02\/yleis-300x225.jpg 300w, https:\/\/blog.edu.turku.fi\/kielivirta\/files\/2020\/02\/yleis-200x150.jpg 200w, https:\/\/blog.edu.turku.fi\/kielivirta\/files\/2020\/02\/yleis-1024x768.jpg 1024w, https:\/\/blog.edu.turku.fi\/kielivirta\/files\/2020\/02\/yleis.jpg 2048w\" sizes=\"auto, (max-width: 300px) 100vw, 300px\" \/> <img loading=\"lazy\" decoding=\"async\" class=\"alignnone size-medium wp-image-1051\" src=\"https:\/\/blog.edu.turku.fi\/kielivirta\/files\/2020\/02\/saame-225x300.jpg\" alt=\"\" width=\"225\" height=\"300\" srcset=\"https:\/\/blog.edu.turku.fi\/kielivirta\/files\/2020\/02\/saame-225x300.jpg 225w, https:\/\/blog.edu.turku.fi\/kielivirta\/files\/2020\/02\/saame-150x200.jpg 150w, https:\/\/blog.edu.turku.fi\/kielivirta\/files\/2020\/02\/saame-768x1024.jpg 768w, https:\/\/blog.edu.turku.fi\/kielivirta\/files\/2020\/02\/saame.jpg 1536w\" sizes=\"auto, (max-width: 225px) 100vw, 225px\" \/><\/p>\n","protected":false},"excerpt":{"rendered":"<p>Kev\u00e4\u00e4n 2020 Kielikarnevaali oli suunnattu kieliluokkakoulujen kaikille kolmannen luokan oppilaille. Mukana oli yli 400 innokasta oppilasta tutustumassa kieliin. Kielipisteit\u00e4 pitiv\u00e4t Turun Yliopiston kielenopiskelijat. Kielipisteit\u00e4 pitiv\u00e4t my\u00f6s Suomi-Ven\u00e4j\u00e4-istituutti, Svenska.nu; CISV, Eagles Rugby Football Club, Tjolah\u00e5pp sek\u00e4 saamen kielen ja kulttuurin edustaja. Videokoosteen voit katsoa t\u00e4st\u00e4. Koosteen on tehnyt Topeliuksen koulun oppilas.\u00a0<\/p>\n","protected":false},"author":103,"featured_media":0,"parent":0,"menu_order":0,"comment_status":"closed","ping_status":"closed","template":"","meta":{"footnotes":""},"class_list":["post-1033","page","type-page","status-publish","hentry"],"_links":{"self":[{"href":"https:\/\/blog.edu.turku.fi\/kielivirta\/index.php?rest_route=\/wp\/v2\/pages\/1033","targetHints":{"allow":["GET"]}}],"collection":[{"href":"https:\/\/blog.edu.turku.fi\/kielivirta\/index.php?rest_route=\/wp\/v2\/pages"}],"about":[{"href":"https:\/\/blog.edu.turku.fi\/kielivirta\/index.php?rest_route=\/wp\/v2\/types\/page"}],"author":[{"embeddable":true,"href":"https:\/\/blog.edu.turku.fi\/kielivirta\/index.php?rest_route=\/wp\/v2\/users\/103"}],"replies":[{"embeddable":true,"href":"https:\/\/blog.edu.turku.fi\/kielivirta\/index.php?rest_route=%2Fwp%2Fv2%2Fcomments&post=1033"}],"version-history":[{"count":4,"href":"https:\/\/blog.edu.turku.fi\/kielivirta\/index.php?rest_route=\/wp\/v2\/pages\/1033\/revisions"}],"predecessor-version":[{"id":1056,"href":"https:\/\/blog.edu.turku.fi\/kielivirta\/index.php?rest_route=\/wp\/v2\/pages\/1033\/revisions\/1056"}],"wp:attachment":[{"href":"https:\/\/blog.edu.turku.fi\/kielivirta\/index.php?rest_route=%2Fwp%2Fv2%2Fmedia&parent=1033"}],"curies":[{"name":"wp","href":"https:\/\/api.w.org\/{rel}","templated":true}]}}