{"id":418,"date":"2017-05-11T12:14:47","date_gmt":"2017-05-11T09:14:47","guid":{"rendered":"https:\/\/blog.edu.turku.fi\/kieliluokat\/?page_id=418"},"modified":"2017-05-11T12:14:47","modified_gmt":"2017-05-11T09:14:47","slug":"geschichte-der-sprachklassen","status":"publish","type":"page","link":"https:\/\/blog.edu.turku.fi\/kieliluokat\/de\/was\/geschichte-der-sprachklassen\/","title":{"rendered":"Geschichte der Sprachklassen"},"content":{"rendered":"<h3>Turku ist ein Pionier im Sprachklassenunterricht<\/h3>\n<ul>\n<li>Turku hat eine lange Tradition im fremdsprachigen Unterricht<\/li>\n<li>Unterricht auf Englisch hat in Turku bereits 1990 begonnen<\/li>\n<li>Auf Franz\u00f6sisch 1993, auf Deutsch 1994 und auf Russisch 1994<\/li>\n<li>Schwedisches Sprachbad 1992<\/li>\n<li>Die Funktion der Sprachklassen ist umfangreich und wird zentral verwaltet<\/li>\n<li>In der Stadt Turku fungieren mehrere zweisprachige Kinderg\u00e4rten<\/li>\n<\/ul>\n<h4>Geschichte der Sprachklassen<\/h4>\n<p>Der fremdsprachige Unterricht begann an den Schulen Turkus bereits im Jahr 1990. Diese Aktivit\u00e4t wurde durch den Direktor Hannu Isolauri und Abteilungsleiter Tapio Alapaattikoski ins Leben gerufen und wurde offiziell als zweij\u00e4hriger Versuch der damaligen Schulregierung durchgef\u00fchrt.<\/p>\n<p>Das Ziel des Projektes war es, eine andere Sprache als die Muttersprache im Unterricht anzuwenden. Damals wurde die erste englische Sprachklasse an der Puolala Schule gegr\u00fcndet.<\/p>\n<p>Aufgrund guter Erfahrungen und neuer Schulgesetzregelung konnte die Aktivit\u00e4t der Sprachklassen fortgesetzt werden. Die ersten franz\u00f6sischen Sprachklassen wurden 1993 an der V\u00e4h\u00e4-Heikkil\u00e4 Schule eingef\u00fchrt und das schwedische Sprachbad an der Kerttuli Schule im Jahr 1992. 1994 begannen deutsche Sprachklassen an der Puolala Schule und russische Sprachklassen an der Ter\u00e4srautela Schule. Sp\u00e4ter wurde die russische Sprachklasse wegen besserer Verkehrsverbindungen an die Puolala Schule verlegt.<\/p>\n<p>Turku hat eine lange Tradition und einschl\u00e4gige Erfahrung im fremdsprachigen Unterricht an Grundschulen. Die Lehrer bilden sich aktiv weiter und die Sprachklassen nehmen vielf\u00e4ltig an internationalen und nationalen Projekten teil.<\/p>\n","protected":false},"excerpt":{"rendered":"<p>Turku ist ein Pionier im Sprachklassenunterricht Turku hat eine lange Tradition im fremdsprachigen Unterricht Unterricht auf Englisch hat in Turku bereits 1990 begonnen Auf Franz\u00f6sisch 1993, auf Deutsch 1994 und auf Russisch 1994 Schwedisches Sprachbad 1992 Die Funktion der Sprachklassen<\/p>\n","protected":false},"author":56,"featured_media":0,"parent":387,"menu_order":0,"comment_status":"closed","ping_status":"closed","template":"","meta":{"footnotes":""},"class_list":["post-418","page","type-page","status-publish","hentry"],"_links":{"self":[{"href":"https:\/\/blog.edu.turku.fi\/kieliluokat\/wp-json\/wp\/v2\/pages\/418","targetHints":{"allow":["GET"]}}],"collection":[{"href":"https:\/\/blog.edu.turku.fi\/kieliluokat\/wp-json\/wp\/v2\/pages"}],"about":[{"href":"https:\/\/blog.edu.turku.fi\/kieliluokat\/wp-json\/wp\/v2\/types\/page"}],"author":[{"embeddable":true,"href":"https:\/\/blog.edu.turku.fi\/kieliluokat\/wp-json\/wp\/v2\/users\/56"}],"replies":[{"embeddable":true,"href":"https:\/\/blog.edu.turku.fi\/kieliluokat\/wp-json\/wp\/v2\/comments?post=418"}],"version-history":[{"count":1,"href":"https:\/\/blog.edu.turku.fi\/kieliluokat\/wp-json\/wp\/v2\/pages\/418\/revisions"}],"predecessor-version":[{"id":419,"href":"https:\/\/blog.edu.turku.fi\/kieliluokat\/wp-json\/wp\/v2\/pages\/418\/revisions\/419"}],"up":[{"embeddable":true,"href":"https:\/\/blog.edu.turku.fi\/kieliluokat\/wp-json\/wp\/v2\/pages\/387"}],"wp:attachment":[{"href":"https:\/\/blog.edu.turku.fi\/kieliluokat\/wp-json\/wp\/v2\/media?parent=418"}],"curies":[{"name":"wp","href":"https:\/\/api.w.org\/{rel}","templated":true}]}}