{"id":400,"date":"2017-05-11T11:58:50","date_gmt":"2017-05-11T08:58:50","guid":{"rendered":"https:\/\/blog.edu.turku.fi\/kieliluokat\/?page_id=400"},"modified":"2021-04-12T09:20:36","modified_gmt":"2021-04-12T06:20:36","slug":"schulen","status":"publish","type":"page","link":"https:\/\/blog.edu.turku.fi\/kieliluokat\/de\/wo\/schulen\/","title":{"rendered":"Schulen"},"content":{"rendered":"<h3>Sprachschulen in Turku<\/h3>\n<h4>Deutsch<\/h4>\n<p><a href=\"https:\/\/blog.edu.turku.fi\/kieliluokat\/de\/wo\/schulen\/puolala-schule\/\">Puolala Schule<\/a>\u00a0(Klassen 1-9)<\/p>\n<h4>Englisch<\/h4>\n<p>Puolala Schule (Klassen 1-9)<br \/>\nSyv\u00e4lahti Schule (Klassen 7-9)<br \/>\nTurun normaalikoulu (Klassen 1-9)<br \/>\nW\u00e4in\u00f6 Aaltonen Schule (Klassen 1-6)<\/p>\n<h4>Schwedisch<\/h4>\n<p>Luostarivuori Schule (Klassen 1-9)<\/p>\n<h4>Franz\u00f6sisch<\/h4>\n<p>Topelius Schule (Klassen 7-9)<br \/>\nV\u00e4h\u00e4-Heikkil\u00e4 Schule (Klassen 1-6)<\/p>\n<h4>Russisch<\/h4>\n<p>Puolala Schule (Klassen 1-9)<\/p>\n<hr \/>\n<h3>Sprachschulen in Naantali und Raisio<\/h3>\n<h4>Englisch<\/h4>\n<p>Kuparivuori Schule (Klassen 1-6) Naantali<br \/>\nMaijam\u00e4ki Schule (Klassen 7-9) Naantali<br \/>\nIhala Schule (Klassen 1-6) Raisio<br \/>\nVaisaari Schule (Klassen 7-9) Raisio<\/p>\n","protected":false},"excerpt":{"rendered":"<p>Sprachschulen in Turku Deutsch Puolala Schule\u00a0(Klassen 1-9) Englisch Puolala Schule (Klassen 1-9) Syv\u00e4lahti Schule (Klassen 7-9) Turun normaalikoulu (Klassen 1-9) W\u00e4in\u00f6 Aaltonen Schule (Klassen 1-6) Schwedisch Luostarivuori Schule (Klassen 1-9) Franz\u00f6sisch Topelius Schule (Klassen 7-9) V\u00e4h\u00e4-Heikkil\u00e4 Schule (Klassen 1-6) Russisch<\/p>\n","protected":false},"author":56,"featured_media":0,"parent":389,"menu_order":0,"comment_status":"closed","ping_status":"closed","template":"","meta":{"footnotes":""},"class_list":["post-400","page","type-page","status-publish","hentry"],"_links":{"self":[{"href":"https:\/\/blog.edu.turku.fi\/kieliluokat\/wp-json\/wp\/v2\/pages\/400","targetHints":{"allow":["GET"]}}],"collection":[{"href":"https:\/\/blog.edu.turku.fi\/kieliluokat\/wp-json\/wp\/v2\/pages"}],"about":[{"href":"https:\/\/blog.edu.turku.fi\/kieliluokat\/wp-json\/wp\/v2\/types\/page"}],"author":[{"embeddable":true,"href":"https:\/\/blog.edu.turku.fi\/kieliluokat\/wp-json\/wp\/v2\/users\/56"}],"replies":[{"embeddable":true,"href":"https:\/\/blog.edu.turku.fi\/kieliluokat\/wp-json\/wp\/v2\/comments?post=400"}],"version-history":[{"count":9,"href":"https:\/\/blog.edu.turku.fi\/kieliluokat\/wp-json\/wp\/v2\/pages\/400\/revisions"}],"predecessor-version":[{"id":596,"href":"https:\/\/blog.edu.turku.fi\/kieliluokat\/wp-json\/wp\/v2\/pages\/400\/revisions\/596"}],"up":[{"embeddable":true,"href":"https:\/\/blog.edu.turku.fi\/kieliluokat\/wp-json\/wp\/v2\/pages\/389"}],"wp:attachment":[{"href":"https:\/\/blog.edu.turku.fi\/kieliluokat\/wp-json\/wp\/v2\/media?parent=400"}],"curies":[{"name":"wp","href":"https:\/\/api.w.org\/{rel}","templated":true}]}}