{"id":36,"date":"2017-03-30T15:32:29","date_gmt":"2017-03-30T12:32:29","guid":{"rendered":"https:\/\/blog.edu.turku.fi\/kieliluokat\/?page_id=36"},"modified":"2017-05-24T13:47:32","modified_gmt":"2017-05-24T10:47:32","slug":"clil-menetelma","status":"publish","type":"page","link":"https:\/\/blog.edu.turku.fi\/kieliluokat\/fi\/mita\/menetelmat-ja-kasitteet\/clil-menetelma\/","title":{"rendered":"CLIL-menetelm\u00e4"},"content":{"rendered":"<h3>Content and Language Integrated Learning<\/h3>\n<p>CLIL tulee sanoista Content and Language Integrated Learning, mik\u00e4 tarkoittaa kielenopetusmenetelm\u00e4\u00e4, jossa oppiaineiden asiasis\u00e4lt\u00f6j\u00e4 opiskellaan vieraalla kielell\u00e4. T\u00e4ss\u00e4 menetelm\u00e4ss\u00e4 oppilaiden \u00e4idinkielell\u00e4 ja vieraalla kielell\u00e4 annettu opetus muodostavat kokonaisuuden.<\/p>\n<p>Opetus tapahtuu kaksikielisesti siten, ett\u00e4 oppimistilanteissa k\u00e4ytet\u00e4\u00e4n tarkoitukseen ja tilanteeseen soveltuvaa kielt\u00e4.<\/p>\n<p>CLIL &#8211; menetelm\u00e4ss\u00e4 oppisis\u00e4lt\u00f6j\u00e4 voidaan opettaa vieraalla kielell\u00e4 kaikissa muissa oppiaineissa paitsi \u00e4idinkieless\u00e4. Kieli ei siis ole varsinaisesti oppimisen kohde vaan v\u00e4line opiskelussa. Formaali kielenopetus tapahtuu kielen tunneilla.<\/p>\n","protected":false},"excerpt":{"rendered":"<p>Content and Language Integrated Learning CLIL tulee sanoista Content and Language Integrated Learning, mik\u00e4 tarkoittaa kielenopetusmenetelm\u00e4\u00e4, jossa oppiaineiden asiasis\u00e4lt\u00f6j\u00e4 opiskellaan vieraalla kielell\u00e4. T\u00e4ss\u00e4 menetelm\u00e4ss\u00e4 oppilaiden \u00e4idinkielell\u00e4 ja vieraalla kielell\u00e4 annettu opetus muodostavat kokonaisuuden. Opetus tapahtuu kaksikielisesti siten, ett\u00e4 oppimistilanteissa k\u00e4ytet\u00e4\u00e4n<\/p>\n","protected":false},"author":56,"featured_media":0,"parent":40,"menu_order":0,"comment_status":"closed","ping_status":"closed","template":"","meta":{"footnotes":""},"class_list":["post-36","page","type-page","status-publish","hentry"],"_links":{"self":[{"href":"https:\/\/blog.edu.turku.fi\/kieliluokat\/wp-json\/wp\/v2\/pages\/36","targetHints":{"allow":["GET"]}}],"collection":[{"href":"https:\/\/blog.edu.turku.fi\/kieliluokat\/wp-json\/wp\/v2\/pages"}],"about":[{"href":"https:\/\/blog.edu.turku.fi\/kieliluokat\/wp-json\/wp\/v2\/types\/page"}],"author":[{"embeddable":true,"href":"https:\/\/blog.edu.turku.fi\/kieliluokat\/wp-json\/wp\/v2\/users\/56"}],"replies":[{"embeddable":true,"href":"https:\/\/blog.edu.turku.fi\/kieliluokat\/wp-json\/wp\/v2\/comments?post=36"}],"version-history":[{"count":2,"href":"https:\/\/blog.edu.turku.fi\/kieliluokat\/wp-json\/wp\/v2\/pages\/36\/revisions"}],"predecessor-version":[{"id":510,"href":"https:\/\/blog.edu.turku.fi\/kieliluokat\/wp-json\/wp\/v2\/pages\/36\/revisions\/510"}],"up":[{"embeddable":true,"href":"https:\/\/blog.edu.turku.fi\/kieliluokat\/wp-json\/wp\/v2\/pages\/40"}],"wp:attachment":[{"href":"https:\/\/blog.edu.turku.fi\/kieliluokat\/wp-json\/wp\/v2\/media?parent=36"}],"curies":[{"name":"wp","href":"https:\/\/api.w.org\/{rel}","templated":true}]}}