{"id":320,"date":"2017-05-11T10:45:28","date_gmt":"2017-05-11T07:45:28","guid":{"rendered":"https:\/\/blog.edu.turku.fi\/kieliluokat\/?page_id=320"},"modified":"2017-05-11T10:45:28","modified_gmt":"2017-05-11T07:45:28","slug":"sprakklassverksamhetens-historia","status":"publish","type":"page","link":"https:\/\/blog.edu.turku.fi\/kieliluokat\/sv\/vad\/sprakklassverksamhetens-historia\/","title":{"rendered":"Spr\u00e5kklassverksamhetens historia"},"content":{"rendered":"<h3>\u00c5bo \u00e4r f\u00f6reg\u00e5ngare i spr\u00e5klassundervisningen<\/h3>\n<ul>\n<li>\u00c5bo har l\u00e5nga traditioner vad g\u00e4ller undervisningen p\u00e5 andra spr\u00e5k<\/li>\n<li>undervisningen p\u00e5 engelska har b\u00f6rjat redan 1990 i \u00c5bo<\/li>\n<li>franska 1993, tyska 1994 och ryska 1994<\/li>\n<li>svenska spr\u00e5kbadet 1992<\/li>\n<li>spr\u00e5kklassverksamheten \u00e4r omfattande och centralstyrt<\/li>\n<li>flera tv\u00e5spr\u00e5kiga daghem verkar i staden<\/li>\n<\/ul>\n<h4>Spr\u00e5kklassverksamhetens historia<\/h4>\n<p>\u00c5bo stads skolv\u00e4sen p\u00e5b\u00f6rjade undervisningen p\u00e5 fr\u00e4mmande spr\u00e5k redan \u00e5r 1990. Verksamheten startade p\u00e5 rektor Hannu Isolauris och avdelningschef Tapio Alapaattikoskis initiativ.<\/p>\n<p>Till b\u00f6rjan r\u00f6rde det sig om ett tv\u00e5\u00e5rigt f\u00f6rs\u00f6k, sanktionerat av den d\u00e5varande Skolstyrelsen. Syftet med f\u00f6rs\u00f6ket var att f\u00f6rs\u00f6ka sig p\u00e5 ett annat undervisningsspr\u00e5k \u00e4n elevens modersm\u00e5l. H\u00e4rmed startades den f\u00f6rsta engelska klassen i Puolalan koulu.<\/p>\n<p>Med st\u00f6d av goda erfarenheter och en ny skollagstiftning fick spr\u00e5kklassverksamheten snart efterf\u00f6ljare. Svenska spr\u00e5kbadet b\u00f6rjade p\u00e5 ettan i Kerttuli 1992 (i dagis redan i slutet av 80-talet). De franska spr\u00e5kklasserna b\u00f6rjade i V\u00e4h\u00e4-Heikkil\u00e4 skola 1993. \u00c5r 1994 b\u00f6rjade de tyska spr\u00e5kklasserna i Puolala skola och de ryska spr\u00e5kklasserna i Ter\u00e4srautela skola. Dessa flyttade senare \u00f6ver till Puolala skola eftersom trafikf\u00f6rbindelserna dit var b\u00e4ttre.<\/p>\n<p>\u00c5bo har l\u00e5nga traditioner och ett gediget kunnande som erbjudare av undervisning p\u00e5 olika spr\u00e5k i den grundl\u00e4ggande utbildningen. L\u00e4rarna har vidareutbildat sig flitigt och spr\u00e5kklasserna deltar m\u00e5ngsidigt i internationella och nationella samarbetsprojekt.<\/p>\n","protected":false},"excerpt":{"rendered":"<p>\u00c5bo \u00e4r f\u00f6reg\u00e5ngare i spr\u00e5klassundervisningen \u00c5bo har l\u00e5nga traditioner vad g\u00e4ller undervisningen p\u00e5 andra spr\u00e5k undervisningen p\u00e5 engelska har b\u00f6rjat redan 1990 i \u00c5bo franska 1993, tyska 1994 och ryska 1994 svenska spr\u00e5kbadet 1992 spr\u00e5kklassverksamheten \u00e4r omfattande och centralstyrt flera<\/p>\n","protected":false},"author":56,"featured_media":0,"parent":312,"menu_order":0,"comment_status":"closed","ping_status":"closed","template":"","meta":{"footnotes":""},"class_list":["post-320","page","type-page","status-publish","hentry"],"_links":{"self":[{"href":"https:\/\/blog.edu.turku.fi\/kieliluokat\/wp-json\/wp\/v2\/pages\/320","targetHints":{"allow":["GET"]}}],"collection":[{"href":"https:\/\/blog.edu.turku.fi\/kieliluokat\/wp-json\/wp\/v2\/pages"}],"about":[{"href":"https:\/\/blog.edu.turku.fi\/kieliluokat\/wp-json\/wp\/v2\/types\/page"}],"author":[{"embeddable":true,"href":"https:\/\/blog.edu.turku.fi\/kieliluokat\/wp-json\/wp\/v2\/users\/56"}],"replies":[{"embeddable":true,"href":"https:\/\/blog.edu.turku.fi\/kieliluokat\/wp-json\/wp\/v2\/comments?post=320"}],"version-history":[{"count":1,"href":"https:\/\/blog.edu.turku.fi\/kieliluokat\/wp-json\/wp\/v2\/pages\/320\/revisions"}],"predecessor-version":[{"id":321,"href":"https:\/\/blog.edu.turku.fi\/kieliluokat\/wp-json\/wp\/v2\/pages\/320\/revisions\/321"}],"up":[{"embeddable":true,"href":"https:\/\/blog.edu.turku.fi\/kieliluokat\/wp-json\/wp\/v2\/pages\/312"}],"wp:attachment":[{"href":"https:\/\/blog.edu.turku.fi\/kieliluokat\/wp-json\/wp\/v2\/media?parent=320"}],"curies":[{"name":"wp","href":"https:\/\/api.w.org\/{rel}","templated":true}]}}