{"id":310,"date":"2017-05-11T10:40:47","date_gmt":"2017-05-11T07:40:47","guid":{"rendered":"https:\/\/blog.edu.turku.fi\/kieliluokat\/?page_id=310"},"modified":"2023-08-02T08:56:13","modified_gmt":"2023-08-02T05:56:13","slug":"luostarivuori-skola","status":"publish","type":"page","link":"https:\/\/blog.edu.turku.fi\/kieliluokat\/sv\/var\/skolor\/luostarivuori-skola\/","title":{"rendered":"Luostarivuori skola"},"content":{"rendered":"<h2>Luostarivuori skola svenska spr\u00e5kbadsklasserna 1-9<\/h2>\n<p>Spr\u00e5kbadsstigen p\u00e5b\u00f6rjas i Klockringaregatans dagv\u00e5rdsenhet d\u00e4r de svenska spr\u00e5kbadsgrupperna verkar. Spr\u00e5kbadsklasserna 1-6 \u00e4r placerade i Luostarivuori skola, Martins enhet och klasserna 7-9 \u00e4r placerade i Luostarivuori enhet. Undervisningen f\u00f6ljer den s.k. tidiga och fullst\u00e4ndiga spr\u00e5kbadsmetoden. Under de tv\u00e5 f\u00f6rsta skol\u00e5ren sker undervisningen i huvudsak p\u00e5 svenska. Fr\u00e5n och med \u00e5rskurs tre \u00f6kar finskans andel stegvis s\u00e5 att undervisningen p\u00e5 \u00e5rskurserna 5-9 sker p\u00e5 svenska till minst 50%, dvs som ett medeltal under de fem \u00e5ren.<\/p>\n<p>Spr\u00e5kbadsmetodens s\u00e4rdrag \u00e4r att en l\u00e4rare talar ett spr\u00e5k. Detta inneb\u00e4r i praktiken att undervisningen p\u00e5 elevens modersm\u00e5l ges av andra l\u00e4rare \u00e4n de l\u00e4rare som \u00e4r profilerade som spr\u00e5kbadsl\u00e4rare. M\u00e5let med spr\u00e5kbadet \u00e4r en funktionell tv\u00e5spr\u00e5kighet.<\/p>\n<h4>Kontaktuppgifter<\/h4>\n<p>Klostergatan 13,\u00a020700 \u00c5bo<br \/>\n<a href=\"http:\/\/opaskartta.turku.fi\/Web\/Default.aspx?layers=Opaskartta&amp;cp=104503,70107&amp;z=2&amp;title=Luostarivuoren%20koulu%2C%20Luostarinkatu%2013%2C%20Turku&amp;language=fin\">Kolla l\u00e4get p\u00e5 kartan<\/a><\/p>\n<p>Rektor Henri Littunen<br \/>\ntel +358 40 186 1144<br \/>\nhenri.littunen@edu.turku.fi<\/p>\n<p><a href=\"https:\/\/blog.edu.turku.fi\/luostarivuori\/\">Skolans hemsidor<\/a><\/p>\n<p><a href=\"http:\/\/www.turunkielikylpy.fi\/\">Spr\u00e5kbadsf\u00f6reningens hemsidor<\/a><\/p>\n","protected":false},"excerpt":{"rendered":"<p>Luostarivuori skola svenska spr\u00e5kbadsklasserna 1-9 Spr\u00e5kbadsstigen p\u00e5b\u00f6rjas i Klockringaregatans dagv\u00e5rdsenhet d\u00e4r de svenska spr\u00e5kbadsgrupperna verkar. Spr\u00e5kbadsklasserna 1-6 \u00e4r placerade i Luostarivuori skola, Martins enhet och klasserna 7-9 \u00e4r placerade i Luostarivuori enhet. Undervisningen f\u00f6ljer den s.k. tidiga och fullst\u00e4ndiga spr\u00e5kbadsmetoden.<\/p>\n","protected":false},"author":56,"featured_media":0,"parent":296,"menu_order":0,"comment_status":"closed","ping_status":"closed","template":"","meta":{"footnotes":""},"class_list":["post-310","page","type-page","status-publish","hentry"],"_links":{"self":[{"href":"https:\/\/blog.edu.turku.fi\/kieliluokat\/wp-json\/wp\/v2\/pages\/310","targetHints":{"allow":["GET"]}}],"collection":[{"href":"https:\/\/blog.edu.turku.fi\/kieliluokat\/wp-json\/wp\/v2\/pages"}],"about":[{"href":"https:\/\/blog.edu.turku.fi\/kieliluokat\/wp-json\/wp\/v2\/types\/page"}],"author":[{"embeddable":true,"href":"https:\/\/blog.edu.turku.fi\/kieliluokat\/wp-json\/wp\/v2\/users\/56"}],"replies":[{"embeddable":true,"href":"https:\/\/blog.edu.turku.fi\/kieliluokat\/wp-json\/wp\/v2\/comments?post=310"}],"version-history":[{"count":6,"href":"https:\/\/blog.edu.turku.fi\/kieliluokat\/wp-json\/wp\/v2\/pages\/310\/revisions"}],"predecessor-version":[{"id":635,"href":"https:\/\/blog.edu.turku.fi\/kieliluokat\/wp-json\/wp\/v2\/pages\/310\/revisions\/635"}],"up":[{"embeddable":true,"href":"https:\/\/blog.edu.turku.fi\/kieliluokat\/wp-json\/wp\/v2\/pages\/296"}],"wp:attachment":[{"href":"https:\/\/blog.edu.turku.fi\/kieliluokat\/wp-json\/wp\/v2\/media?parent=310"}],"curies":[{"name":"wp","href":"https:\/\/api.w.org\/{rel}","templated":true}]}}