{"id":603,"date":"2018-05-15T10:50:04","date_gmt":"2018-05-15T07:50:04","guid":{"rendered":"https:\/\/blog.edu.turku.fi\/kieko\/?page_id=603"},"modified":"2018-10-20T20:31:33","modified_gmt":"2018-10-20T17:31:33","slug":"kehonosat","status":"publish","type":"page","link":"https:\/\/blog.edu.turku.fi\/kieko\/ideoita-kielen-tunneille\/kielimaistiaiset-makuja-kieliin\/kielimaistiaiset-makuja-kielii-i\/kehonosat\/","title":{"rendered":"Kehonosat"},"content":{"rendered":"<p>Yksik\u00f6st\u00e4 riippuen ulkona.<\/p>\n<p>Aluksi esitell\u00e4\u00e4n kehonosat vieraalla kielell\u00e4.<\/p>\n<p>Leikkin\u00e4: ohjaaja sanoo kehonosan nimen ohjattavalla kielell\u00e4, lasten tarkoituksena on liikkua ennest\u00e4\u00e4n m\u00e4\u00e4r\u00e4tyll\u00e4 alueella (pisteest\u00e4 A pisteeseen B) ohjaajan sanoma kehonosa edell\u00e4.<\/p>\n<p>Ohjauksessa tarkkuutta (t\u00f6rm\u00e4ysvaara!)<\/p>\n<p><strong>ENGLANTI<\/strong><\/p>\n<p>p\u00e4\u00e4 = head<\/p>\n<p>olkap\u00e4\u00e4 = shoulder<\/p>\n<p>peppu = bum<\/p>\n<p>polvet = knees<\/p>\n<p>varpaat = toes<\/p>\n<p>silm\u00e4t = eyes<\/p>\n<p>korvat = ears<\/p>\n<p>vatsa = belly<\/p>\n<p>k\u00e4si\/sormet = hand\/fingers<\/p>\n<p>selk\u00e4 = back<\/p>\n<p><strong>RUOTSI<\/strong><\/p>\n<p>p\u00e4\u00e4 = ett huvud<\/p>\n<p>olkap\u00e4\u00e4 = en axel<\/p>\n<p>peppu = bak -en<\/p>\n<p>polvet = ett kn\u00e4<\/p>\n<p>varpaat = en t\u00e5<\/p>\n<p>silm\u00e4t = ett \u00f6ga<\/p>\n<p>korvat = ett \u00f6ra<\/p>\n<p>vatsa = buk -en<\/p>\n<p>k\u00e4si\/sormet = en hand\/fingrar<\/p>\n<p>selk\u00e4 = rygg -en<\/p>\n<p><strong>RANSKA<\/strong><\/p>\n<p>p\u00e4\u00e4 = la t\u00eate<\/p>\n<p>olkap\u00e4\u00e4 = l\u2019\u00e8paule<\/p>\n<p>peppu = les fesses<\/p>\n<p>polvet = les genoux<\/p>\n<p>varpaat = les orteils<\/p>\n<p>silm\u00e4t = les yeux<\/p>\n<p>korvat = les oreilles<\/p>\n<p>vatsa = le ventre<\/p>\n<p>k\u00e4si\/sormet = la main\/ les doigts<\/p>\n<p>selk\u00e4 = le dos<\/p>\n<p><strong>SAKSA<\/strong><\/p>\n<p>p\u00e4\u00e4 = der Kopf<\/p>\n<p>olkap\u00e4\u00e4 = der Schulter<\/p>\n<p>peppu = der Po<\/p>\n<p>polvet = das Knie<\/p>\n<p>varpaat = die Zehen<\/p>\n<p>silm\u00e4t = die Augen<\/p>\n<p>korvat = die Ohren<\/p>\n<p>vatsa = der Magen<\/p>\n<p>k\u00e4si\/sormet = das Hand\/die Finger<\/p>\n<p>selk\u00e4 = der R\u00fccken<\/p>\n","protected":false},"excerpt":{"rendered":"<p>Yksik\u00f6st\u00e4 riippuen ulkona. Aluksi esitell\u00e4\u00e4n kehonosat vieraalla kielell\u00e4. Leikkin\u00e4: ohjaaja sanoo kehonosan nimen ohjattavalla kielell\u00e4, lasten tarkoituksena on liikkua ennest\u00e4\u00e4n m\u00e4\u00e4r\u00e4tyll\u00e4 alueella (pisteest\u00e4 A pisteeseen B) ohjaajan sanoma kehonosa edell\u00e4. Ohjauksessa tarkkuutta (t\u00f6rm\u00e4ysvaara!) ENGLANTI p\u00e4\u00e4 = head olkap\u00e4\u00e4 = shoulder peppu = bum polvet = knees varpaat = toes silm\u00e4t = eyes korvat = ears &hellip; <\/p>\n<p class=\"link-more\"><a href=\"https:\/\/blog.edu.turku.fi\/kieko\/ideoita-kielen-tunneille\/kielimaistiaiset-makuja-kieliin\/kielimaistiaiset-makuja-kielii-i\/kehonosat\/\" class=\"more-link\">Jatka lukemista<span class=\"screen-reader-text\"> &#8221;Kehonosat&#8221;<\/span><\/a><\/p>\n","protected":false},"author":2465,"featured_media":0,"parent":805,"menu_order":5,"comment_status":"closed","ping_status":"closed","template":"","meta":{"footnotes":""},"class_list":["post-603","page","type-page","status-publish","hentry"],"_links":{"self":[{"href":"https:\/\/blog.edu.turku.fi\/kieko\/wp-json\/wp\/v2\/pages\/603","targetHints":{"allow":["GET"]}}],"collection":[{"href":"https:\/\/blog.edu.turku.fi\/kieko\/wp-json\/wp\/v2\/pages"}],"about":[{"href":"https:\/\/blog.edu.turku.fi\/kieko\/wp-json\/wp\/v2\/types\/page"}],"author":[{"embeddable":true,"href":"https:\/\/blog.edu.turku.fi\/kieko\/wp-json\/wp\/v2\/users\/2465"}],"replies":[{"embeddable":true,"href":"https:\/\/blog.edu.turku.fi\/kieko\/wp-json\/wp\/v2\/comments?post=603"}],"version-history":[{"count":1,"href":"https:\/\/blog.edu.turku.fi\/kieko\/wp-json\/wp\/v2\/pages\/603\/revisions"}],"predecessor-version":[{"id":604,"href":"https:\/\/blog.edu.turku.fi\/kieko\/wp-json\/wp\/v2\/pages\/603\/revisions\/604"}],"up":[{"embeddable":true,"href":"https:\/\/blog.edu.turku.fi\/kieko\/wp-json\/wp\/v2\/pages\/805"}],"wp:attachment":[{"href":"https:\/\/blog.edu.turku.fi\/kieko\/wp-json\/wp\/v2\/media?parent=603"}],"curies":[{"name":"wp","href":"https:\/\/api.w.org\/{rel}","templated":true}]}}