{"id":601,"date":"2018-05-15T10:44:20","date_gmt":"2018-05-15T07:44:20","guid":{"rendered":"https:\/\/blog.edu.turku.fi\/kieko\/?page_id=601"},"modified":"2018-10-20T20:31:12","modified_gmt":"2018-10-20T17:31:12","slug":"elaimet","status":"publish","type":"page","link":"https:\/\/blog.edu.turku.fi\/kieko\/ideoita-kielen-tunneille\/kielimaistiaiset-makuja-kieliin\/kielimaistiaiset-makuja-kielii-i\/elaimet\/","title":{"rendered":"El\u00e4imet"},"content":{"rendered":"<p>Aluksi k\u00e4yd\u00e4\u00e4n l\u00e4pi el\u00e4inten nimet ohjattavalla kielell\u00e4 sek\u00e4 miten ne \u00e4\u00e4ntelev\u00e4t.<\/p>\n<p>Leikkein\u00e4:<\/p>\n<p>El\u00e4inalias &#8211;&gt; tuntomerkit, \u00e4\u00e4ntelytapa; tarkoituksena, ett\u00e4 ohjaajat sanovat el\u00e4imen nimen ohjattavalla kielell\u00e4.<\/p>\n<p>Pantomiimi-arvausleikki &#8211;&gt; ohjaaja esitt\u00e4\u00e4 pantomiimina jotain el\u00e4int\u00e4, oppilaiden tarkoituksena on sanoa el\u00e4in ohjauksen kielell\u00e4; ryhm\u00e4st\u00e4 riippuen koko ryhm\u00e4n kanssa\/pieniss\u00e4 ryhmiss\u00e4\/pareittain.<\/p>\n<p><strong>ENGLANTI<\/strong><\/p>\n<p>Apina = monkey<\/p>\n<p>Hevonen = horse<\/p>\n<p>Kana = chicken<\/p>\n<p>Kissa = cat<\/p>\n<p>Koira = dog<\/p>\n<p>Kukko = rooster<\/p>\n<p>K\u00e4\u00e4rme = snake<\/p>\n<p>Lammas = sheep<\/p>\n<p>Possu = pig<\/p>\n<p>Sammakko = frog<\/p>\n<p><strong>RUOTSI<\/strong><\/p>\n<p>Apina = en apa<\/p>\n<p>Hevonen = en h\u00e4st<\/p>\n<p>Kana = en h\u00f6na<\/p>\n<p>Kissa = en katt<\/p>\n<p>Koira = en hund<\/p>\n<p>Kukko = en tupp<\/p>\n<p>K\u00e4\u00e4rme = en orm<\/p>\n<p>Lammas = ett f\u00e5r<\/p>\n<p>Possu = en gris<\/p>\n<p>Sammakko = en groda<\/p>\n<p><strong>RANSKA<\/strong><\/p>\n<p>Apina = un singe<\/p>\n<p>Hevonen = un cheval<\/p>\n<p>Kana = une poule<\/p>\n<p>Kissa = un chat<\/p>\n<p>Koira = un chien<\/p>\n<p>Kukko = un coq<\/p>\n<p>K\u00e4\u00e4rme = un serpent<\/p>\n<p>Lammas = un mouton<\/p>\n<p>Possu = un cochon<\/p>\n<p>Sammakko = une grenouille<\/p>\n<p><strong>SAKSA<\/strong><\/p>\n<p>Apina = der Affe<\/p>\n<p>Hevonen = das Pferd<\/p>\n<p>Kana =\u00a0die Hennen<\/p>\n<p>Kissa = die Katze<\/p>\n<p>Koira = der Hund<\/p>\n<p>Kukko =\u00a0die H\u00e4hne<\/p>\n<p>K\u00e4\u00e4rme = die Schlange<\/p>\n<p>Lammas =\u00a0die Schafe<\/p>\n<p>Possu = der Schwein<\/p>\n<p>Sammakko =\u00a0die Fr\u00f6sche<\/p>\n","protected":false},"excerpt":{"rendered":"<p>Aluksi k\u00e4yd\u00e4\u00e4n l\u00e4pi el\u00e4inten nimet ohjattavalla kielell\u00e4 sek\u00e4 miten ne \u00e4\u00e4ntelev\u00e4t. Leikkein\u00e4: El\u00e4inalias &#8211;&gt; tuntomerkit, \u00e4\u00e4ntelytapa; tarkoituksena, ett\u00e4 ohjaajat sanovat el\u00e4imen nimen ohjattavalla kielell\u00e4. Pantomiimi-arvausleikki &#8211;&gt; ohjaaja esitt\u00e4\u00e4 pantomiimina jotain el\u00e4int\u00e4, oppilaiden tarkoituksena on sanoa el\u00e4in ohjauksen kielell\u00e4; ryhm\u00e4st\u00e4 riippuen koko ryhm\u00e4n kanssa\/pieniss\u00e4 ryhmiss\u00e4\/pareittain. ENGLANTI Apina = monkey Hevonen = horse Kana = chicken Kissa &hellip; <\/p>\n<p class=\"link-more\"><a href=\"https:\/\/blog.edu.turku.fi\/kieko\/ideoita-kielen-tunneille\/kielimaistiaiset-makuja-kieliin\/kielimaistiaiset-makuja-kielii-i\/elaimet\/\" class=\"more-link\">Jatka lukemista<span class=\"screen-reader-text\"> &#8221;El\u00e4imet&#8221;<\/span><\/a><\/p>\n","protected":false},"author":2465,"featured_media":0,"parent":805,"menu_order":4,"comment_status":"closed","ping_status":"closed","template":"","meta":{"footnotes":""},"class_list":["post-601","page","type-page","status-publish","hentry"],"_links":{"self":[{"href":"https:\/\/blog.edu.turku.fi\/kieko\/wp-json\/wp\/v2\/pages\/601","targetHints":{"allow":["GET"]}}],"collection":[{"href":"https:\/\/blog.edu.turku.fi\/kieko\/wp-json\/wp\/v2\/pages"}],"about":[{"href":"https:\/\/blog.edu.turku.fi\/kieko\/wp-json\/wp\/v2\/types\/page"}],"author":[{"embeddable":true,"href":"https:\/\/blog.edu.turku.fi\/kieko\/wp-json\/wp\/v2\/users\/2465"}],"replies":[{"embeddable":true,"href":"https:\/\/blog.edu.turku.fi\/kieko\/wp-json\/wp\/v2\/comments?post=601"}],"version-history":[{"count":1,"href":"https:\/\/blog.edu.turku.fi\/kieko\/wp-json\/wp\/v2\/pages\/601\/revisions"}],"predecessor-version":[{"id":602,"href":"https:\/\/blog.edu.turku.fi\/kieko\/wp-json\/wp\/v2\/pages\/601\/revisions\/602"}],"up":[{"embeddable":true,"href":"https:\/\/blog.edu.turku.fi\/kieko\/wp-json\/wp\/v2\/pages\/805"}],"wp:attachment":[{"href":"https:\/\/blog.edu.turku.fi\/kieko\/wp-json\/wp\/v2\/media?parent=601"}],"curies":[{"name":"wp","href":"https:\/\/api.w.org\/{rel}","templated":true}]}}