{"id":2,"date":"2017-08-09T12:58:31","date_gmt":"2017-08-09T09:58:31","guid":{"rendered":"https:\/\/blog.edu.turku.fi\/kieko\/?page_id=2"},"modified":"2020-09-02T13:44:25","modified_gmt":"2020-09-02T10:44:25","slug":"esimerkkisivu","status":"publish","type":"page","link":"https:\/\/blog.edu.turku.fi\/kieko\/","title":{"rendered":"KieKo"},"content":{"rendered":"<p><img loading=\"lazy\" decoding=\"async\" class=\"alignnone size-medium wp-image-708\" src=\"https:\/\/blog.edu.turku.fi\/kieko\/files\/2018\/06\/kielitietoisesti_kouluissa_logo_rgb_300dpi_png-300x170.png\" alt=\"\" width=\"300\" height=\"170\" srcset=\"https:\/\/blog.edu.turku.fi\/kieko\/files\/2018\/06\/kielitietoisesti_kouluissa_logo_rgb_300dpi_png-300x170.png 300w, https:\/\/blog.edu.turku.fi\/kieko\/files\/2018\/06\/kielitietoisesti_kouluissa_logo_rgb_300dpi_png-1024x580.png 1024w\" sizes=\"auto, (max-width: 300px) 100vw, 300px\" \/><\/p>\n<p>Kielitietoisesti kouluissa oli\u00a0 <strong>varhennetun kielenopetuksen<\/strong> ja <strong>kielitietoisuuden<\/strong> lis\u00e4\u00e4misen kaksivuotinen kehitt\u00e4mis- ja kokeiluhanke. Kielitietoisesti kouluissa -hanke p\u00e4\u00e4ttyi ja rinnalla aloitti <strong>Kielitutor kouluissa<\/strong> -hanke.<em> Kielitutor kouluissa<\/em> tukee opettajia alkavassa A1-kielen opetuksessa sek\u00e4 yhteisopettajuuden ett\u00e4 muun koulutuksen keinoin. <strong>KieKo<\/strong> -lyhenne s\u00e4ilyy ja toiminta p\u00e4ivittyy t\u00e4lle blogialustalle.<\/p>\n<ul>\n<li><em>Lis\u00e4\u00e4 tietoa Kielen tutoropettajatoiminnasta ja linkit muiden kaupunkien varhennushankkeiden sivuille l\u00f6ytyy OPH:n kokoamana <a href=\"https:\/\/www.oph.fi\/fi\/koulutus-ja-tutkinnot\/kielten-tutoropettajatoiminta\">t\u00e4\u00e4lt\u00e4.<\/a><\/em><\/li>\n<li><em>Hyv\u00e4 tietopankki varhennetun kielenopetuksen j\u00e4rjest\u00e4misen tueksi l\u00f6ytyy <a href=\"https:\/\/beta.oph.fi\/fi\/koulutus-ja-tutkinnot\/usein-kysytyt-kysymykset-vuosiluokkien-1-2-a1-kielen-opetuksesta?fbclid=IwAR0dQjyZYKMDlzn4FGc4_FIQg-YYSC3bbOkcR33ZIIXKp3POsHLLIFaa9Es\"><strong>t\u00e4\u00e4lt\u00e4.<\/strong><\/a><\/em><\/li>\n<li><em>OPH:n tukimateriaali VOPSin (varhennetun A1-kielen opetussuunnitelma) l\u00f6ytyy<strong><a href=\"https:\/\/www.oph.fi\/fi\/koulutus-ja-tutkinnot\/a1-kielen-opetus-luokilla-1-2\"> t\u00e4\u00e4lt\u00e4.<\/a><\/strong><\/em><\/li>\n<li><em>Mit\u00e4 varhennustunnilla tapahtuu, miten Turussa? Kurkkaa<strong><a href=\"https:\/\/www.youtube.com\/watch?v=WEPwi4s6jN0&amp;feature=youtu.be\"> video.<\/a><\/strong><\/em><\/li>\n<li><em>Opettajan pikaopas t\u00e4ss\u00e4: <a href=\"https:\/\/blog.edu.turku.fi\/kieko\/files\/2020\/02\/surffiopas.pdf\">surffiopas<\/a><\/em><\/li>\n<li><em><strong>Kielitietoinen vuosi -vinkkikalenteriin<\/strong><a href=\"https:\/\/docs.google.com\/presentation\/d\/1JQusOQkwYHqLcktFo94DzIxJrzGz1E0HYlRbw6xm5E4\/edit#slide=id.p\"> t\u00e4st\u00e4<\/a><\/em><\/li>\n<\/ul>\n<p><em>Mit\u00e4 tarkoittaa kielitietoinen opetus; katso videot!<\/em><\/p>\n<p><iframe loading=\"lazy\" title=\"Kielitietoista opetusta kaikille\" width=\"525\" height=\"295\" src=\"https:\/\/www.youtube.com\/embed\/9ZdqjZVRpdk?feature=oembed\" frameborder=\"0\" allow=\"accelerometer; autoplay; clipboard-write; encrypted-media; gyroscope; picture-in-picture; web-share\" referrerpolicy=\"strict-origin-when-cross-origin\" allowfullscreen><\/iframe><\/p>\n<p><iframe loading=\"lazy\" title=\"Opiskelukielitaito\" width=\"525\" height=\"295\" src=\"https:\/\/www.youtube.com\/embed\/8kZjQCRUl84?feature=oembed\" frameborder=\"0\" allow=\"accelerometer; autoplay; clipboard-write; encrypted-media; gyroscope; picture-in-picture; web-share\" referrerpolicy=\"strict-origin-when-cross-origin\" allowfullscreen><\/iframe><\/p>\n<p><strong>Lis\u00e4tietoja:<\/strong> Sanna Sova\u00a0 (etunimi.sukunimi@turku.fi), p. 040 571 29 87<\/p>\n<p><img loading=\"lazy\" decoding=\"async\" class=\"alignnone size-medium wp-image-708\" src=\"https:\/\/blog.edu.turku.fi\/kieko\/files\/2018\/06\/kielitietoisesti_kouluissa_logo_rgb_300dpi_png-300x170.png\" alt=\"\" width=\"300\" height=\"170\" srcset=\"https:\/\/blog.edu.turku.fi\/kieko\/files\/2018\/06\/kielitietoisesti_kouluissa_logo_rgb_300dpi_png-300x170.png 300w, https:\/\/blog.edu.turku.fi\/kieko\/files\/2018\/06\/kielitietoisesti_kouluissa_logo_rgb_300dpi_png-1024x580.png 1024w\" sizes=\"auto, (max-width: 300px) 100vw, 300px\" \/><\/p>\n","protected":false},"excerpt":{"rendered":"<p>Kielitietoisesti kouluissa oli\u00a0 varhennetun kielenopetuksen ja kielitietoisuuden lis\u00e4\u00e4misen kaksivuotinen kehitt\u00e4mis- ja kokeiluhanke. Kielitietoisesti kouluissa -hanke p\u00e4\u00e4ttyi ja rinnalla aloitti Kielitutor kouluissa -hanke. Kielitutor kouluissa tukee opettajia alkavassa A1-kielen opetuksessa sek\u00e4 yhteisopettajuuden ett\u00e4 muun koulutuksen keinoin. KieKo -lyhenne s\u00e4ilyy ja toiminta p\u00e4ivittyy t\u00e4lle blogialustalle. Lis\u00e4\u00e4 tietoa Kielen tutoropettajatoiminnasta ja linkit muiden kaupunkien varhennushankkeiden sivuille l\u00f6ytyy OPH:n &hellip; <\/p>\n<p class=\"link-more\"><a href=\"https:\/\/blog.edu.turku.fi\/kieko\/\" class=\"more-link\">Jatka lukemista<span class=\"screen-reader-text\"> &#8221;KieKo&#8221;<\/span><\/a><\/p>\n","protected":false},"author":161,"featured_media":0,"parent":0,"menu_order":0,"comment_status":"closed","ping_status":"open","template":"","meta":{"footnotes":""},"class_list":["post-2","page","type-page","status-publish","hentry"],"_links":{"self":[{"href":"https:\/\/blog.edu.turku.fi\/kieko\/wp-json\/wp\/v2\/pages\/2","targetHints":{"allow":["GET"]}}],"collection":[{"href":"https:\/\/blog.edu.turku.fi\/kieko\/wp-json\/wp\/v2\/pages"}],"about":[{"href":"https:\/\/blog.edu.turku.fi\/kieko\/wp-json\/wp\/v2\/types\/page"}],"author":[{"embeddable":true,"href":"https:\/\/blog.edu.turku.fi\/kieko\/wp-json\/wp\/v2\/users\/161"}],"replies":[{"embeddable":true,"href":"https:\/\/blog.edu.turku.fi\/kieko\/wp-json\/wp\/v2\/comments?post=2"}],"version-history":[{"count":57,"href":"https:\/\/blog.edu.turku.fi\/kieko\/wp-json\/wp\/v2\/pages\/2\/revisions"}],"predecessor-version":[{"id":1506,"href":"https:\/\/blog.edu.turku.fi\/kieko\/wp-json\/wp\/v2\/pages\/2\/revisions\/1506"}],"wp:attachment":[{"href":"https:\/\/blog.edu.turku.fi\/kieko\/wp-json\/wp\/v2\/media?parent=2"}],"curies":[{"name":"wp","href":"https:\/\/api.w.org\/{rel}","templated":true}]}}