{"id":1229,"date":"2019-05-25T10:15:06","date_gmt":"2019-05-25T07:15:06","guid":{"rendered":"https:\/\/blog.edu.turku.fi\/kieko\/?page_id=1229"},"modified":"2019-05-25T11:17:17","modified_gmt":"2019-05-25T08:17:17","slug":"kielimaistiaiset-yhteityoyksikot","status":"publish","type":"page","link":"https:\/\/blog.edu.turku.fi\/kieko\/ideoita-kielen-tunneille\/kielimaistiaiset-makuja-kieliin\/kielimaistiaiset-yhteityoyksikot\/","title":{"rendered":"Kielimaistiaiset &#8211; yhteity\u00f6yksik\u00f6t"},"content":{"rendered":"<p>Listaus <em>Kielitietoisesti kouluissa<\/em> -hankkeen puitteissa toteutuneiden kielimaistiaisten yhteisty\u00f6yksik\u00f6ist\u00e4 ja -kouluista.<\/p>\n<p>Kev\u00e4t 2018 &#8211; ensisijaisesti varhaiskasvatuksen yksik\u00f6ille<\/p>\n<ol>\n<li>Centrums svenskspr\u00e5kiga dagsv\u00e5rdsenhet: 2 ryhm\u00e4\u00e4<\/li>\n<li>Kuuvuoren p\u00e4iv\u00e4hoitoyksikk\u00f6: 1 ryhm\u00e4<\/li>\n<li>Moikoisten esiopetusyksikk\u00f6: 1 ryhm\u00e4<\/li>\n<li>Lausteen koulun esiopetusyksikk\u00f6: 3 ryhm\u00e4\u00e4<\/li>\n<li>Ilpoisten koulun esiopetusyksikk\u00f6: 1 ryhm\u00e4<\/li>\n<li>Vasaram\u00e4en phy: 1 ryhm\u00e4<\/li>\n<li>Kaskenm\u00e4en phy: 1 ryhm\u00e4<\/li>\n<li>Vasaram\u00e4en koulu: 2 ryhm\u00e4\u00e4<\/li>\n<li>Raunistulan koulu: 2 ryhm\u00e4\u00e4<\/li>\n<li>Martin koulu: 2 ryhm\u00e4\u00e4<\/li>\n<li>Paattisten phy: 2 ryhm\u00e4\u00e4<\/li>\n<li>T\u00e4htimets\u00e4 phy: 1 ryhm\u00e4<\/li>\n<li>Rauninaukion phy: 1 ryhm\u00e4<\/li>\n<li>Nummen koulun i-p: 1 ryhm\u00e4<\/li>\n<li>Haarla i-p: 1 ryhm\u00e4<\/li>\n<li>K\u00e4rs\u00e4m\u00e4en i-p: 1 ryhm\u00e4<\/li>\n<li>W\u00e4in\u00f6 Aaltonen i-p: 1 ryhm\u00e4<\/li>\n<li>P\u00e4\u00e4skyvuoren koulu: 2 ryhm\u00e4\u00e4<\/li>\n<li>TPS i-p (Martti, V\u00e4h\u00e4-Heikkil\u00e4, Paattinen): 3 ryhm\u00e4\u00e4<\/li>\n<li>Krookilan koulu: 1 ryhm\u00e4<\/li>\n<\/ol>\n<p>Yhteens\u00e4 30 ryhm\u00e4\u00e4.<\/p>\n<p>Syksy 2018 &#8211; ensisijaisesti toisen luokan oppilaille<\/p>\n<ol>\n<li>Hannunniitun koulu: 2A &amp; 2B<\/li>\n<li>Ihalan koulu (Raisio): 5 luokkaa, 3-4LK<\/li>\n<li>Ilpoisten koulu: 3LK &amp; 4LK<\/li>\n<li>Kukolan p\u00e4iv\u00e4hoitoyksikk\u00f6: 1 ryhm\u00e4<\/li>\n<li>Lausteen koulu: 2A &amp; 2B<\/li>\n<li>Luostarinvuoren koulu &#8211; Martin yksikk\u00f6: 2B<\/li>\n<li>Paattisten koulu: 2MRS\u00a0-&gt; kolme luokkaa<\/li>\n<li>Raunistulan koulu: 2A &amp; 2B<\/li>\n<li>Vasaram\u00e4en koulu: 2 kpl 3LK<\/li>\n<li>V\u00e4h\u00e4-Heikkil\u00e4n koulu: 2B<\/li>\n<li>W\u00e4in\u00f6-Aaltosen koulu: 4B<\/li>\n<\/ol>\n<p>Yhteens\u00e4 22 luokkaa\/ryhm\u00e4\u00e4.<\/p>\n<p>Eurooppa-p\u00e4iv\u00e4n kielimaistiaiset 09.05.2019 Kupittaan puistossa 1-luokkalaisille<\/p>\n<ol>\n<li>Turun lyseon koulu: 3 luokkaa<\/li>\n<li>Hepokullan koulu: 4 luokkaa<\/li>\n<li>Pansion koulu: 3 luokkaa<\/li>\n<li>Lausteen koulu: 2 luokkaa<\/li>\n<\/ol>\n<p>Yhteens\u00e4 12 luokkaa.<\/p>\n","protected":false},"excerpt":{"rendered":"<p>Listaus Kielitietoisesti kouluissa -hankkeen puitteissa toteutuneiden kielimaistiaisten yhteisty\u00f6yksik\u00f6ist\u00e4 ja -kouluista. Kev\u00e4t 2018 &#8211; ensisijaisesti varhaiskasvatuksen yksik\u00f6ille Centrums svenskspr\u00e5kiga dagsv\u00e5rdsenhet: 2 ryhm\u00e4\u00e4 Kuuvuoren p\u00e4iv\u00e4hoitoyksikk\u00f6: 1 ryhm\u00e4 Moikoisten esiopetusyksikk\u00f6: 1 ryhm\u00e4 Lausteen koulun esiopetusyksikk\u00f6: 3 ryhm\u00e4\u00e4 Ilpoisten koulun esiopetusyksikk\u00f6: 1 ryhm\u00e4 Vasaram\u00e4en phy: 1 ryhm\u00e4 Kaskenm\u00e4en phy: 1 ryhm\u00e4 Vasaram\u00e4en koulu: 2 ryhm\u00e4\u00e4 Raunistulan koulu: 2 ryhm\u00e4\u00e4 &hellip; <\/p>\n<p class=\"link-more\"><a href=\"https:\/\/blog.edu.turku.fi\/kieko\/ideoita-kielen-tunneille\/kielimaistiaiset-makuja-kieliin\/kielimaistiaiset-yhteityoyksikot\/\" class=\"more-link\">Jatka lukemista<span class=\"screen-reader-text\"> &#8221;Kielimaistiaiset &#8211; yhteity\u00f6yksik\u00f6t&#8221;<\/span><\/a><\/p>\n","protected":false},"author":2465,"featured_media":0,"parent":583,"menu_order":1,"comment_status":"closed","ping_status":"closed","template":"","meta":{"footnotes":""},"class_list":["post-1229","page","type-page","status-publish","hentry"],"_links":{"self":[{"href":"https:\/\/blog.edu.turku.fi\/kieko\/wp-json\/wp\/v2\/pages\/1229","targetHints":{"allow":["GET"]}}],"collection":[{"href":"https:\/\/blog.edu.turku.fi\/kieko\/wp-json\/wp\/v2\/pages"}],"about":[{"href":"https:\/\/blog.edu.turku.fi\/kieko\/wp-json\/wp\/v2\/types\/page"}],"author":[{"embeddable":true,"href":"https:\/\/blog.edu.turku.fi\/kieko\/wp-json\/wp\/v2\/users\/2465"}],"replies":[{"embeddable":true,"href":"https:\/\/blog.edu.turku.fi\/kieko\/wp-json\/wp\/v2\/comments?post=1229"}],"version-history":[{"count":5,"href":"https:\/\/blog.edu.turku.fi\/kieko\/wp-json\/wp\/v2\/pages\/1229\/revisions"}],"predecessor-version":[{"id":1234,"href":"https:\/\/blog.edu.turku.fi\/kieko\/wp-json\/wp\/v2\/pages\/1229\/revisions\/1234"}],"up":[{"embeddable":true,"href":"https:\/\/blog.edu.turku.fi\/kieko\/wp-json\/wp\/v2\/pages\/583"}],"wp:attachment":[{"href":"https:\/\/blog.edu.turku.fi\/kieko\/wp-json\/wp\/v2\/media?parent=1229"}],"curies":[{"name":"wp","href":"https:\/\/api.w.org\/{rel}","templated":true}]}}