{"id":120,"date":"2017-09-16T11:29:27","date_gmt":"2017-09-16T08:29:27","guid":{"rendered":"https:\/\/blog.edu.turku.fi\/kieko\/?page_id=120"},"modified":"2018-09-19T21:19:12","modified_gmt":"2018-09-19T18:19:12","slug":"kielitietoinen-opettaminen-ja-kielikasvatus","status":"publish","type":"page","link":"https:\/\/blog.edu.turku.fi\/kieko\/kielitietoinen-opettaminen-ja-kielikasvatus\/","title":{"rendered":"Kielitietoisuus"},"content":{"rendered":"<h5>Videoita aihetta avaamaan<\/h5>\n<p>Koulutuskeskiviikko\/<a href=\"https:\/\/youtu.be\/EB2AqHghls4\">Kielitietoisuus, Jenni Alisaari<\/a><\/p>\n<p><a href=\"https:\/\/youtu.be\/u2yCep0mb3U\">Kielitietoisuuden m\u00e4\u00e4rittely\u00e4<\/a>, Ilona Kuukka, OPH<\/p>\n<p>Kielikampus\/<a href=\"http:\/\/kielikampus.jyu.fi\/telkku\/osa-2-minna-riitta-luukka-kielitietoinen-koulu-ja-monilukutaitoinen-oppilas\/\">Kielitietoinen koulu ja monilukutaitoinen oppilas<\/a>, Minna-Riitt\u00e4 Luukka<\/p>\n<h5>Materiaaleja<\/h5>\n<p><a href=\"http:\/\/www.oph.fi\/download\/182479_rakentavaa_vuorovaikutusta.pdf\">Rakentavaa vuorovaikusta<\/a>, OPH<\/p>\n<p><a href=\"http:\/\/edu.fi\/download\/186995_Kielitietoinen_opetus_verkko.pdf\">Kielitietoinen opetus &#8211; kielitietoinen koulu<\/a>, OPH<\/p>\n<p><a href=\"https:\/\/peda.net\/oppimateriaalit\/kirja-arkku\">ActivLib &#8211; Lasten ja nuorten kasvu monikielisyyteen ja sen tukeminen<\/a><\/p>\n<p><a href=\"https:\/\/soppi.jyu.fi\/\">Soppi- suomeksi oppimassa<\/a><\/p>\n<p><a href=\"https:\/\/www.ecml.at\/ECML-Programme\/Programme2016-2019\/languageinsubjects\/tabid\/1854\/language\/en-GB\/Default.aspx\">Developing language awareness in subject classes<\/a><\/p>\n<p><a href=\"\/Users\/smkoisti\/Downloads\/Sukaksi_S2_opas_2016.pdf\">Suomi toisena kielen\u00e4 opas<\/a>, Turun Normaalikoulu<\/p>\n<p><a href=\"http:\/\/www.utu.fi\/fi\/yksikot\/tnk\/perusopetus\/Documents\/Kahdella_kielella_kiitoon-opas_TNK_2018.pdf\">Kahdella kielell\u00e4 kiitoon<\/a>, Turun Normaalikoulu<\/p>\n<p><a href=\"https:\/\/blog.edu.turku.fi\/matikkamaa\/vuosiluokat-3-6\/\">Turun matikkamaa<\/a> &#8211; sanallisten teht\u00e4vien ymm\u00e4rt\u00e4misen tueksi<\/p>\n<p><a href=\"http:\/\/www.newburyparkschool.net\/langofmonth\/index.html\">Kuukauden kieli &#8211; Language of the month Newbury Park School<\/a><\/p>\n<p><a href=\"http:\/\/www.espoo.fi\/fi-FI\/Kasvatus_ja_opetus\/Perusopetus\/Suomenkielinen_opetustoimi\/Opetuksen_kehittaminen\/Kieli_ja_kulttuuritietoisuus\/Materiaalit_kielitietoisuus(101778)\">Espoon kaupungin materiaaleja kielitietoiseen kouluun<\/a><\/p>\n<p>Keravan kaupungin <a href=\"https:\/\/www.kerava.fi\/palvelut\/Documents\/Kasvatus%2c%20opetus%20ja%20koulutus\/Perusopetus\/TASKU-hanke\/Tasku-hankkeen%20loppuraportti.pdf\">TASKU<\/a>-hanke<\/p>\n<p><a href=\"https:\/\/hundred.org\/fi\/projects\/kielitietoinen-opetus-osaksi-jokaisen-aineen-opetusta?posts=t#content\">Kielitietoinen opetus osaksi jokaisen aineen opetusta<\/a> -projekti, HundrED<\/p>\n<p><a href=\"https:\/\/areena.yle.fi\/1-3811909\">Vinkkej\u00e4 opiskelutekniikkaan<\/a>, Yle Areena<\/p>\n<h5>Julkaisuja &amp; artikkeleita<\/h5>\n<p><a href=\"https:\/\/www.kieliverkosto.fi\/fi\/journals\/kieli-koulutus-ja-yhteiskunta-syyskuu-2018\/kielia-rinnakkain-koulun-monikielisyys-nakyviin-kielia-vertailemalla\">Kieli\u00e4 rinnakkain &#8211; koulujen monikielisyys n\u00e4kyv\u00e4ksi vertailemalla <\/a><\/p>\n<p><a href=\"http:\/\/www.oph.fi\/download\/176255_kieli_koulun_ytimessa_nakokulmia_kielikasvatukseen.pdf\">Kieli koulun ytimess\u00e4 &#8211; n\u00e4k\u00f6kulmia kielikasvatukseen<\/a><\/p>\n<p><a href=\"http:\/\/www.kieliverkosto.fi\/article\/kieli-ja-tekstitietoisuutta-kouluun-kielitietoinen-koulu-ja-aidinkielen-ja-kirjallisuuden-opetus\/\">Kieli- ja tekstitietoisuutta kouluun! Kielitietoinen koulu ja \u00e4idinkielen ja kirjallisuuden opetus<\/a><\/p>\n<p>&nbsp;<\/p>\n<p>&nbsp;<\/p>\n","protected":false},"excerpt":{"rendered":"<p>Videoita aihetta avaamaan Koulutuskeskiviikko\/Kielitietoisuus, Jenni Alisaari Kielitietoisuuden m\u00e4\u00e4rittely\u00e4, Ilona Kuukka, OPH Kielikampus\/Kielitietoinen koulu ja monilukutaitoinen oppilas, Minna-Riitt\u00e4 Luukka Materiaaleja Rakentavaa vuorovaikusta, OPH Kielitietoinen opetus &#8211; kielitietoinen koulu, OPH ActivLib &#8211; Lasten ja nuorten kasvu monikielisyyteen ja sen tukeminen Soppi- suomeksi oppimassa Developing language awareness in subject classes Suomi toisena kielen\u00e4 opas, Turun Normaalikoulu Kahdella kielell\u00e4 &hellip; <\/p>\n<p class=\"link-more\"><a href=\"https:\/\/blog.edu.turku.fi\/kieko\/kielitietoinen-opettaminen-ja-kielikasvatus\/\" class=\"more-link\">Jatka lukemista<span class=\"screen-reader-text\"> &#8221;Kielitietoisuus&#8221;<\/span><\/a><\/p>\n","protected":false},"author":161,"featured_media":0,"parent":0,"menu_order":4,"comment_status":"closed","ping_status":"closed","template":"","meta":{"footnotes":""},"class_list":["post-120","page","type-page","status-publish","hentry"],"_links":{"self":[{"href":"https:\/\/blog.edu.turku.fi\/kieko\/wp-json\/wp\/v2\/pages\/120","targetHints":{"allow":["GET"]}}],"collection":[{"href":"https:\/\/blog.edu.turku.fi\/kieko\/wp-json\/wp\/v2\/pages"}],"about":[{"href":"https:\/\/blog.edu.turku.fi\/kieko\/wp-json\/wp\/v2\/types\/page"}],"author":[{"embeddable":true,"href":"https:\/\/blog.edu.turku.fi\/kieko\/wp-json\/wp\/v2\/users\/161"}],"replies":[{"embeddable":true,"href":"https:\/\/blog.edu.turku.fi\/kieko\/wp-json\/wp\/v2\/comments?post=120"}],"version-history":[{"count":18,"href":"https:\/\/blog.edu.turku.fi\/kieko\/wp-json\/wp\/v2\/pages\/120\/revisions"}],"predecessor-version":[{"id":782,"href":"https:\/\/blog.edu.turku.fi\/kieko\/wp-json\/wp\/v2\/pages\/120\/revisions\/782"}],"wp:attachment":[{"href":"https:\/\/blog.edu.turku.fi\/kieko\/wp-json\/wp\/v2\/media?parent=120"}],"curies":[{"name":"wp","href":"https:\/\/api.w.org\/{rel}","templated":true}]}}