{"id":118,"date":"2017-09-16T11:29:05","date_gmt":"2017-09-16T08:29:05","guid":{"rendered":"https:\/\/blog.edu.turku.fi\/kieko\/?page_id=118"},"modified":"2021-05-03T10:56:59","modified_gmt":"2021-05-03T07:56:59","slug":"ideoita-kielen-tunneille","status":"publish","type":"page","link":"https:\/\/blog.edu.turku.fi\/kieko\/ideoita-kielen-tunneille\/","title":{"rendered":"Materiaalia!"},"content":{"rendered":"<p><a href=\"https:\/\/blog.edu.turku.fi\/kieko\/ideoita-kielen-tunneille\/materiaalia-monelle-kielelle\/\">Materiaalia monelle kielelle<\/a><\/p>\n<p><a href=\"https:\/\/blog.edu.turku.fi\/kieko\/ideoita-kielen-tunneille\/varhentajille-ja-alakouluu\/\">Varhentajille ja alakouluun<\/a><\/p>\n<p><a href=\"https:\/\/blog.edu.turku.fi\/kieko\/ideoita-kielen-tunneille\/miksi-kielia\/\">Miksi kieli\u00e4? -materiaalia<\/a><\/p>\n<p><a href=\"https:\/\/blog.edu.turku.fi\/kieko\/ideoita-kielen-tunneille\/kielimaistiaiset-makuja-kieliin\/\">Kielimaistiaiset &#8211; Makuja kieliin! T\u00e4\u00e4lt\u00e4 tuntisuunnitelmat teeman ymp\u00e4rille rakennettuihin kokonaisuuksiin (en, sa, ru, ra)!<\/a><\/p>\n<p><a href=\"https:\/\/blog.edu.turku.fi\/kieko\/?page_id=962&amp;preview=true\">Kielitietoinen opetus<\/a><\/p>\n<p><a href=\"https:\/\/blog.edu.turku.fi\/kieko\/ideoita-kielen-tunneille\/kielitietoinen-opetus\/varhennuskassi\/\">Varhennuskassi ja muut\u00a0 hankeaikana kehitetyt materiaalit<\/a><\/p>\n<p><a href=\"https:\/\/blog.edu.turku.fi\/kieko\/ideoita-kielen-tunneille\/opi-leikkien-koulutus-digivinkit-a1-englannin-varhennukseen\/\">Digivinkit A1 -englannin varhennukseen<\/a><\/p>\n","protected":false},"excerpt":{"rendered":"<p>Materiaalia monelle kielelle Varhentajille ja alakouluun Miksi kieli\u00e4? -materiaalia Kielimaistiaiset &#8211; Makuja kieliin! T\u00e4\u00e4lt\u00e4 tuntisuunnitelmat teeman ymp\u00e4rille rakennettuihin kokonaisuuksiin (en, sa, ru, ra)! Kielitietoinen opetus Varhennuskassi ja muut\u00a0 hankeaikana kehitetyt materiaalit Digivinkit A1 -englannin varhennukseen<\/p>\n","protected":false},"author":2286,"featured_media":0,"parent":0,"menu_order":4,"comment_status":"closed","ping_status":"closed","template":"","meta":{"footnotes":""},"class_list":["post-118","page","type-page","status-publish","hentry"],"_links":{"self":[{"href":"https:\/\/blog.edu.turku.fi\/kieko\/wp-json\/wp\/v2\/pages\/118","targetHints":{"allow":["GET"]}}],"collection":[{"href":"https:\/\/blog.edu.turku.fi\/kieko\/wp-json\/wp\/v2\/pages"}],"about":[{"href":"https:\/\/blog.edu.turku.fi\/kieko\/wp-json\/wp\/v2\/types\/page"}],"author":[{"embeddable":true,"href":"https:\/\/blog.edu.turku.fi\/kieko\/wp-json\/wp\/v2\/users\/2286"}],"replies":[{"embeddable":true,"href":"https:\/\/blog.edu.turku.fi\/kieko\/wp-json\/wp\/v2\/comments?post=118"}],"version-history":[{"count":36,"href":"https:\/\/blog.edu.turku.fi\/kieko\/wp-json\/wp\/v2\/pages\/118\/revisions"}],"predecessor-version":[{"id":1525,"href":"https:\/\/blog.edu.turku.fi\/kieko\/wp-json\/wp\/v2\/pages\/118\/revisions\/1525"}],"wp:attachment":[{"href":"https:\/\/blog.edu.turku.fi\/kieko\/wp-json\/wp\/v2\/media?parent=118"}],"curies":[{"name":"wp","href":"https:\/\/api.w.org\/{rel}","templated":true}]}}