{"id":1022,"date":"2019-03-01T14:59:31","date_gmt":"2019-03-01T12:59:31","guid":{"rendered":"https:\/\/blog.edu.turku.fi\/kieko\/?page_id=1022"},"modified":"2019-03-01T15:20:46","modified_gmt":"2019-03-01T13:20:46","slug":"taskunoppa","status":"publish","type":"page","link":"https:\/\/blog.edu.turku.fi\/kieko\/ideoita-kielen-tunneille\/kielitietoinen-opetus\/varhennuskassi\/taskunoppa\/","title":{"rendered":"Taskunoppa"},"content":{"rendered":"<p>Tulostettavaa materiaalia taskunopan k\u00e4ytt\u00f6\u00e4 varten.<\/p>\n<h1>Pdf-tiedostot:<\/h1>\n<p><a href=\"https:\/\/blog.edu.turku.fi\/kieko\/files\/2019\/03\/Flashcard-eng-adjektives-1.pdf\">Flashcard (eng) &#8211; adjektives 1<\/a><\/p>\n<p><a href=\"https:\/\/blog.edu.turku.fi\/kieko\/files\/2019\/03\/Flashcard-eng-adjektives-2.pdf\">Flashcard (eng) &#8211; adjektives 2<\/a><\/p>\n<p><a href=\"https:\/\/blog.edu.turku.fi\/kieko\/files\/2019\/03\/Flashcard-eng-adjektives-3.pdf\">Flashcard (eng) &#8211; adjektives 3<\/a><\/p>\n<p><a href=\"https:\/\/blog.edu.turku.fi\/kieko\/files\/2019\/03\/Flashcard-eng-adjektives-4.pdf\">Flashcard (eng) &#8211; adjektives 4<\/a><\/p>\n<p><a href=\"https:\/\/blog.edu.turku.fi\/kieko\/files\/2019\/03\/Flashcard-eng-adjektives-5.pdf\">Flashcard (eng) &#8211; adjektives 5<\/a><\/p>\n<p><a href=\"https:\/\/blog.edu.turku.fi\/kieko\/files\/2019\/03\/Flashcard-eng-animals-1.pdf\">Flashcard (eng) &#8211; animals 1<\/a><\/p>\n<p><a href=\"https:\/\/blog.edu.turku.fi\/kieko\/files\/2019\/03\/Flashcard-eng-animals-2.pdf\">Flashcard (eng) &#8211; animals 2<\/a><\/p>\n<p><a href=\"https:\/\/blog.edu.turku.fi\/kieko\/files\/2019\/03\/Flashcard-eng-Christmas-1.pdf\">Flashcard (eng) &#8211; Christmas 1<\/a><\/p>\n<p><a href=\"https:\/\/blog.edu.turku.fi\/kieko\/files\/2019\/03\/Flashcard-eng-Christmas-2.pdf\">Flashcard (eng) &#8211; Christmas 2<\/a><\/p>\n<p><a href=\"https:\/\/blog.edu.turku.fi\/kieko\/files\/2019\/03\/Flashcard-eng-Christmas-3.pdf\">Flashcard (eng) &#8211; Christmas 3<\/a><\/p>\n<p><a href=\"https:\/\/blog.edu.turku.fi\/kieko\/files\/2019\/03\/Flashcard-eng-colours.pdf\">Flashcard (eng) &#8211; colours<\/a><\/p>\n<p><a href=\"https:\/\/blog.edu.turku.fi\/kieko\/files\/2019\/03\/Flashcard-eng-family.pdf\">Flashcard (eng) &#8211; family<\/a><\/p>\n<p><a href=\"https:\/\/blog.edu.turku.fi\/kieko\/files\/2019\/03\/Flashcard-eng-feelings.pdf\">Flashcard (eng) &#8211; feelings<\/a><\/p>\n<p><a href=\"https:\/\/blog.edu.turku.fi\/kieko\/files\/2019\/03\/Flashcard-eng-seasons.pdf\">Flashcard (eng) &#8211; seasons<\/a><\/p>\n<p><a href=\"https:\/\/blog.edu.turku.fi\/kieko\/files\/2019\/03\/Flashcard-eng-simple-numbers.pdf\">Flashcard (eng) &#8211; simple numbers<\/a><\/p>\n<p><a href=\"https:\/\/blog.edu.turku.fi\/kieko\/files\/2019\/03\/Flashcard-eng-toys.pdf\">Flashcard (eng) &#8211; toys<\/a><\/p>\n<p><a href=\"https:\/\/blog.edu.turku.fi\/kieko\/files\/2019\/03\/Flashcard-eng-transport.pdf\">Flashcard (eng) &#8211; transport<\/a><\/p>\n<p><a href=\"https:\/\/blog.edu.turku.fi\/kieko\/files\/2019\/03\/Kort-av-kroppsdelar.pdf\">Kort av kroppsdelar<\/a><\/p>\n<p><a href=\"https:\/\/blog.edu.turku.fi\/kieko\/files\/2019\/03\/Kuvakortit-koulusanat.pdf\">Kuvakortit &#8211; koulusanat<\/a><\/p>\n<h1>Kuvat (tiedostomuoto JPG)<\/h1>\n<p><img loading=\"lazy\" decoding=\"async\" class=\"alignleft size-medium wp-image-1033\" src=\"https:\/\/blog.edu.turku.fi\/kieko\/files\/2019\/03\/Flashcard-eng-Animals-in-action-1-212x300.jpg\" alt=\"\" width=\"212\" height=\"300\" srcset=\"https:\/\/blog.edu.turku.fi\/kieko\/files\/2019\/03\/Flashcard-eng-Animals-in-action-1-212x300.jpg 212w, https:\/\/blog.edu.turku.fi\/kieko\/files\/2019\/03\/Flashcard-eng-Animals-in-action-1.jpg 601w\" sizes=\"auto, (max-width: 212px) 100vw, 212px\" \/> <img loading=\"lazy\" decoding=\"async\" class=\"alignleft size-medium wp-image-1034\" src=\"https:\/\/blog.edu.turku.fi\/kieko\/files\/2019\/03\/Flashcard-eng-Animals-in-action-2-212x300.jpg\" alt=\"\" width=\"212\" height=\"300\" srcset=\"https:\/\/blog.edu.turku.fi\/kieko\/files\/2019\/03\/Flashcard-eng-Animals-in-action-2-212x300.jpg 212w, https:\/\/blog.edu.turku.fi\/kieko\/files\/2019\/03\/Flashcard-eng-Animals-in-action-2-724x1024.jpg 724w, https:\/\/blog.edu.turku.fi\/kieko\/files\/2019\/03\/Flashcard-eng-Animals-in-action-2.jpg 763w\" sizes=\"auto, (max-width: 212px) 100vw, 212px\" \/> <img loading=\"lazy\" decoding=\"async\" class=\"alignleft size-medium wp-image-1035\" src=\"https:\/\/blog.edu.turku.fi\/kieko\/files\/2019\/03\/Flashcard-eng-Animals-in-action-3-212x300.jpg\" alt=\"\" width=\"212\" height=\"300\" srcset=\"https:\/\/blog.edu.turku.fi\/kieko\/files\/2019\/03\/Flashcard-eng-Animals-in-action-3-212x300.jpg 212w, https:\/\/blog.edu.turku.fi\/kieko\/files\/2019\/03\/Flashcard-eng-Animals-in-action-3-724x1024.jpg 724w, https:\/\/blog.edu.turku.fi\/kieko\/files\/2019\/03\/Flashcard-eng-Animals-in-action-3.jpg 763w\" sizes=\"auto, (max-width: 212px) 100vw, 212px\" \/> <img loading=\"lazy\" decoding=\"async\" class=\"alignleft size-medium wp-image-1036\" src=\"https:\/\/blog.edu.turku.fi\/kieko\/files\/2019\/03\/Flashcard-eng-Animals-in-action-4-212x300.jpg\" alt=\"\" width=\"212\" height=\"300\" srcset=\"https:\/\/blog.edu.turku.fi\/kieko\/files\/2019\/03\/Flashcard-eng-Animals-in-action-4-212x300.jpg 212w, https:\/\/blog.edu.turku.fi\/kieko\/files\/2019\/03\/Flashcard-eng-Animals-in-action-4-724x1024.jpg 724w, https:\/\/blog.edu.turku.fi\/kieko\/files\/2019\/03\/Flashcard-eng-Animals-in-action-4.jpg 763w\" sizes=\"auto, (max-width: 212px) 100vw, 212px\" \/> <img loading=\"lazy\" decoding=\"async\" class=\"alignleft size-medium wp-image-1037\" src=\"https:\/\/blog.edu.turku.fi\/kieko\/files\/2019\/03\/Flashcard-eng-Animals-in-action-5-212x300.jpg\" alt=\"\" width=\"212\" height=\"300\" srcset=\"https:\/\/blog.edu.turku.fi\/kieko\/files\/2019\/03\/Flashcard-eng-Animals-in-action-5-212x300.jpg 212w, https:\/\/blog.edu.turku.fi\/kieko\/files\/2019\/03\/Flashcard-eng-Animals-in-action-5.jpg 483w\" sizes=\"auto, (max-width: 212px) 100vw, 212px\" \/> <img loading=\"lazy\" decoding=\"async\" class=\"alignleft size-medium wp-image-1043\" src=\"https:\/\/blog.edu.turku.fi\/kieko\/files\/2019\/03\/Flashcard-eng-family-2-214x300.jpg\" alt=\"\" width=\"214\" height=\"300\" srcset=\"https:\/\/blog.edu.turku.fi\/kieko\/files\/2019\/03\/Flashcard-eng-family-2-214x300.jpg 214w, https:\/\/blog.edu.turku.fi\/kieko\/files\/2019\/03\/Flashcard-eng-family-2.jpg 564w\" sizes=\"auto, (max-width: 214px) 100vw, 214px\" \/><\/p>\n","protected":false},"excerpt":{"rendered":"<p>Tulostettavaa materiaalia taskunopan k\u00e4ytt\u00f6\u00e4 varten. Pdf-tiedostot: Flashcard (eng) &#8211; adjektives 1 Flashcard (eng) &#8211; adjektives 2 Flashcard (eng) &#8211; adjektives 3 Flashcard (eng) &#8211; adjektives 4 Flashcard (eng) &#8211; adjektives 5 Flashcard (eng) &#8211; animals 1 Flashcard (eng) &#8211; animals 2 Flashcard (eng) &#8211; Christmas 1 Flashcard (eng) &#8211; Christmas 2 Flashcard (eng) &#8211; Christmas &hellip; <\/p>\n<p class=\"link-more\"><a href=\"https:\/\/blog.edu.turku.fi\/kieko\/ideoita-kielen-tunneille\/kielitietoinen-opetus\/varhennuskassi\/taskunoppa\/\" class=\"more-link\">Jatka lukemista<span class=\"screen-reader-text\"> &#8221;Taskunoppa&#8221;<\/span><\/a><\/p>\n","protected":false},"author":2465,"featured_media":0,"parent":975,"menu_order":1,"comment_status":"closed","ping_status":"closed","template":"","meta":{"footnotes":""},"class_list":["post-1022","page","type-page","status-publish","hentry"],"_links":{"self":[{"href":"https:\/\/blog.edu.turku.fi\/kieko\/wp-json\/wp\/v2\/pages\/1022","targetHints":{"allow":["GET"]}}],"collection":[{"href":"https:\/\/blog.edu.turku.fi\/kieko\/wp-json\/wp\/v2\/pages"}],"about":[{"href":"https:\/\/blog.edu.turku.fi\/kieko\/wp-json\/wp\/v2\/types\/page"}],"author":[{"embeddable":true,"href":"https:\/\/blog.edu.turku.fi\/kieko\/wp-json\/wp\/v2\/users\/2465"}],"replies":[{"embeddable":true,"href":"https:\/\/blog.edu.turku.fi\/kieko\/wp-json\/wp\/v2\/comments?post=1022"}],"version-history":[{"count":4,"href":"https:\/\/blog.edu.turku.fi\/kieko\/wp-json\/wp\/v2\/pages\/1022\/revisions"}],"predecessor-version":[{"id":1054,"href":"https:\/\/blog.edu.turku.fi\/kieko\/wp-json\/wp\/v2\/pages\/1022\/revisions\/1054"}],"up":[{"embeddable":true,"href":"https:\/\/blog.edu.turku.fi\/kieko\/wp-json\/wp\/v2\/pages\/975"}],"wp:attachment":[{"href":"https:\/\/blog.edu.turku.fi\/kieko\/wp-json\/wp\/v2\/media?parent=1022"}],"curies":[{"name":"wp","href":"https:\/\/api.w.org\/{rel}","templated":true}]}}