{"id":7,"date":"2023-04-06T15:30:17","date_gmt":"2023-04-06T12:30:17","guid":{"rendered":"https:\/\/blog.edu.turku.fi\/kestoa\/?page_id=7"},"modified":"2023-09-21T08:58:34","modified_gmt":"2023-09-21T05:58:34","slug":"etusivu","status":"publish","type":"page","link":"https:\/\/blog.edu.turku.fi\/kestoa\/","title":{"rendered":"Etusivu"},"content":{"rendered":"<p>KESTOA \u2013 kest\u00e4v\u00e4 toinen aste -projektin tavoitteena on tukea toisen asteen oppilaitosten toimintakulttuuria ekologisesti kest\u00e4v\u00e4mm\u00e4ksi. Lis\u00e4ksi vahvistetaan opiskelijoiden ilmastonmuutoksen hillint\u00e4\u00e4n ja sen sopeutumiseen liittyvi\u00e4 tietoja, taitoja ja asenteita.<\/p>\n<p>Projektin aikana muun muassa konkretisoidaan kest\u00e4v\u00e4n kehityksen alueellisia strategioita kouluissa ja lis\u00e4t\u00e4\u00e4n kouluhenkil\u00f6kunnan ilmasto- ja kest\u00e4vyysosaamista. Koulujen oppimisymp\u00e4rist\u00f6j\u00e4 kehitet\u00e4\u00e4n sek\u00e4 tehd\u00e4\u00e4n ilmasto- ja kest\u00e4vyysosaamiseen ja niiden pedagogiikkaan liittyvi\u00e4 pilottikokeiluja. Turussa lukiokoulutukselle tehd\u00e4\u00e4n kest\u00e4v\u00e4n kehityksen tiekartta.<\/p>\n<p>Projektia toteuttavat Helsinki (Stadin ammattiopisto, lukiokoulutus), Turku (lukiokoulutus) ja Vantaa (Ammattiopisto Varia, Tikkurilan lukio).\u00a0 Kullakin on projektissa omia painopisteit\u00e4\u00e4n.<\/p>\n<p>&nbsp;<\/p>\n<p>&nbsp;<\/p>\n<p>&nbsp;<\/p>\n","protected":false},"excerpt":{"rendered":"<p>KESTOA \u2013 kest\u00e4v\u00e4 toinen aste -projektin tavoitteena on tukea toisen asteen oppilaitosten toimintakulttuuria ekologisesti kest\u00e4v\u00e4mm\u00e4ksi. Lis\u00e4ksi vahvistetaan opiskelijoiden ilmastonmuutoksen hillint\u00e4\u00e4n ja sen sopeutumiseen liittyvi\u00e4 tietoja, taitoja ja asenteita. Projektin aikana muun muassa konkretisoidaan kest\u00e4v\u00e4n kehityksen alueellisia strategioita kouluissa ja lis\u00e4t\u00e4\u00e4n kouluhenkil\u00f6kunnan ilmasto- ja kest\u00e4vyysosaamista. Koulujen oppimisymp\u00e4rist\u00f6j\u00e4 kehitet\u00e4\u00e4n sek\u00e4 tehd\u00e4\u00e4n ilmasto- ja kest\u00e4vyysosaamiseen ja niiden pedagogiikkaan &hellip; <a href=\"https:\/\/blog.edu.turku.fi\/kestoa\/\" class=\"more-link\">Jatka lukemista<span class=\"screen-reader-text\"> &#8221;Etusivu&#8221;<\/span><\/a><\/p>\n","protected":false},"author":56,"featured_media":0,"parent":0,"menu_order":0,"comment_status":"closed","ping_status":"closed","template":"","meta":{"footnotes":""},"class_list":["post-7","page","type-page","status-publish","hentry"],"_links":{"self":[{"href":"https:\/\/blog.edu.turku.fi\/kestoa\/wp-json\/wp\/v2\/pages\/7","targetHints":{"allow":["GET"]}}],"collection":[{"href":"https:\/\/blog.edu.turku.fi\/kestoa\/wp-json\/wp\/v2\/pages"}],"about":[{"href":"https:\/\/blog.edu.turku.fi\/kestoa\/wp-json\/wp\/v2\/types\/page"}],"author":[{"embeddable":true,"href":"https:\/\/blog.edu.turku.fi\/kestoa\/wp-json\/wp\/v2\/users\/56"}],"replies":[{"embeddable":true,"href":"https:\/\/blog.edu.turku.fi\/kestoa\/wp-json\/wp\/v2\/comments?post=7"}],"version-history":[{"count":3,"href":"https:\/\/blog.edu.turku.fi\/kestoa\/wp-json\/wp\/v2\/pages\/7\/revisions"}],"predecessor-version":[{"id":24,"href":"https:\/\/blog.edu.turku.fi\/kestoa\/wp-json\/wp\/v2\/pages\/7\/revisions\/24"}],"wp:attachment":[{"href":"https:\/\/blog.edu.turku.fi\/kestoa\/wp-json\/wp\/v2\/media?parent=7"}],"curies":[{"name":"wp","href":"https:\/\/api.w.org\/{rel}","templated":true}]}}