{"id":991,"date":"2023-12-19T08:30:41","date_gmt":"2023-12-19T06:30:41","guid":{"rendered":"https:\/\/blog.edu.turku.fi\/kestavan-tulevaisuuden-ammattilaiset\/?page_id=991"},"modified":"2023-12-19T08:31:07","modified_gmt":"2023-12-19T06:31:07","slug":"kestavan-kehityksen-teemaviikot","status":"publish","type":"page","link":"https:\/\/blog.edu.turku.fi\/kestavan-tulevaisuuden-ammattilaiset\/kao\/kestavan-kehityksen-teemaviikot\/","title":{"rendered":"Kest\u00e4v\u00e4n kehityksen teemaviikot"},"content":{"rendered":"<p>Kest\u00e4v\u00e4n tulevaisuuden ammattilaiset-hankkeen aikana on Kainuun ammattiopistolla vakiinnutettu kest\u00e4v\u00e4n kehityksen teemaviikot, jotka on pidetty kaksi kertaa vuodessa. T\u00e4st\u00e4 p\u00e4\u00e4set otsikkotasolla kurkistamaan ja poimimaan vinkkej\u00e4 keke viikoista, jotka on pidety KESTU-hankkeen aikana.<\/p>\n<p><a href=\"https:\/\/blog.edu.turku.fi\/kestavan-tulevaisuuden-ammattilaiset\/files\/2023\/12\/KAOn-kestavan-kehityksen-teemaviikko-kevat-2022.pdf\" target=\"_blank\" rel=\"noopener\">KAOn kest\u00e4v\u00e4n kehityksen teemaviikko kev\u00e4t 2022<\/a><\/p>\n<p><a href=\"https:\/\/blog.edu.turku.fi\/kestavan-tulevaisuuden-ammattilaiset\/files\/2023\/12\/KAO-kestavan-kehityksen-teemaviikko-syksy-2022.pdf\" target=\"_blank\" rel=\"noopener\">KAO kest\u00e4v\u00e4n kehityksen teemaviikko syksy 2022<\/a><\/p>\n<p><a href=\"https:\/\/blog.edu.turku.fi\/kestavan-tulevaisuuden-ammattilaiset\/files\/2023\/12\/KAO-kestavan-kehityksen-teemaviikko-kevat-2023.pdf\" target=\"_blank\" rel=\"noopener\">KAO kest\u00e4v\u00e4n kehityksen teemaviikko kev\u00e4t 2023<\/a><\/p>\n<p><a href=\"https:\/\/blog.edu.turku.fi\/kestavan-tulevaisuuden-ammattilaiset\/files\/2023\/12\/KAO-kestavan-kehityksen-teemaviikko-syksy-2023.pdf\" target=\"_blank\" rel=\"noopener\">KAO kest\u00e4v\u00e4n kehityksen teemaviikko syksy 2023<\/a><\/p>\n","protected":false},"excerpt":{"rendered":"<p>Kest\u00e4v\u00e4n tulevaisuuden ammattilaiset-hankkeen aikana on Kainuun ammattiopistolla vakiinnutettu kest\u00e4v\u00e4n kehityksen teemaviikot, jotka on pidetty kaksi kertaa vuodessa. T\u00e4st\u00e4 p\u00e4\u00e4set otsikkotasolla kurkistamaan ja poimimaan vinkkej\u00e4 keke viikoista, jotka on pidety KESTU-hankkeen aikana. KAOn kest\u00e4v\u00e4n kehityksen teemaviikko kev\u00e4t 2022 KAO kest\u00e4v\u00e4n kehityksen teemaviikko syksy 2022 KAO kest\u00e4v\u00e4n kehityksen teemaviikko kev\u00e4t 2023 KAO kest\u00e4v\u00e4n kehityksen teemaviikko syksy 2023<\/p>\n","protected":false},"author":3252,"featured_media":0,"parent":880,"menu_order":3,"comment_status":"closed","ping_status":"closed","template":"","meta":{"footnotes":""},"class_list":["post-991","page","type-page","status-publish","hentry"],"_links":{"self":[{"href":"https:\/\/blog.edu.turku.fi\/kestavan-tulevaisuuden-ammattilaiset\/wp-json\/wp\/v2\/pages\/991","targetHints":{"allow":["GET"]}}],"collection":[{"href":"https:\/\/blog.edu.turku.fi\/kestavan-tulevaisuuden-ammattilaiset\/wp-json\/wp\/v2\/pages"}],"about":[{"href":"https:\/\/blog.edu.turku.fi\/kestavan-tulevaisuuden-ammattilaiset\/wp-json\/wp\/v2\/types\/page"}],"author":[{"embeddable":true,"href":"https:\/\/blog.edu.turku.fi\/kestavan-tulevaisuuden-ammattilaiset\/wp-json\/wp\/v2\/users\/3252"}],"replies":[{"embeddable":true,"href":"https:\/\/blog.edu.turku.fi\/kestavan-tulevaisuuden-ammattilaiset\/wp-json\/wp\/v2\/comments?post=991"}],"version-history":[{"count":1,"href":"https:\/\/blog.edu.turku.fi\/kestavan-tulevaisuuden-ammattilaiset\/wp-json\/wp\/v2\/pages\/991\/revisions"}],"predecessor-version":[{"id":997,"href":"https:\/\/blog.edu.turku.fi\/kestavan-tulevaisuuden-ammattilaiset\/wp-json\/wp\/v2\/pages\/991\/revisions\/997"}],"up":[{"embeddable":true,"href":"https:\/\/blog.edu.turku.fi\/kestavan-tulevaisuuden-ammattilaiset\/wp-json\/wp\/v2\/pages\/880"}],"wp:attachment":[{"href":"https:\/\/blog.edu.turku.fi\/kestavan-tulevaisuuden-ammattilaiset\/wp-json\/wp\/v2\/media?parent=991"}],"curies":[{"name":"wp","href":"https:\/\/api.w.org\/{rel}","templated":true}]}}