{"id":966,"date":"2023-12-15T13:10:02","date_gmt":"2023-12-15T11:10:02","guid":{"rendered":"https:\/\/blog.edu.turku.fi\/kestavan-tulevaisuuden-ammattilaiset\/?page_id=966"},"modified":"2023-12-15T13:10:26","modified_gmt":"2023-12-15T11:10:26","slug":"opiskelijatempaukset","status":"publish","type":"page","link":"https:\/\/blog.edu.turku.fi\/kestavan-tulevaisuuden-ammattilaiset\/opiskelijatempaukset\/","title":{"rendered":"Opiskelijatempaukset"},"content":{"rendered":"<p>Stadin AO:ssa j\u00e4rjestettiin huhtikuussa 2023 kest\u00e4v\u00e4n tulevaisuuden tempauksia viidell\u00e4 kampuksella. Opiskelijat olivat kest\u00e4v\u00e4n tulevaisuuden tempauksien suunnittelussa mukana. Tempauksien toiminnoissa n\u00e4kyiv\u00e4t kest\u00e4v\u00e4n kehityksen eri painopisteet. Tempauksien ohjelma vaihteli kampuksittain. Tempauksissa kuultiin karaokea, opettajien lauluesityksi\u00e4 ja opiskelijoiden laatimia musiikkitoivelistoja. Tarjolla on kahvia ja opiskelijoiden leipomia muffinsseja. Tempauksien tulevaisuuspisteiss\u00e4 kurotettiin tulevaisuuteen tulevaisuusajattelun toimintapisteell\u00e4 ja muovaillaan muovailuvahasta oma tulevaisuus. P\u00e4iviss\u00e4 oli my\u00f6s kev\u00e4\u00e4n tuntua, kun multaa kylvet\u00e4\u00e4n herneenversojen ja auringonkukkien siemeni\u00e4 sek\u00e4 taimia. Toiminnallisissa pisteiss\u00e4 on my\u00f6s kauniiden tulppaaniasetelmien sidontaa, k\u00f6ysien punomista, korujen tekoa, kosmetiikan valmistamista ja hiusten leikkuuta.<\/p>\n<p><img loading=\"lazy\" decoding=\"async\" class=\"alignleft size-medium wp-image-957\" src=\"https:\/\/blog.edu.turku.fi\/kestavan-tulevaisuuden-ammattilaiset\/files\/2023\/12\/taidetta-225x300.jpg\" alt=\"\" width=\"225\" height=\"300\" srcset=\"https:\/\/blog.edu.turku.fi\/kestavan-tulevaisuuden-ammattilaiset\/files\/2023\/12\/taidetta-225x300.jpg 225w, https:\/\/blog.edu.turku.fi\/kestavan-tulevaisuuden-ammattilaiset\/files\/2023\/12\/taidetta.jpg 642w\" sizes=\"auto, (max-width: 225px) 85vw, 225px\" \/> <img loading=\"lazy\" decoding=\"async\" class=\"alignleft size-medium wp-image-956\" src=\"https:\/\/blog.edu.turku.fi\/kestavan-tulevaisuuden-ammattilaiset\/files\/2023\/12\/taideteaosjpg-300x200.jpg\" alt=\"\" width=\"300\" height=\"200\" srcset=\"https:\/\/blog.edu.turku.fi\/kestavan-tulevaisuuden-ammattilaiset\/files\/2023\/12\/taideteaosjpg-300x200.jpg 300w, https:\/\/blog.edu.turku.fi\/kestavan-tulevaisuuden-ammattilaiset\/files\/2023\/12\/taideteaosjpg.jpg 1024w\" sizes=\"auto, (max-width: 300px) 85vw, 300px\" \/> <img loading=\"lazy\" decoding=\"async\" class=\"alignleft size-medium wp-image-954\" src=\"https:\/\/blog.edu.turku.fi\/kestavan-tulevaisuuden-ammattilaiset\/files\/2023\/12\/Prinde-300x225.jpg\" alt=\"\" width=\"300\" height=\"225\" srcset=\"https:\/\/blog.edu.turku.fi\/kestavan-tulevaisuuden-ammattilaiset\/files\/2023\/12\/Prinde-300x225.jpg 300w, https:\/\/blog.edu.turku.fi\/kestavan-tulevaisuuden-ammattilaiset\/files\/2023\/12\/Prinde.jpg 1024w\" sizes=\"auto, (max-width: 300px) 85vw, 300px\" \/> <img loading=\"lazy\" decoding=\"async\" class=\"alignleft size-medium wp-image-952\" src=\"https:\/\/blog.edu.turku.fi\/kestavan-tulevaisuuden-ammattilaiset\/files\/2023\/12\/korut-225x300.jpg\" alt=\"\" width=\"225\" height=\"300\" srcset=\"https:\/\/blog.edu.turku.fi\/kestavan-tulevaisuuden-ammattilaiset\/files\/2023\/12\/korut-225x300.jpg 225w, https:\/\/blog.edu.turku.fi\/kestavan-tulevaisuuden-ammattilaiset\/files\/2023\/12\/korut.jpg 642w\" sizes=\"auto, (max-width: 225px) 85vw, 225px\" \/><\/p>\n","protected":false},"excerpt":{"rendered":"<p>Stadin AO:ssa j\u00e4rjestettiin huhtikuussa 2023 kest\u00e4v\u00e4n tulevaisuuden tempauksia viidell\u00e4 kampuksella. Opiskelijat olivat kest\u00e4v\u00e4n tulevaisuuden tempauksien suunnittelussa mukana. Tempauksien toiminnoissa n\u00e4kyiv\u00e4t kest\u00e4v\u00e4n kehityksen eri painopisteet. Tempauksien ohjelma vaihteli kampuksittain. Tempauksissa kuultiin karaokea, opettajien lauluesityksi\u00e4 ja opiskelijoiden laatimia musiikkitoivelistoja. Tarjolla on kahvia ja opiskelijoiden leipomia muffinsseja. Tempauksien tulevaisuuspisteiss\u00e4 kurotettiin tulevaisuuteen tulevaisuusajattelun toimintapisteell\u00e4 ja muovaillaan muovailuvahasta oma tulevaisuus. &hellip; <a href=\"https:\/\/blog.edu.turku.fi\/kestavan-tulevaisuuden-ammattilaiset\/opiskelijatempaukset\/\" class=\"more-link\">Jatka lukemista<span class=\"screen-reader-text\"> &#8221;Opiskelijatempaukset&#8221;<\/span><\/a><\/p>\n","protected":false},"author":3252,"featured_media":0,"parent":0,"menu_order":0,"comment_status":"closed","ping_status":"closed","template":"","meta":{"footnotes":""},"class_list":["post-966","page","type-page","status-publish","hentry"],"_links":{"self":[{"href":"https:\/\/blog.edu.turku.fi\/kestavan-tulevaisuuden-ammattilaiset\/wp-json\/wp\/v2\/pages\/966","targetHints":{"allow":["GET"]}}],"collection":[{"href":"https:\/\/blog.edu.turku.fi\/kestavan-tulevaisuuden-ammattilaiset\/wp-json\/wp\/v2\/pages"}],"about":[{"href":"https:\/\/blog.edu.turku.fi\/kestavan-tulevaisuuden-ammattilaiset\/wp-json\/wp\/v2\/types\/page"}],"author":[{"embeddable":true,"href":"https:\/\/blog.edu.turku.fi\/kestavan-tulevaisuuden-ammattilaiset\/wp-json\/wp\/v2\/users\/3252"}],"replies":[{"embeddable":true,"href":"https:\/\/blog.edu.turku.fi\/kestavan-tulevaisuuden-ammattilaiset\/wp-json\/wp\/v2\/comments?post=966"}],"version-history":[{"count":2,"href":"https:\/\/blog.edu.turku.fi\/kestavan-tulevaisuuden-ammattilaiset\/wp-json\/wp\/v2\/pages\/966\/revisions"}],"predecessor-version":[{"id":969,"href":"https:\/\/blog.edu.turku.fi\/kestavan-tulevaisuuden-ammattilaiset\/wp-json\/wp\/v2\/pages\/966\/revisions\/969"}],"wp:attachment":[{"href":"https:\/\/blog.edu.turku.fi\/kestavan-tulevaisuuden-ammattilaiset\/wp-json\/wp\/v2\/media?parent=966"}],"curies":[{"name":"wp","href":"https:\/\/api.w.org\/{rel}","templated":true}]}}