{"id":914,"date":"2023-12-13T09:44:20","date_gmt":"2023-12-13T07:44:20","guid":{"rendered":"https:\/\/blog.edu.turku.fi\/kestavan-tulevaisuuden-ammattilaiset\/?page_id=914"},"modified":"2023-12-21T14:47:36","modified_gmt":"2023-12-21T12:47:36","slug":"tain-kestavyysperehdytys","status":"publish","type":"page","link":"https:\/\/blog.edu.turku.fi\/kestavan-tulevaisuuden-ammattilaiset\/tai\/tain-kestavyysperehdytys\/","title":{"rendered":"TAI:n kest\u00e4vyysperehdytys"},"content":{"rendered":"<p>TAI:n henkil\u00f6st\u00f6n ymp\u00e4rist\u00f6osaamista vahvistetaan kest\u00e4v\u00e4n kehityksen koulutuspolun<br \/>\navulla. Kaikki TAI:ssa ty\u00f6skentelev\u00e4t suorittavat v\u00e4hint\u00e4\u00e4n perustason kest\u00e4vyyskoulutuksen, johon<br \/>\nkuuluu Suomen ymp\u00e4rist\u00f6opisto SYKLIn Ammattilaisen k\u00e4denj\u00e4lki -koulutuksen suorittaminen sek\u00e4<br \/>\nt\u00e4h\u00e4n TAI:n kest\u00e4vyysmateriaaliin tutustuminen.<\/p>\n<p>Suoritusohjeet:<br \/>\n1. Suorita<span style=\"color: #000000\"> Ammattilaisen k\u00e4denj\u00e4lki<\/span> -sivuston kurssi<span style=\"color: #3366ff\"><a style=\"color: #3366ff\" href=\"https:\/\/kadenjalki.fi\/kurssit\/\"> Johdanto kest\u00e4v\u00e4\u00e4n kehitykseen<\/a>.<\/span> Kurssilta<br \/>\nsaat kattavat perustiedot kest\u00e4v\u00e4st\u00e4 kehityksest\u00e4 ja vihre\u00e4st\u00e4 siirtym\u00e4st\u00e4.<br \/>\n2. Tutustu huolellisesti <a href=\"https:\/\/blog.edu.turku.fi\/kekeperehdytys\/\" target=\"_blank\" rel=\"noopener\"><span style=\"color: #3366ff\">TAI:n kest\u00e4vyysmateriaalin<\/span><\/a> sis\u00e4lt\u00f6\u00f6n ja sen linkkeihin. Kest\u00e4vyysmateriaali<br \/>\nkertoo, miten kest\u00e4v\u00e4 kehitys huomioidaan TAI:n toiminnassa.<br \/>\n3. Pelaa <span style=\"color: #3366ff\"><a style=\"color: #3366ff\" href=\"https:\/\/blog.edu.turku.fi\/kestavan-tulevaisuuden-ammattilaiset\/files\/2023\/12\/pin_code-1.pdf\" target=\"_blank\" rel=\"noopener\">Seppo-peli<\/a><\/span>, joka tukee kest\u00e4vyysmateriaaliin tutustumista. Seppo-pelin l\u00e4p\u00e4iseminen toimii varmistuksena perehdytysmateriaaliin tutustumisesta.<\/p>\n<h2><span style=\"color: #00a97a\">TAI:n kest\u00e4vyysperehdytysohjelman tasot<\/span><\/h2>\n<p><img loading=\"lazy\" decoding=\"async\" class=\"size-medium wp-image-74 alignleft\" src=\"https:\/\/blog.edu.turku.fi\/kekeperehdytys\/files\/2023\/08\/Koulutuspolku-kuvitus-06-216x300.jpg\" alt=\"\" width=\"216\" height=\"300\" \/><strong><span style=\"color: #ed1a3b\">Taso 1<\/span><\/strong>: Kaikille<br \/>\n\u2022 Ammattilaisen k\u00e4denj\u00e4lki -sivuston Johdanto kest\u00e4v\u00e4\u00e4n<br \/>\nkehitykseen -kurssi ja testi<br \/>\n\u2022 T\u00e4m\u00e4 kest\u00e4vyysmateriaali ja siihen liittyv\u00e4 testi<br \/>\n<strong><span style=\"color: #ed1a3b\">Taso 2<\/span><\/strong>: Kest\u00e4vyystoimenpiteiden yll\u00e4pit\u00e4misest\u00e4 kiinnostuneille<br \/>\n\u2022 Turun kaupungin Ekotukikoulutus<br \/>\n<strong><span style=\"color: #ed1a3b\">Taso 3<\/span><\/strong>: Alan vastuullisuuden kehitt\u00e4misest\u00e4 kiinnostuneille<br \/>\n\u2022 Ammattilaisen k\u00e4denj\u00e4lki -sivuston alakohtaiset kurssit ja<br \/>\ntestit<br \/>\n<strong><span style=\"color: #ed1a3b\">Taso 4<\/span><\/strong>: Valituille kokonaisvaltaiseen kehitt\u00e4miseen sitoutuville<br \/>\n\u2022 Ymp\u00e4rist\u00f6kasvattajan koulutus (ymp\u00e4rist\u00f6alan EAT) oppisopimuksella<\/p>\n","protected":false},"excerpt":{"rendered":"<p>TAI:n henkil\u00f6st\u00f6n ymp\u00e4rist\u00f6osaamista vahvistetaan kest\u00e4v\u00e4n kehityksen koulutuspolun avulla. Kaikki TAI:ssa ty\u00f6skentelev\u00e4t suorittavat v\u00e4hint\u00e4\u00e4n perustason kest\u00e4vyyskoulutuksen, johon kuuluu Suomen ymp\u00e4rist\u00f6opisto SYKLIn Ammattilaisen k\u00e4denj\u00e4lki -koulutuksen suorittaminen sek\u00e4 t\u00e4h\u00e4n TAI:n kest\u00e4vyysmateriaaliin tutustuminen. Suoritusohjeet: 1. Suorita Ammattilaisen k\u00e4denj\u00e4lki -sivuston kurssi Johdanto kest\u00e4v\u00e4\u00e4n kehitykseen. Kurssilta saat kattavat perustiedot kest\u00e4v\u00e4st\u00e4 kehityksest\u00e4 ja vihre\u00e4st\u00e4 siirtym\u00e4st\u00e4. 2. Tutustu huolellisesti TAI:n kest\u00e4vyysmateriaalin sis\u00e4lt\u00f6\u00f6n ja &hellip; <a href=\"https:\/\/blog.edu.turku.fi\/kestavan-tulevaisuuden-ammattilaiset\/tai\/tain-kestavyysperehdytys\/\" class=\"more-link\">Jatka lukemista<span class=\"screen-reader-text\"> &#8221;TAI:n kest\u00e4vyysperehdytys&#8221;<\/span><\/a><\/p>\n","protected":false},"author":3252,"featured_media":0,"parent":679,"menu_order":0,"comment_status":"closed","ping_status":"closed","template":"","meta":{"footnotes":""},"class_list":["post-914","page","type-page","status-publish","hentry"],"_links":{"self":[{"href":"https:\/\/blog.edu.turku.fi\/kestavan-tulevaisuuden-ammattilaiset\/wp-json\/wp\/v2\/pages\/914","targetHints":{"allow":["GET"]}}],"collection":[{"href":"https:\/\/blog.edu.turku.fi\/kestavan-tulevaisuuden-ammattilaiset\/wp-json\/wp\/v2\/pages"}],"about":[{"href":"https:\/\/blog.edu.turku.fi\/kestavan-tulevaisuuden-ammattilaiset\/wp-json\/wp\/v2\/types\/page"}],"author":[{"embeddable":true,"href":"https:\/\/blog.edu.turku.fi\/kestavan-tulevaisuuden-ammattilaiset\/wp-json\/wp\/v2\/users\/3252"}],"replies":[{"embeddable":true,"href":"https:\/\/blog.edu.turku.fi\/kestavan-tulevaisuuden-ammattilaiset\/wp-json\/wp\/v2\/comments?post=914"}],"version-history":[{"count":4,"href":"https:\/\/blog.edu.turku.fi\/kestavan-tulevaisuuden-ammattilaiset\/wp-json\/wp\/v2\/pages\/914\/revisions"}],"predecessor-version":[{"id":1103,"href":"https:\/\/blog.edu.turku.fi\/kestavan-tulevaisuuden-ammattilaiset\/wp-json\/wp\/v2\/pages\/914\/revisions\/1103"}],"up":[{"embeddable":true,"href":"https:\/\/blog.edu.turku.fi\/kestavan-tulevaisuuden-ammattilaiset\/wp-json\/wp\/v2\/pages\/679"}],"wp:attachment":[{"href":"https:\/\/blog.edu.turku.fi\/kestavan-tulevaisuuden-ammattilaiset\/wp-json\/wp\/v2\/media?parent=914"}],"curies":[{"name":"wp","href":"https:\/\/api.w.org\/{rel}","templated":true}]}}