{"id":1025,"date":"2023-12-20T09:52:11","date_gmt":"2023-12-20T07:52:11","guid":{"rendered":"https:\/\/blog.edu.turku.fi\/kestavan-tulevaisuuden-ammattilaiset\/?page_id=1025"},"modified":"2023-12-20T10:04:59","modified_gmt":"2023-12-20T08:04:59","slug":"1025-2","status":"publish","type":"page","link":"https:\/\/blog.edu.turku.fi\/kestavan-tulevaisuuden-ammattilaiset\/1025-2\/","title":{"rendered":"KESTU-hanke Tredussa"},"content":{"rendered":"<p>Tredun tavoitteet olivat saada\u00a0Kest\u00e4v\u00e4 kehitys ja vihre\u00e4 siirtym\u00e4 kiinte\u00e4ksi osaksi johtamisk\u00e4yt\u00e4nt\u00f6\u00e4 ja toimintakulttuuria, sek\u00e4 lis\u00e4t\u00e4t tietoisuutta ja osaamista niin, ett\u00e4 henkil\u00f6st\u00f6 tunnistaa ja ymm\u00e4rt\u00e4\u00e4 kest\u00e4v\u00e4n kehityksen merkityksen toiminnassa ja toimii tavoitteiden mukaisesti. Kolmas tavoite oli laskea yhden toimipisteen hiilijalanj\u00e4lki ja pilotoida laskentaperiaate seuraaville toimipisteille.<\/p>\n<p>Tredun tuloksena voidaan todeta ett\u00e4 johtamiseen liittyv\u00e4 tavoite on toteutunut omalla painollaan uuden strategian my\u00f6t\u00e4. Henkil\u00f6st\u00f6n osaamisen lis\u00e4\u00e4miseksi on hankkeessa tehty ty\u00f6t\u00e4 niin perehdytyksen kehitt\u00e4misess\u00e4 kuin henkil\u00f6st\u00f6n osaamisessakin. Hiilijalanj\u00e4ljen laskenta ylitti kaikki odotukset ja saimme laskettua yhden toimipisteen sijaan koko Tredun hiilijalanj\u00e4ljen.<\/p>\n<p><a href=\"https:\/\/blog.edu.turku.fi\/kestavan-tulevaisuuden-ammattilaiset\/files\/2023\/12\/KESTU_Hankesivuille.pdf\" target=\"_blank\" rel=\"noopener\"><img loading=\"lazy\" decoding=\"async\" class=\"alignleft wp-image-1026 size-large\" src=\"https:\/\/blog.edu.turku.fi\/kestavan-tulevaisuuden-ammattilaiset\/files\/2023\/12\/KESTU_Hankesivuille-1024x576.jpg\" alt=\"\" width=\"1024\" height=\"576\" srcset=\"https:\/\/blog.edu.turku.fi\/kestavan-tulevaisuuden-ammattilaiset\/files\/2023\/12\/KESTU_Hankesivuille.jpg 1024w, https:\/\/blog.edu.turku.fi\/kestavan-tulevaisuuden-ammattilaiset\/files\/2023\/12\/KESTU_Hankesivuille-300x169.jpg 300w\" sizes=\"auto, (max-width: 709px) 85vw, (max-width: 909px) 67vw, (max-width: 1362px) 62vw, 840px\" \/><\/a><\/p>\n","protected":false},"excerpt":{"rendered":"<p>Tredun tavoitteet olivat saada\u00a0Kest\u00e4v\u00e4 kehitys ja vihre\u00e4 siirtym\u00e4 kiinte\u00e4ksi osaksi johtamisk\u00e4yt\u00e4nt\u00f6\u00e4 ja toimintakulttuuria, sek\u00e4 lis\u00e4t\u00e4t tietoisuutta ja osaamista niin, ett\u00e4 henkil\u00f6st\u00f6 tunnistaa ja ymm\u00e4rt\u00e4\u00e4 kest\u00e4v\u00e4n kehityksen merkityksen toiminnassa ja toimii tavoitteiden mukaisesti. Kolmas tavoite oli laskea yhden toimipisteen hiilijalanj\u00e4lki ja pilotoida laskentaperiaate seuraaville toimipisteille. Tredun tuloksena voidaan todeta ett\u00e4 johtamiseen liittyv\u00e4 tavoite on toteutunut omalla &hellip; <a href=\"https:\/\/blog.edu.turku.fi\/kestavan-tulevaisuuden-ammattilaiset\/1025-2\/\" class=\"more-link\">Jatka lukemista<span class=\"screen-reader-text\"> &#8221;KESTU-hanke Tredussa&#8221;<\/span><\/a><\/p>\n","protected":false},"author":3252,"featured_media":0,"parent":0,"menu_order":0,"comment_status":"closed","ping_status":"closed","template":"","meta":{"footnotes":""},"class_list":["post-1025","page","type-page","status-publish","hentry"],"_links":{"self":[{"href":"https:\/\/blog.edu.turku.fi\/kestavan-tulevaisuuden-ammattilaiset\/wp-json\/wp\/v2\/pages\/1025","targetHints":{"allow":["GET"]}}],"collection":[{"href":"https:\/\/blog.edu.turku.fi\/kestavan-tulevaisuuden-ammattilaiset\/wp-json\/wp\/v2\/pages"}],"about":[{"href":"https:\/\/blog.edu.turku.fi\/kestavan-tulevaisuuden-ammattilaiset\/wp-json\/wp\/v2\/types\/page"}],"author":[{"embeddable":true,"href":"https:\/\/blog.edu.turku.fi\/kestavan-tulevaisuuden-ammattilaiset\/wp-json\/wp\/v2\/users\/3252"}],"replies":[{"embeddable":true,"href":"https:\/\/blog.edu.turku.fi\/kestavan-tulevaisuuden-ammattilaiset\/wp-json\/wp\/v2\/comments?post=1025"}],"version-history":[{"count":4,"href":"https:\/\/blog.edu.turku.fi\/kestavan-tulevaisuuden-ammattilaiset\/wp-json\/wp\/v2\/pages\/1025\/revisions"}],"predecessor-version":[{"id":1039,"href":"https:\/\/blog.edu.turku.fi\/kestavan-tulevaisuuden-ammattilaiset\/wp-json\/wp\/v2\/pages\/1025\/revisions\/1039"}],"wp:attachment":[{"href":"https:\/\/blog.edu.turku.fi\/kestavan-tulevaisuuden-ammattilaiset\/wp-json\/wp\/v2\/media?parent=1025"}],"curies":[{"name":"wp","href":"https:\/\/api.w.org\/{rel}","templated":true}]}}