{"id":894,"date":"2019-06-02T08:55:50","date_gmt":"2019-06-02T05:55:50","guid":{"rendered":"https:\/\/blog.edu.turku.fi\/kerttulinlukio\/?page_id=894"},"modified":"2019-06-02T09:41:01","modified_gmt":"2019-06-02T06:41:01","slug":"kesakuu","status":"publish","type":"page","link":"https:\/\/blog.edu.turku.fi\/kerttulinlukio\/kesakuu\/","title":{"rendered":"Kes\u00e4kuu"},"content":{"rendered":"<p><strong><img loading=\"lazy\" decoding=\"async\" class=\"alignright size-large wp-image-914\" src=\"https:\/\/blog.edu.turku.fi\/kerttulinlukio\/files\/2019\/06\/yo_esitys2-1024x591.jpg\" alt=\"\" width=\"1024\" height=\"591\" srcset=\"https:\/\/blog.edu.turku.fi\/kerttulinlukio\/files\/2019\/06\/yo_esitys2-1024x591.jpg 1024w, https:\/\/blog.edu.turku.fi\/kerttulinlukio\/files\/2019\/06\/yo_esitys2-300x173.jpg 300w, https:\/\/blog.edu.turku.fi\/kerttulinlukio\/files\/2019\/06\/yo_esitys2.jpg 2048w\" sizes=\"auto, (max-width: 709px) 85vw, (max-width: 909px) 67vw, (max-width: 1362px) 62vw, 840px\" \/>Kerttulin lukion ylioppilasjuhla 1.6.2019<\/strong><\/p>\n<p>Kerttulin uudet ylioppilaat lakitettiin aurinkoisessa s\u00e4\u00e4ss\u00e4 Logomossa kello 11 alkaneessa juhlassa. Tilaisuuden aluksi veisattiin Suvivirsi Santeri Rounaksen s\u00e4estyksell\u00e4, jonka j\u00e4lkeen rehtori Tapio Laine toivotti l\u00e4sn\u00e4olijat tervetulleiksi.<\/p>\n<p><img loading=\"lazy\" decoding=\"async\" class=\"alignright size-medium wp-image-904\" src=\"https:\/\/blog.edu.turku.fi\/kerttulinlukio\/files\/2019\/06\/yo_musiikki1-300x180.jpg\" alt=\"\" width=\"300\" height=\"180\" srcset=\"https:\/\/blog.edu.turku.fi\/kerttulinlukio\/files\/2019\/06\/yo_musiikki1-300x180.jpg 300w, https:\/\/blog.edu.turku.fi\/kerttulinlukio\/files\/2019\/06\/yo_musiikki1-1024x614.jpg 1024w, https:\/\/blog.edu.turku.fi\/kerttulinlukio\/files\/2019\/06\/yo_musiikki1.jpg 2048w\" sizes=\"auto, (max-width: 300px) 85vw, 300px\" \/>T\u00e4m\u00e4n j\u00e4lkeen kuultiin Hans Zimmerin Time, jonka esittiv\u00e4t Mette Hyv\u00e4rinen ja Tuovi Kattelus (huilu), Aleks Hiidenhovi (piano), Aapeli Hyv\u00e4rinen (kitara), Markus Takkinen (sello) ja Jere Kumpula (rummut).<\/p>\n<p><img loading=\"lazy\" decoding=\"async\" class=\"alignright size-medium wp-image-905\" src=\"https:\/\/blog.edu.turku.fi\/kerttulinlukio\/files\/2019\/06\/yo_vanh-puhe-300x218.jpg\" alt=\"\" width=\"300\" height=\"218\" srcset=\"https:\/\/blog.edu.turku.fi\/kerttulinlukio\/files\/2019\/06\/yo_vanh-puhe-300x218.jpg 300w, https:\/\/blog.edu.turku.fi\/kerttulinlukio\/files\/2019\/06\/yo_vanh-puhe-1024x743.jpg 1024w, https:\/\/blog.edu.turku.fi\/kerttulinlukio\/files\/2019\/06\/yo_vanh-puhe.jpg 2048w\" sizes=\"auto, (max-width: 300px) 85vw, 300px\" \/> <img loading=\"lazy\" decoding=\"async\" class=\"size-medium wp-image-906 alignnone\" src=\"https:\/\/blog.edu.turku.fi\/kerttulinlukio\/files\/2019\/06\/yo_reht_puhe-300x202.jpg\" alt=\"\" width=\"300\" height=\"202\" srcset=\"https:\/\/blog.edu.turku.fi\/kerttulinlukio\/files\/2019\/06\/yo_reht_puhe-300x202.jpg 300w, https:\/\/blog.edu.turku.fi\/kerttulinlukio\/files\/2019\/06\/yo_reht_puhe-1024x689.jpg 1024w, https:\/\/blog.edu.turku.fi\/kerttulinlukio\/files\/2019\/06\/yo_reht_puhe.jpg 2048w\" sizes=\"auto, (max-width: 300px) 85vw, 300px\" \/>Seuraavaksi ylioppilaan vanhemman puheen piti Rita Melartin. Rehtori puolestaan k\u00e4sitteli puheessaan kulunutta kouluvuotta, jonka j\u00e4lkeen jaettiin seuraavat stipendit.<\/p>\n<p><img loading=\"lazy\" decoding=\"async\" class=\"alignright size-thumbnail wp-image-907\" src=\"https:\/\/blog.edu.turku.fi\/kerttulinlukio\/files\/2019\/06\/yo_SakuK-150x150.jpg\" alt=\"\" width=\"150\" height=\"150\" \/> <img loading=\"lazy\" decoding=\"async\" class=\"alignright size-thumbnail wp-image-908\" src=\"https:\/\/blog.edu.turku.fi\/kerttulinlukio\/files\/2019\/06\/yo_kauppak_1-150x150.jpg\" alt=\"\" width=\"150\" height=\"150\" \/> <img loading=\"lazy\" decoding=\"async\" class=\"alignright size-thumbnail wp-image-909\" src=\"https:\/\/blog.edu.turku.fi\/kerttulinlukio\/files\/2019\/06\/yo_kauppak2-150x150.jpg\" alt=\"\" width=\"150\" height=\"150\" \/>Jukka Koivu luovutti Saku Koivu \u2013stipendin Elina Saksalle ja Pekka Numminen jakoi Turun kauppakamarin ICT-stipendit Juho Duongille ja Teemu M\u00e4kiselle.<\/p>\n<p><img loading=\"lazy\" decoding=\"async\" class=\"alignright size-medium wp-image-911\" src=\"https:\/\/blog.edu.turku.fi\/kerttulinlukio\/files\/2019\/06\/yo_julistus-300x191.jpg\" alt=\"\" width=\"300\" height=\"191\" srcset=\"https:\/\/blog.edu.turku.fi\/kerttulinlukio\/files\/2019\/06\/yo_julistus-300x191.jpg 300w, https:\/\/blog.edu.turku.fi\/kerttulinlukio\/files\/2019\/06\/yo_julistus-1024x653.jpg 1024w, https:\/\/blog.edu.turku.fi\/kerttulinlukio\/files\/2019\/06\/yo_julistus.jpg 2048w\" sizes=\"auto, (max-width: 300px) 85vw, 300px\" \/> <img loading=\"lazy\" decoding=\"async\" class=\"size-medium wp-image-912 alignnone\" src=\"https:\/\/blog.edu.turku.fi\/kerttulinlukio\/files\/2019\/06\/YO_puhe-300x213.jpg\" alt=\"\" width=\"300\" height=\"213\" srcset=\"https:\/\/blog.edu.turku.fi\/kerttulinlukio\/files\/2019\/06\/YO_puhe-300x213.jpg 300w, https:\/\/blog.edu.turku.fi\/kerttulinlukio\/files\/2019\/06\/YO_puhe-1024x726.jpg 1024w, https:\/\/blog.edu.turku.fi\/kerttulinlukio\/files\/2019\/06\/YO_puhe.jpg 2048w\" sizes=\"auto, (max-width: 300px) 85vw, 300px\" \/> <img loading=\"lazy\" decoding=\"async\" class=\"alignright size-medium wp-image-913\" src=\"https:\/\/blog.edu.turku.fi\/kerttulinlukio\/files\/2019\/06\/yo_esitys1-300x178.jpg\" alt=\"\" width=\"300\" height=\"178\" srcset=\"https:\/\/blog.edu.turku.fi\/kerttulinlukio\/files\/2019\/06\/yo_esitys1-300x178.jpg 300w, https:\/\/blog.edu.turku.fi\/kerttulinlukio\/files\/2019\/06\/yo_esitys1-1024x609.jpg 1024w, https:\/\/blog.edu.turku.fi\/kerttulinlukio\/files\/2019\/06\/yo_esitys1.jpg 2048w\" sizes=\"auto, (max-width: 300px) 85vw, 300px\" \/>Juhlallisen ylioppilastodistusten jaon ja ylioppilaaksi julistamisen j\u00e4lkeen laulettiin Gaudeamus igitur Tuovi Katteluksen s\u00e4est\u00e4m\u00e4n\u00e4.<\/p>\n<p>Tilaisuus p\u00e4\u00e4ttyi Justus Vuoren uuden ylioppilaan puheeseen sek\u00e4 uusien ylioppilaiden yhteislauluesitykseen.<\/p>\n<p><img loading=\"lazy\" decoding=\"async\" class=\"alignright size-large wp-image-903\" src=\"https:\/\/blog.edu.turku.fi\/kerttulinlukio\/files\/2019\/06\/yo_lakit2-1024x644.jpg\" alt=\"\" width=\"1024\" height=\"644\" srcset=\"https:\/\/blog.edu.turku.fi\/kerttulinlukio\/files\/2019\/06\/yo_lakit2-1024x644.jpg 1024w, https:\/\/blog.edu.turku.fi\/kerttulinlukio\/files\/2019\/06\/yo_lakit2-300x189.jpg 300w, https:\/\/blog.edu.turku.fi\/kerttulinlukio\/files\/2019\/06\/yo_lakit2.jpg 2048w\" sizes=\"auto, (max-width: 709px) 85vw, (max-width: 909px) 67vw, (max-width: 1362px) 62vw, 840px\" \/>Edell\u00e4 mainittujen lis\u00e4ksi jaettiin seuraavat stipendit.<br \/>\n<strong>Aaltonen<\/strong> Leevi: Kerttulin lukion tunnustuspalkinto: laudaturit englannista ja pitk\u00e4st\u00e4 matematiikasta.<br \/>\n<strong>Aalto-Set\u00e4l\u00e4<\/strong> Lumi: Kerttulin lukion tunnustuspalkinto: laudatur keskipitk\u00e4st\u00e4 ruotsista, Sverigekontakt i Finland kirjapalkinto, Kerttulin lukion tunnustuspalkinto: laudatur pitk\u00e4st\u00e4 matematiikasta.<br \/>\n<strong>Antikainen<\/strong> Perttu: Kerttulin lukion tunnustuspalkinto: laudatur englannista, Talousguru-palkinto.<br \/>\n<strong>Duong<\/strong> Juho: Kerttulin lukion tunnustuspalkinto: laudatur pitk\u00e4st\u00e4 matematiikasta.<br \/>\n<strong>Haapanen<\/strong> Santeri: Kerttulin lukion tunnustuspalkinto: laudaturit historiasta, yhteiskuntaopista ja lyhyest\u00e4 matematiikasta, Otavan kirjapalkinto hyv\u00e4st\u00e4 menestyksest\u00e4 historian ja yhteiskuntaopin kirjoituksissa.<br \/>\n<strong>Hakulinen<\/strong> Heikki: Kerttulin lukion tunnustuspalkinto: laudaturit biologiasta, fysiikasta ja pitk\u00e4st\u00e4 matematiikasta. Stipendi hyv\u00e4st\u00e4 menestyksest\u00e4 yo-kirjoituksissa.<br \/>\n<strong>Harittu<\/strong> Enni: Kerttulin lukion tunnustuspalkinto: laudaturit pitk\u00e4st\u00e4 matematiikasta ja yhteiskuntaopista.<br \/>\n<strong>Havia <\/strong>Salla: Kerttulin lukion tunnustuspalkinto: laudaturit \u00e4idinkielest\u00e4, lyhyest\u00e4 matematiikasta ja terveystiedosta, stipendi hyv\u00e4st\u00e4 menestyksest\u00e4 yo-kirjoituksissa, liikunnan ja terveystiedon opettajien liiton Yksi el\u00e4m\u00e4 \u2013palkinto, kirjapalkinto hyv\u00e4st\u00e4 menestyksest\u00e4 \u00e4idinkielen kirjotuksissa.<br \/>\n<strong>Heinonen<\/strong> Jemina: Kerttulin lukion tunnustuspalkinto: laudaturit terveystiedosta ja yhteiskuntaopista.<br \/>\n<strong>Hiidenhovi<\/strong> Aleks: Kerttulin lukion tunnustuspalkinto: laudaturit pitk\u00e4st\u00e4 matematiikasta, yhteiskuntaopista, kemiasta, keskipitk\u00e4st\u00e4 ruotsista, fysiikasta ja englannista, Kemia-lehti, Turun stipendirahaston stipendi hyv\u00e4st\u00e4 menestyksest\u00e4 yo-kirjoituksissa.<br \/>\n<strong>H\u00e4nninen<\/strong> Camilla: Kerttulin lukion tunnustuspalkinto: laudatur englannista.<br \/>\n<strong>H\u00e4nninen<\/strong> Mariette: Kerttulin lukion tunnustuspalkinto: laudatur historiasta.<br \/>\n<strong>Jaakkola<\/strong> Akseli: Kerttulin lukion tunnustuspalkinto: laudaturit historiasta, fysiikasta ja englannista, Helisev\u00e4-s\u00e4\u00e4ti\u00f6n stipendi hyv\u00e4st\u00e4 menestyksest\u00e4 yo-kirjoituksissa.<br \/>\n<strong>Janatuinen<\/strong> Iiris: Kerttulin lukion tunnustuspalkinto: laudaturit psykologiasta, yhteiskuntaopista ja lyhyest\u00e4 matematiikasta, Turun stipendirahaston stipendi hyv\u00e4st\u00e4 menestyksest\u00e4 yo-kirjoituksissa.<br \/>\n<strong>Karhu<\/strong> Nea: Kerttulin lukion tunnustuspalkinto: laudatur biologiasta.<br \/>\n<strong>Kittil\u00e4<\/strong> Jaakko: Kerttulin lukion tunnustuspalkinto: laudaturit historiasta ja englannista, Helisev\u00e4-s\u00e4\u00e4ti\u00f6n stipendi hyv\u00e4st\u00e4 menestyksest\u00e4 yo-kirjoituksissa.<br \/>\n<strong>Kulmala<\/strong> Julia: Kerttulin lukion tunnustuspalkinto: laudaturit historiasta ja yhteiskuntaopista, Turun seudun historian ja yhteiskuntaopin -opettajien kerhon Klio-kirjapalkinto.<br \/>\n<strong>Kuusisto<\/strong> Elias: Kerttulin lukion tunnustuspalkinto: laudaturit pitk\u00e4st\u00e4 matematiikasta, kemiasta, biologiasta, \u00e4idinkielest\u00e4 ja pitk\u00e4st\u00e4 ruotsista, Turun stipendirahaston stipendi hyv\u00e4st\u00e4 menestyksest\u00e4 yo-kirjoituksissa, kirjapalkinto hyv\u00e4st\u00e4 menestyksest\u00e4 \u00e4idinkielen kirjoituksissa.<br \/>\n<strong>K\u00e4rn\u00e4<\/strong> Lauri: Kerttulin lukion tunnustuspalkinto: englannista, psykologiasta ja biologiasta, stipendi hyv\u00e4st\u00e4 menestyksest\u00e4 yo-kirjoituksissa.<br \/>\n<strong>Laukkanen<\/strong> Valtteri: Kerttulin lukion tunnustuspalkinto: laudatur yhteiskuntaopista, fysiikasta, pitk\u00e4st\u00e4 matematiikasta ja lyhyest\u00e4 saksasta, stipendi hyv\u00e4st\u00e4 menestyksest\u00e4 yo-kirjoituksissa, Otavan kirjapalkinto hyv\u00e4st\u00e4 menestyksest\u00e4 yhteiskuntaopin kirjoituksissa.<br \/>\n<strong>Leino<\/strong> Aaron: Kerttulin lukion tunnustuspalkinto: laudaturit historiasta ja yhteiskuntaopista, Otavan kirjapalkinto hyv\u00e4st\u00e4 menestyksest\u00e4 historian ja yhteiskuntaopin kirjoituksissa.<br \/>\n<strong>Liski<\/strong> Rebekka: Kerttulin lukion tunnustuspalkinto: laudaturit terveystiedosta, pitk\u00e4st\u00e4 matematiikasta, lyhyest\u00e4 saksasta ja yhteiskuntaopista, stipendi hyv\u00e4st\u00e4 menestyksest\u00e4 yo-kirjoituksissa, Otavan kirjapalkinto hyv\u00e4st\u00e4 menestyksest\u00e4 yhteiskuntaopin kirjoituksissa.<br \/>\n<strong>Malminen<\/strong> Meri: Kerttulin lukion tunnustuspalkinto: laudatur englannista ja keskipitk\u00e4st\u00e4 ruotsista, Pohjola-Norden kirjapalkinto.<br \/>\n<strong>M\u00e4ki<\/strong> Tuuli: Autokoulu V\u00e4is\u00e4sen stipendi.<br \/>\n<strong>M\u00e4kinen<\/strong> Teemu: Kerttulin lukion tunnustuspalkinto: laudaturit pitk\u00e4st\u00e4 matematiikasta ja fysiikasta.<br \/>\n<strong>Nelson<\/strong> Emil: Kerttulin lukion tunnustuspalkinto: laudatur englannista.<br \/>\n<strong>Nurmi<\/strong> Anna: Kerttulin lukion tunnustuspalkinto: laudatur lyhyest\u00e4 espanjasta.<br \/>\n<strong>Nuutila<\/strong> Akseli: Kerttulin lukion tunnustuspalkinto: laudaturit fysiikasta ja pitk\u00e4st\u00e4 matematiikasta, Helisev\u00e4-s\u00e4\u00e4ti\u00f6n stipendi hyv\u00e4st\u00e4 menestyksest\u00e4 yo-kirjoituksissa.<br \/>\n<strong>Pihlajavirta<\/strong> Roope: Kerttulin lukion tunnustuspalkinto: laudatur englannista.<br \/>\n<strong>Rantanen<\/strong> Siiri: Kerttulin lukion tunnustuspalkinto: laudatur yhteiskuntaopista.<br \/>\n<strong>Rissanen<\/strong> Milla: Turun ja Kaarinan seurakuntayhtym\u00e4n stipendi.<br \/>\n<strong>Rounas<\/strong> Santeri: MLL:n stipendi luokan yhteishengen kohottamisesta ja reilusta kaverillisuudesta.<br \/>\n<strong>Ruokonen<\/strong> Sara-Elise: Kerttulin lukion tunnustuspalkinto: laudaturit pitk\u00e4st\u00e4 matematiikasta ja kemiasta, Kemia-lehti, stipendi hyv\u00e4st\u00e4 menestyksest\u00e4 yo-kirjoituksissa.<br \/>\n<strong>R\u00e4s\u00e4nen<\/strong> Oliver: Kerttulin lukion tunnustuspalkinto: laudaturit yhteiskuntaopista ja pitk\u00e4st\u00e4 matematiikasta, Helisev\u00e4-s\u00e4\u00e4ti\u00f6n stipendi hyv\u00e4st\u00e4 menestyksest\u00e4 yo-kirjoituksissa.<br \/>\n<strong>Salomaa<\/strong> Elina: Kerttulin lukion tunnustuspalkinto: laudatur biologiasta.<br \/>\n<strong>Santikko<\/strong> Meeri: Kerttulin lukion tunnustuspalkinto: laudatur pitk\u00e4st\u00e4 matematiikasta.<br \/>\n<strong>Saramola<\/strong> Janne: Kerttulin lukion tunnustuspalkinto: laudatur historiasta.<br \/>\n<strong>Schrey<\/strong> Ella: Kerttulin lukion tunnustuspalkinto: laudatur biologiasta.<br \/>\n<strong>Sellman<\/strong> Eino: Kerttulin lukion tunnustuspalkinto: laudatur biologiasta.<br \/>\n<strong>Syrj\u00e4l\u00e4<\/strong> Axel: Kerttulin lukion tunnustuspalkinto: laudatur englannista.<br \/>\n<strong>Uusitalo<\/strong> Sami: Kerttulin lukion tunnustuspalkinto: laudaturit englannista ja pitk\u00e4st\u00e4 matematiikasta, kirjapalkinto hyv\u00e4st\u00e4 menestyksest\u00e4 filosofian kirjoituksissa.<br \/>\n<strong>Vainio<\/strong> Aino: Kerttulin lukion tunnustuspalkinto: laudatur englannista.<br \/>\n<strong>Vasankari<\/strong> Sini: Kerttulin lukion tunnustuspalkinto: laudaturit \u00e4idinkielest\u00e4, biologiasta, kemiasta, englannista, pitk\u00e4st\u00e4 matematiikasta ja fysiikasta, L\u00e4nsivoiman stipendi 1000 \u20ac taidosta ja kiinnostuksesta matemaattis-luonnontieteellisiin aineisiin, kirjapalkinto hyv\u00e4st\u00e4 menestyksest\u00e4 \u00e4idinkielen kirjoituksissa.<br \/>\n<strong>Velling<\/strong> Siiri: OAJ:n Liedon paikallisyhdistyksen stipendi.<br \/>\n<strong>Virolainen<\/strong> Inka: Kerttulin lukion tunnustuspalkinto: laudaturit lyhyess\u00e4 matematiikasta, \u00e4idinkielest\u00e4 ja psykologiasta, Turun stipendirahaston stipendi hyv\u00e4st\u00e4 menestyksest\u00e4 yo-kirjoituksissa, kirjapalkinto hyv\u00e4st\u00e4 menestyksest\u00e4 \u00e4idinkielen kirjoituksissa.<br \/>\n<strong>Vuori<\/strong> Justus: Kerttulin lukion tunnustuspalkinto: laudaturit pitk\u00e4st\u00e4 matematiikasta, keskipitk\u00e4st\u00e4 ruotsista, biologiasta, \u00e4idinkielest\u00e4 ja maantieteest\u00e4, \u00c5U stipendi, Turun stipendirahaston stipendi hyv\u00e4st\u00e4 menestyksest\u00e4 yo-kirjoituksissa, kirjapalkinto hyv\u00e4st\u00e4 menestyksest\u00e4 \u00e4idinkielen kirjoituksissa.<br \/>\n<strong>\u00d6zt\u00fcrk<\/strong> Sallianna, Kerttulin lukion tunnustuspalkinto: laudatur pitk\u00e4st\u00e4 ruotsista, \u00c5U stipendi.<\/p>\n<p><img loading=\"lazy\" decoding=\"async\" class=\"alignright size-large wp-image-902\" src=\"https:\/\/blog.edu.turku.fi\/kerttulinlukio\/files\/2019\/06\/yo_lakit_1-1024x809.jpg\" alt=\"\" width=\"1024\" height=\"809\" srcset=\"https:\/\/blog.edu.turku.fi\/kerttulinlukio\/files\/2019\/06\/yo_lakit_1-1024x809.jpg 1024w, https:\/\/blog.edu.turku.fi\/kerttulinlukio\/files\/2019\/06\/yo_lakit_1-300x237.jpg 300w, https:\/\/blog.edu.turku.fi\/kerttulinlukio\/files\/2019\/06\/yo_lakit_1.jpg 2048w\" sizes=\"auto, (max-width: 709px) 85vw, (max-width: 909px) 67vw, (max-width: 1362px) 62vw, 840px\" \/><\/p>\n<p>&nbsp;<\/p>\n<p><strong>Ykk\u00f6s- ja kakkosvuotisten kev\u00e4tjuhla lukiolla 1.6.2019<\/strong><strong><img loading=\"lazy\" decoding=\"async\" class=\"alignright size-medium wp-image-898\" src=\"https:\/\/blog.edu.turku.fi\/kerttulinlukio\/files\/2019\/06\/1_2_juhla_1-300x195.jpg\" alt=\"\" width=\"300\" height=\"195\" srcset=\"https:\/\/blog.edu.turku.fi\/kerttulinlukio\/files\/2019\/06\/1_2_juhla_1-300x195.jpg 300w, https:\/\/blog.edu.turku.fi\/kerttulinlukio\/files\/2019\/06\/1_2_juhla_1-1024x667.jpg 1024w, https:\/\/blog.edu.turku.fi\/kerttulinlukio\/files\/2019\/06\/1_2_juhla_1.jpg 2048w\" sizes=\"auto, (max-width: 300px) 85vw, 300px\" \/> <img loading=\"lazy\" decoding=\"async\" class=\"size-medium wp-image-899 alignleft\" src=\"https:\/\/blog.edu.turku.fi\/kerttulinlukio\/files\/2019\/06\/1_2_juhla_terv-300x256.jpg\" alt=\"\" width=\"300\" height=\"256\" srcset=\"https:\/\/blog.edu.turku.fi\/kerttulinlukio\/files\/2019\/06\/1_2_juhla_terv-300x256.jpg 300w, https:\/\/blog.edu.turku.fi\/kerttulinlukio\/files\/2019\/06\/1_2_juhla_terv-1024x873.jpg 1024w, https:\/\/blog.edu.turku.fi\/kerttulinlukio\/files\/2019\/06\/1_2_juhla_terv.jpg 2048w\" sizes=\"auto, (max-width: 300px) 85vw, 300px\" \/><\/strong><\/p>\n<p>Lauantaina j\u00e4rjestiv\u00e4t ryhm\u00e4nohjaajat ykk\u00f6s- ja kakkosvuotisille kev\u00e4tjuhlan Kerttulin lukion Mauno Koivisto \u2013salissa. Tilaisuus alkoi alkumaljoilla ja lehtori Hanna Suomisen lausumilla tervetuliaissanoilla.<\/p>\n<p><img loading=\"lazy\" decoding=\"async\" class=\"size-medium wp-image-901 alignnone\" src=\"https:\/\/blog.edu.turku.fi\/kerttulinlukio\/files\/2019\/06\/1_2_juhla_Juhonpuhe-300x228.jpg\" alt=\"\" width=\"300\" height=\"228\" srcset=\"https:\/\/blog.edu.turku.fi\/kerttulinlukio\/files\/2019\/06\/1_2_juhla_Juhonpuhe-300x228.jpg 300w, https:\/\/blog.edu.turku.fi\/kerttulinlukio\/files\/2019\/06\/1_2_juhla_Juhonpuhe-1024x778.jpg 1024w, https:\/\/blog.edu.turku.fi\/kerttulinlukio\/files\/2019\/06\/1_2_juhla_Juhonpuhe.jpg 2048w\" sizes=\"auto, (max-width: 300px) 85vw, 300px\" \/> T\u00e4m\u00e4n j\u00e4lkeen kuultiin vararehtori Juho Airolan puhe.<\/p>\n<p><img loading=\"lazy\" decoding=\"async\" class=\"alignright size-medium wp-image-900\" src=\"https:\/\/blog.edu.turku.fi\/kerttulinlukio\/files\/2019\/06\/1_2_juhla_musiikki-300x211.jpg\" alt=\"\" width=\"300\" height=\"211\" srcset=\"https:\/\/blog.edu.turku.fi\/kerttulinlukio\/files\/2019\/06\/1_2_juhla_musiikki-300x211.jpg 300w, https:\/\/blog.edu.turku.fi\/kerttulinlukio\/files\/2019\/06\/1_2_juhla_musiikki-1024x721.jpg 1024w, https:\/\/blog.edu.turku.fi\/kerttulinlukio\/files\/2019\/06\/1_2_juhla_musiikki.jpg 2048w\" sizes=\"auto, (max-width: 300px) 85vw, 300px\" \/>Seuraavaksi nautittiin Oliver Vesan ja Joel Karusen Aces High \u2013musiikkiesityksest\u00e4 (Iron Maiden).<\/p>\n<p>Perinteiden mukaan palkitsivat ryhm\u00e4nohjaajat ruusulla ohjausryhm\u00e4st\u00e4\u00e4n yhden ansioituneen opiskelijan sek\u00e4 valmentajat menestyneen urheilijansa. Juhla huipentui suvivirteen.<\/p>\n<p>Hyv\u00e4\u00e4 ja rentouttavaa kes\u00e4\u00e4 kaikille!<\/p>\n","protected":false},"excerpt":{"rendered":"<p>Kerttulin lukion ylioppilasjuhla 1.6.2019 Kerttulin uudet ylioppilaat lakitettiin aurinkoisessa s\u00e4\u00e4ss\u00e4 Logomossa kello 11 alkaneessa juhlassa. Tilaisuuden aluksi veisattiin Suvivirsi Santeri Rounaksen s\u00e4estyksell\u00e4, jonka j\u00e4lkeen rehtori Tapio Laine toivotti l\u00e4sn\u00e4olijat tervetulleiksi. T\u00e4m\u00e4n j\u00e4lkeen kuultiin Hans Zimmerin Time, jonka esittiv\u00e4t Mette Hyv\u00e4rinen ja Tuovi Kattelus (huilu), Aleks Hiidenhovi (piano), Aapeli Hyv\u00e4rinen (kitara), Markus Takkinen (sello) ja Jere &hellip; <a href=\"https:\/\/blog.edu.turku.fi\/kerttulinlukio\/kesakuu\/\" class=\"more-link\">Jatka lukemista<span class=\"screen-reader-text\"> &#8221;Kes\u00e4kuu&#8221;<\/span><\/a><\/p>\n","protected":false},"author":2522,"featured_media":0,"parent":0,"menu_order":0,"comment_status":"closed","ping_status":"closed","template":"","meta":{"footnotes":""},"class_list":["post-894","page","type-page","status-publish","hentry"],"_links":{"self":[{"href":"https:\/\/blog.edu.turku.fi\/kerttulinlukio\/wp-json\/wp\/v2\/pages\/894","targetHints":{"allow":["GET"]}}],"collection":[{"href":"https:\/\/blog.edu.turku.fi\/kerttulinlukio\/wp-json\/wp\/v2\/pages"}],"about":[{"href":"https:\/\/blog.edu.turku.fi\/kerttulinlukio\/wp-json\/wp\/v2\/types\/page"}],"author":[{"embeddable":true,"href":"https:\/\/blog.edu.turku.fi\/kerttulinlukio\/wp-json\/wp\/v2\/users\/2522"}],"replies":[{"embeddable":true,"href":"https:\/\/blog.edu.turku.fi\/kerttulinlukio\/wp-json\/wp\/v2\/comments?post=894"}],"version-history":[{"count":8,"href":"https:\/\/blog.edu.turku.fi\/kerttulinlukio\/wp-json\/wp\/v2\/pages\/894\/revisions"}],"predecessor-version":[{"id":896,"href":"https:\/\/blog.edu.turku.fi\/kerttulinlukio\/wp-json\/wp\/v2\/pages\/894\/revisions\/896"}],"wp:attachment":[{"href":"https:\/\/blog.edu.turku.fi\/kerttulinlukio\/wp-json\/wp\/v2\/media?parent=894"}],"curies":[{"name":"wp","href":"https:\/\/api.w.org\/{rel}","templated":true}]}}