{"id":804,"date":"2019-05-12T20:41:10","date_gmt":"2019-05-12T17:41:10","guid":{"rendered":"https:\/\/blog.edu.turku.fi\/kerttulinlukio\/?page_id=804"},"modified":"2019-05-31T20:55:12","modified_gmt":"2019-05-31T17:55:12","slug":"toukokuu","status":"publish","type":"page","link":"https:\/\/blog.edu.turku.fi\/kerttulinlukio\/toukokuu\/","title":{"rendered":"Toukokuu"},"content":{"rendered":"<p><strong><img loading=\"lazy\" decoding=\"async\" class=\"alignright size-medium wp-image-891\" src=\"https:\/\/blog.edu.turku.fi\/kerttulinlukio\/files\/2019\/05\/lentopalloa3-300x238.jpg\" alt=\"\" width=\"300\" height=\"238\" srcset=\"https:\/\/blog.edu.turku.fi\/kerttulinlukio\/files\/2019\/05\/lentopalloa3-300x238.jpg 300w, https:\/\/blog.edu.turku.fi\/kerttulinlukio\/files\/2019\/05\/lentopalloa3-1024x814.jpg 1024w, https:\/\/blog.edu.turku.fi\/kerttulinlukio\/files\/2019\/05\/lentopalloa3.jpg 2048w\" sizes=\"auto, (max-width: 300px) 85vw, 300px\" \/><img loading=\"lazy\" decoding=\"async\" class=\"size-medium wp-image-890 alignleft\" src=\"https:\/\/blog.edu.turku.fi\/kerttulinlukio\/files\/2019\/05\/lentopalloa-300x196.jpg\" alt=\"\" width=\"300\" height=\"196\" srcset=\"https:\/\/blog.edu.turku.fi\/kerttulinlukio\/files\/2019\/05\/lentopalloa-300x196.jpg 300w, https:\/\/blog.edu.turku.fi\/kerttulinlukio\/files\/2019\/05\/lentopalloa-1024x670.jpg 1024w, https:\/\/blog.edu.turku.fi\/kerttulinlukio\/files\/2019\/05\/lentopalloa.jpg 2048w\" sizes=\"auto, (max-width: 300px) 85vw, 300px\" \/>Kerttulin toimintap\u00e4iv\u00e4 31.5.2019<\/strong><\/p>\n<p>Perinteiseen tapaan Kerttulin lukion opiskelijakunta j\u00e4rjesti perjantaina ohjaajansa sanoin \u201duutta ja upeaa sek\u00e4 vanhaa ja varmaa ohjelmaa\u201d. P\u00e4iv\u00e4 alkoi klo 10 koulun pihalta \u201dThe Amazing Kerlu Race\u201d \u2013kilpailulla, johon ohjeistus l\u00f6ytyi opiskelijakunnan Instagram-tililt\u00e4.<\/p>\n<p>Palkintoina jaettiin 5 KPL AURAFEST-lippuja, 5 KPL FINNKINO-leffalippuja, ja MINIGOLF-liput ryhm\u00e4lle.<\/p>\n<p>Kello 11 oli vuorossa ev\u00e4sruokailu, rantalentist\u00e4 ja frisbeet\u00e4 Kupittaan kent\u00e4ll\u00e4. Opettajien joukkue vei t\u00e4ll\u00e4 kertaa voiton lentiskisassa.<\/p>\n<p><strong>YH 1- ryhm\u00e4 vieraili Turun kaupungintalolla 27.5.<\/strong><\/p>\n<p>Valtuuston pj. Elina Rantanen esitteli taloa ja kertoi ty\u00f6st\u00e4\u00e4n kaupunginvaltuustossa.<\/p>\n<p><img loading=\"lazy\" decoding=\"async\" class=\"size-medium wp-image-886 alignnone\" src=\"https:\/\/blog.edu.turku.fi\/kerttulinlukio\/files\/2019\/05\/YH1-300x225.jpg\" alt=\"\" width=\"300\" height=\"225\" srcset=\"https:\/\/blog.edu.turku.fi\/kerttulinlukio\/files\/2019\/05\/YH1-300x225.jpg 300w, https:\/\/blog.edu.turku.fi\/kerttulinlukio\/files\/2019\/05\/YH1.jpg 1000w\" sizes=\"auto, (max-width: 300px) 85vw, 300px\" \/><\/p>\n<p><strong>BI 2.5. Kakolan j\u00e4tevedenpuhdistamolla 21.5.<\/strong><\/p>\n<p><img loading=\"lazy\" decoding=\"async\" class=\"alignleft size-medium wp-image-868\" src=\"https:\/\/blog.edu.turku.fi\/kerttulinlukio\/files\/2019\/05\/Kakola-300x169.jpg\" alt=\"\" width=\"300\" height=\"169\" srcset=\"https:\/\/blog.edu.turku.fi\/kerttulinlukio\/files\/2019\/05\/Kakola-300x169.jpg 300w, https:\/\/blog.edu.turku.fi\/kerttulinlukio\/files\/2019\/05\/Kakola.jpg 1000w\" sizes=\"auto, (max-width: 300px) 85vw, 300px\" \/><\/p>\n<p>&nbsp;<\/p>\n<p>&nbsp;<\/p>\n<p>&nbsp;<\/p>\n<p>&nbsp;<\/p>\n<p><strong>KE7 -ty\u00f6kurssi kemian laitoksella vierailemassa<\/strong><\/p>\n<p><img loading=\"lazy\" decoding=\"async\" class=\"size-medium wp-image-866 alignleft\" src=\"https:\/\/blog.edu.turku.fi\/kerttulinlukio\/files\/2019\/05\/ke7_ty\u00f6kurssi_kemialla-300x238.jpg\" alt=\"\" width=\"300\" height=\"238\" srcset=\"https:\/\/blog.edu.turku.fi\/kerttulinlukio\/files\/2019\/05\/ke7_ty\u00f6kurssi_kemialla-300x238.jpg 300w, https:\/\/blog.edu.turku.fi\/kerttulinlukio\/files\/2019\/05\/ke7_ty\u00f6kurssi_kemialla-1024x814.jpg 1024w, https:\/\/blog.edu.turku.fi\/kerttulinlukio\/files\/2019\/05\/ke7_ty\u00f6kurssi_kemialla.jpg 2048w\" sizes=\"auto, (max-width: 300px) 85vw, 300px\" \/><\/p>\n<p>&nbsp;<\/p>\n<p>&nbsp;<\/p>\n<p>&nbsp;<\/p>\n<p>&nbsp;<\/p>\n<p>&nbsp;<\/p>\n<p>&nbsp;<\/p>\n<p><strong>Tulevaisuuden tutkimusta\u00a0<\/strong><\/p>\n<p>YH6 -kurssi vieraili perjantaina 17.5. tulevaisuuden tutkimuksen ty\u00f6pajassa, jossa hahmoteltiin muun muassa, mist\u00e4 perhe koostuu 2060-luvulla, miten asutaan, liikutaan ja mit\u00e4 sy\u00f6d\u00e4\u00e4n.<\/p>\n<p><img loading=\"lazy\" decoding=\"async\" class=\"alignright size-medium wp-image-855\" src=\"https:\/\/blog.edu.turku.fi\/kerttulinlukio\/files\/2019\/05\/PHOTO-2019-05-20-09-31-23-300x225.jpg\" alt=\"\" width=\"300\" height=\"225\" srcset=\"https:\/\/blog.edu.turku.fi\/kerttulinlukio\/files\/2019\/05\/PHOTO-2019-05-20-09-31-23-300x225.jpg 300w, https:\/\/blog.edu.turku.fi\/kerttulinlukio\/files\/2019\/05\/PHOTO-2019-05-20-09-31-23.jpg 1000w\" sizes=\"auto, (max-width: 300px) 85vw, 300px\" \/> <img loading=\"lazy\" decoding=\"async\" class=\"size-medium wp-image-856 alignnone\" src=\"https:\/\/blog.edu.turku.fi\/kerttulinlukio\/files\/2019\/05\/PHOTO-2019-05-20-09-31-38-300x225.jpg\" alt=\"\" width=\"300\" height=\"225\" srcset=\"https:\/\/blog.edu.turku.fi\/kerttulinlukio\/files\/2019\/05\/PHOTO-2019-05-20-09-31-38-300x225.jpg 300w, https:\/\/blog.edu.turku.fi\/kerttulinlukio\/files\/2019\/05\/PHOTO-2019-05-20-09-31-38.jpg 1000w\" sizes=\"auto, (max-width: 300px) 85vw, 300px\" \/><\/p>\n<p><img loading=\"lazy\" decoding=\"async\" class=\"alignleft size-medium wp-image-857\" src=\"https:\/\/blog.edu.turku.fi\/kerttulinlukio\/files\/2019\/05\/PHOTO-2019-05-20-09-31-54-300x225.jpg\" alt=\"\" width=\"300\" height=\"225\" \/><\/p>\n<p><img loading=\"lazy\" decoding=\"async\" class=\"size-medium wp-image-858 alignnone\" src=\"https:\/\/blog.edu.turku.fi\/kerttulinlukio\/files\/2019\/05\/PHOTO-2019-05-20-09-32-04-300x225.jpg\" alt=\"\" width=\"300\" height=\"225\" \/><\/p>\n<p><strong>Arkeologisilla kaivauksilla maanantaina 14.5.<\/strong><\/p>\n<p>HI5-kurssilaiset l\u00f6ysiv\u00e4t muun muassa 1600-luvulta per\u00e4isin olevan liitupiipun varren, luita, sep\u00e4n takomia nauloja, vanhaa ikkunalasia ja keramiikanpalasia.<\/p>\n<p><img loading=\"lazy\" decoding=\"async\" class=\"alignleft size-medium wp-image-824\" src=\"https:\/\/blog.edu.turku.fi\/kerttulinlukio\/files\/2019\/05\/kaivaukset-300x225.jpg\" alt=\"\" width=\"300\" height=\"225\" srcset=\"https:\/\/blog.edu.turku.fi\/kerttulinlukio\/files\/2019\/05\/kaivaukset-300x225.jpg 300w, https:\/\/blog.edu.turku.fi\/kerttulinlukio\/files\/2019\/05\/kaivaukset.jpg 1000w\" sizes=\"auto, (max-width: 300px) 85vw, 300px\" \/> <img loading=\"lazy\" decoding=\"async\" class=\"size-medium wp-image-825 alignnone\" src=\"https:\/\/blog.edu.turku.fi\/kerttulinlukio\/files\/2019\/05\/esineit\u00e4-300x225.jpg\" alt=\"\" width=\"300\" height=\"225\" \/> <img loading=\"lazy\" decoding=\"async\" class=\"alignleft size-medium wp-image-826\" src=\"https:\/\/blog.edu.turku.fi\/kerttulinlukio\/files\/2019\/05\/etismist\u00e4-300x225.jpg\" alt=\"\" width=\"300\" height=\"225\" srcset=\"https:\/\/blog.edu.turku.fi\/kerttulinlukio\/files\/2019\/05\/etismist\u00e4-300x225.jpg 300w, https:\/\/blog.edu.turku.fi\/kerttulinlukio\/files\/2019\/05\/etismist\u00e4.jpg 1000w\" sizes=\"auto, (max-width: 300px) 85vw, 300px\" \/> <img loading=\"lazy\" decoding=\"async\" class=\"size-medium wp-image-827 alignnone\" src=\"https:\/\/blog.edu.turku.fi\/kerttulinlukio\/files\/2019\/05\/l\u00f6yt\u00f6j\u00e4-300x225.jpg\" alt=\"\" width=\"300\" height=\"225\" srcset=\"https:\/\/blog.edu.turku.fi\/kerttulinlukio\/files\/2019\/05\/l\u00f6yt\u00f6j\u00e4-300x225.jpg 300w, https:\/\/blog.edu.turku.fi\/kerttulinlukio\/files\/2019\/05\/l\u00f6yt\u00f6j\u00e4.jpg 1000w\" sizes=\"auto, (max-width: 300px) 85vw, 300px\" \/> <img loading=\"lazy\" decoding=\"async\" class=\"alignleft size-medium wp-image-828\" src=\"https:\/\/blog.edu.turku.fi\/kerttulinlukio\/files\/2019\/05\/seulonta-300x225.jpg\" alt=\"\" width=\"300\" height=\"225\" srcset=\"https:\/\/blog.edu.turku.fi\/kerttulinlukio\/files\/2019\/05\/seulonta-300x225.jpg 300w, https:\/\/blog.edu.turku.fi\/kerttulinlukio\/files\/2019\/05\/seulonta.jpg 1000w\" sizes=\"auto, (max-width: 300px) 85vw, 300px\" \/><\/p>\n<p>&nbsp;<\/p>\n<p>&nbsp;<\/p>\n<p>&nbsp;<\/p>\n<p>&nbsp;<\/p>\n<p>&nbsp;<\/p>\n<p><strong>YH 6-ryhm\u00e4 Osuuspankissa sijoitusneuvoja kuulemassa perjantaina 10.5.<\/strong><\/p>\n<p><img loading=\"lazy\" decoding=\"async\" class=\"alignleft size-medium wp-image-839\" src=\"https:\/\/blog.edu.turku.fi\/kerttulinlukio\/files\/2019\/05\/OP-300x225.jpg\" alt=\"\" width=\"300\" height=\"225\" srcset=\"https:\/\/blog.edu.turku.fi\/kerttulinlukio\/files\/2019\/05\/OP-300x225.jpg 300w, https:\/\/blog.edu.turku.fi\/kerttulinlukio\/files\/2019\/05\/OP.jpg 1000w\" sizes=\"auto, (max-width: 300px) 85vw, 300px\" \/> <img loading=\"lazy\" decoding=\"async\" class=\"size-medium wp-image-840 alignnone\" src=\"https:\/\/blog.edu.turku.fi\/kerttulinlukio\/files\/2019\/05\/YH6-300x225.jpg\" alt=\"\" width=\"300\" height=\"225\" srcset=\"https:\/\/blog.edu.turku.fi\/kerttulinlukio\/files\/2019\/05\/YH6-300x225.jpg 300w, https:\/\/blog.edu.turku.fi\/kerttulinlukio\/files\/2019\/05\/YH6.jpg 1000w\" sizes=\"auto, (max-width: 300px) 85vw, 300px\" \/><\/p>\n<p><strong>YH 6-ryhm\u00e4 maanantaina 6.5. EU:n rahoituskehysinfossa<\/strong><\/p>\n<p><img loading=\"lazy\" decoding=\"async\" class=\"alignleft size-medium wp-image-805\" src=\"https:\/\/blog.edu.turku.fi\/kerttulinlukio\/files\/2019\/05\/Eu-300x225.jpg\" alt=\"\" width=\"300\" height=\"225\" srcset=\"https:\/\/blog.edu.turku.fi\/kerttulinlukio\/files\/2019\/05\/Eu-300x225.jpg 300w, https:\/\/blog.edu.turku.fi\/kerttulinlukio\/files\/2019\/05\/Eu.jpg 1000w\" sizes=\"auto, (max-width: 300px) 85vw, 300px\" \/><\/p>\n<p>&nbsp;<\/p>\n<p>&nbsp;<\/p>\n<p>&nbsp;<\/p>\n<p>&nbsp;<\/p>\n<p>&nbsp;<\/p>\n<p>&nbsp;<\/p>\n<p><strong>YH 3-ryhm\u00e4 Turun yliopistolla EU-vaalipaneelissa perjantaina 10.5.<\/strong><\/p>\n<p><img loading=\"lazy\" decoding=\"async\" class=\"alignleft size-medium wp-image-806\" src=\"https:\/\/blog.edu.turku.fi\/kerttulinlukio\/files\/2019\/05\/EU-vaalipaneeli-300x225.jpg\" alt=\"\" width=\"300\" height=\"225\" srcset=\"https:\/\/blog.edu.turku.fi\/kerttulinlukio\/files\/2019\/05\/EU-vaalipaneeli-300x225.jpg 300w, https:\/\/blog.edu.turku.fi\/kerttulinlukio\/files\/2019\/05\/EU-vaalipaneeli.jpg 1000w\" sizes=\"auto, (max-width: 300px) 85vw, 300px\" \/><\/p>\n<p>&nbsp;<\/p>\n<p>&nbsp;<\/p>\n<p>&nbsp;<\/p>\n<p>&nbsp;<\/p>\n<p>&nbsp;<\/p>\n<p>&nbsp;<\/p>\n<p><strong>BI2-ryhm\u00e4l\u00e4iset maastossa perjantaina 10.5.<\/strong><\/p>\n<p><img loading=\"lazy\" decoding=\"async\" class=\"alignleft size-medium wp-image-807\" src=\"https:\/\/blog.edu.turku.fi\/kerttulinlukio\/files\/2019\/05\/Maasto-225x300.jpg\" alt=\"\" width=\"225\" height=\"300\" srcset=\"https:\/\/blog.edu.turku.fi\/kerttulinlukio\/files\/2019\/05\/Maasto-225x300.jpg 225w, https:\/\/blog.edu.turku.fi\/kerttulinlukio\/files\/2019\/05\/Maasto.jpg 480w\" sizes=\"auto, (max-width: 225px) 85vw, 225px\" \/> <img loading=\"lazy\" decoding=\"async\" class=\"alignleft size-medium wp-image-808\" src=\"https:\/\/blog.edu.turku.fi\/kerttulinlukio\/files\/2019\/05\/Retki-300x169.jpg\" alt=\"\" width=\"300\" height=\"169\" srcset=\"https:\/\/blog.edu.turku.fi\/kerttulinlukio\/files\/2019\/05\/Retki-300x169.jpg 300w, https:\/\/blog.edu.turku.fi\/kerttulinlukio\/files\/2019\/05\/Retki.jpg 1000w\" sizes=\"auto, (max-width: 300px) 85vw, 300px\" \/><\/p>\n","protected":false},"excerpt":{"rendered":"<p>Kerttulin toimintap\u00e4iv\u00e4 31.5.2019 Perinteiseen tapaan Kerttulin lukion opiskelijakunta j\u00e4rjesti perjantaina ohjaajansa sanoin \u201duutta ja upeaa sek\u00e4 vanhaa ja varmaa ohjelmaa\u201d. P\u00e4iv\u00e4 alkoi klo 10 koulun pihalta \u201dThe Amazing Kerlu Race\u201d \u2013kilpailulla, johon ohjeistus l\u00f6ytyi opiskelijakunnan Instagram-tililt\u00e4. Palkintoina jaettiin 5 KPL AURAFEST-lippuja, 5 KPL FINNKINO-leffalippuja, ja MINIGOLF-liput ryhm\u00e4lle. Kello 11 oli vuorossa ev\u00e4sruokailu, rantalentist\u00e4 ja frisbeet\u00e4 &hellip; <a href=\"https:\/\/blog.edu.turku.fi\/kerttulinlukio\/toukokuu\/\" class=\"more-link\">Jatka lukemista<span class=\"screen-reader-text\"> &#8221;Toukokuu&#8221;<\/span><\/a><\/p>\n","protected":false},"author":2522,"featured_media":0,"parent":0,"menu_order":0,"comment_status":"closed","ping_status":"closed","template":"","meta":{"footnotes":""},"class_list":["post-804","page","type-page","status-publish","hentry"],"_links":{"self":[{"href":"https:\/\/blog.edu.turku.fi\/kerttulinlukio\/wp-json\/wp\/v2\/pages\/804","targetHints":{"allow":["GET"]}}],"collection":[{"href":"https:\/\/blog.edu.turku.fi\/kerttulinlukio\/wp-json\/wp\/v2\/pages"}],"about":[{"href":"https:\/\/blog.edu.turku.fi\/kerttulinlukio\/wp-json\/wp\/v2\/types\/page"}],"author":[{"embeddable":true,"href":"https:\/\/blog.edu.turku.fi\/kerttulinlukio\/wp-json\/wp\/v2\/users\/2522"}],"replies":[{"embeddable":true,"href":"https:\/\/blog.edu.turku.fi\/kerttulinlukio\/wp-json\/wp\/v2\/comments?post=804"}],"version-history":[{"count":12,"href":"https:\/\/blog.edu.turku.fi\/kerttulinlukio\/wp-json\/wp\/v2\/pages\/804\/revisions"}],"predecessor-version":[{"id":893,"href":"https:\/\/blog.edu.turku.fi\/kerttulinlukio\/wp-json\/wp\/v2\/pages\/804\/revisions\/893"}],"wp:attachment":[{"href":"https:\/\/blog.edu.turku.fi\/kerttulinlukio\/wp-json\/wp\/v2\/media?parent=804"}],"curies":[{"name":"wp","href":"https:\/\/api.w.org\/{rel}","templated":true}]}}