{"id":694,"date":"2019-04-08T19:58:37","date_gmt":"2019-04-08T16:58:37","guid":{"rendered":"https:\/\/blog.edu.turku.fi\/kerttulinlukio\/?page_id=694"},"modified":"2019-05-02T18:10:35","modified_gmt":"2019-05-02T15:10:35","slug":"huhtikuu","status":"publish","type":"page","link":"https:\/\/blog.edu.turku.fi\/kerttulinlukio\/huhtikuu\/","title":{"rendered":"Huhtikuu"},"content":{"rendered":"<p><strong>Biologian sovellukset \u2013kurssi vierailulla biokemian laitoksella<\/strong><\/p>\n<p>Vappuviikon kunniaksi Kerttulin lukion Biologian sovellukset \u2013kurssi 5 jatkoi jo kymmenvuotista perinnett\u00e4\u00e4n vierailemalla Turun yliopiston biokemian laitoksella <img loading=\"lazy\" decoding=\"async\" class=\"size-thumbnail wp-image-779 alignleft\" src=\"https:\/\/blog.edu.turku.fi\/kerttulinlukio\/files\/2019\/04\/digestio-150x150.jpg\" alt=\"\" width=\"150\" height=\"150\" \/>tiistaina ja perjantaina yhteens\u00e4 kolmen ryhm\u00e4n voimin. Nyt laitoksen opetus- ja tutkimustilat ovat siirtyneet Arcanumista uusiin tiloihin Biocityss\u00e4. Perinteiseen ohjelmaan lis\u00e4yksen\u00e4 lukion opiskelijat saivat tehd\u00e4 rekombinanttiplasmidin digestion kahdella restriktioentsyymill\u00e4.<\/p>\n<p>T\u00e4m\u00e4n j\u00e4lkeen jatkettiin perinteisell\u00e4 ohjelmalla. Opiskelijat p\u00e4\u00e4siv\u00e4t pipetoimaan EcoRI- tai BamHI-restriktioentsyymill\u00e4 <img loading=\"lazy\" decoding=\"async\" class=\"alignright size-thumbnail wp-image-781\" src=\"https:\/\/blog.edu.turku.fi\/kerttulinlukio\/files\/2019\/04\/lataaminen1-150x150.jpg\" alt=\"\" width=\"150\" height=\"150\" \/>katkaistut lineaariset rekombinanttiplasmidit elektroforeesin agaroosigeelin kaivoihin.\u00a0 Lis\u00e4ksi kaivoihin pipetoitiin molemmilla restriktioentsyymeill\u00e4 kloonausplasmidista irrotettu alfa-2-integriinigeeni ja j\u00e4ljelle j\u00e4\u00e4nyt plasmidivektori sek\u00e4 <img loading=\"lazy\" decoding=\"async\" class=\"alignleft size-thumbnail wp-image-782\" src=\"https:\/\/blog.edu.turku.fi\/kerttulinlukio\/files\/2019\/04\/lataaminen2-150x150.jpg\" alt=\"\" width=\"150\" height=\"150\" \/>tunnetun kokoisia lineaarisia kokomarkkereita sis\u00e4lt\u00e4v\u00e4\u00e4 standardiliuosta<\/p>\n<p><img loading=\"lazy\" decoding=\"async\" class=\"alignright size-thumbnail wp-image-780\" src=\"https:\/\/blog.edu.turku.fi\/kerttulinlukio\/files\/2019\/04\/elektroforeesi1-150x150.jpg\" alt=\"\" width=\"150\" height=\"150\" \/>Elektroforeesigeelin ajon aikana dosentti Jarmo K\u00e4pyl\u00e4 kertoi mielenkiintoisessa esityksess\u00e4\u00e4n biokemian laitoksen opetuksesta <img loading=\"lazy\" decoding=\"async\" class=\"size-thumbnail wp-image-783 alignleft\" src=\"https:\/\/blog.edu.turku.fi\/kerttulinlukio\/files\/2019\/04\/banaani-150x150.jpg\" alt=\"\" width=\"150\" height=\"150\" \/>ja tutkimuksesta. Sitten siirryttiin erist\u00e4m\u00e4\u00e4n dna:ta banaanista yksinkertaisella etanolisaostus-menetelm\u00e4ll\u00e4. Valintansa mukaan oppilaat visualisoivat dna:n joko punaisella etidiumbromidi-v\u00e4rill\u00e4 tahi vihre\u00e4ll\u00e4 midori-v\u00e4rill\u00e4. Vierailu huipentui itse eristetyn banaanin dna:n ja plasmidi-dna:n digestion tuottamien ja elektroforeesilla eroteltujen plasmidin palojen tarkasteluun UV-valossa.<\/p>\n<p>Meill\u00e4 kerttulilaisilla oli j\u00e4lleen etuoikeus p\u00e4\u00e4st\u00e4 tutustumaan biokemian menetelmiin konkreettisesti tutkimusymp\u00e4rist\u00f6ss\u00e4. Toivottavasti t\u00e4st\u00e4 her\u00e4si osalla opiskelijoistamme innostus molekyylibiologiaan.<\/p>\n<p>&nbsp;<\/p>\n<p><strong>Kerttulimazing Race<\/strong><strong><img loading=\"lazy\" decoding=\"async\" class=\"alignright size-medium wp-image-763\" src=\"https:\/\/blog.edu.turku.fi\/kerttulinlukio\/files\/2019\/04\/ilmasta2-300x225.jpg\" alt=\"\" width=\"300\" height=\"225\" srcset=\"https:\/\/blog.edu.turku.fi\/kerttulinlukio\/files\/2019\/04\/ilmasta2-300x225.jpg 300w, https:\/\/blog.edu.turku.fi\/kerttulinlukio\/files\/2019\/04\/ilmasta2-1024x767.jpg 1024w, https:\/\/blog.edu.turku.fi\/kerttulinlukio\/files\/2019\/04\/ilmasta2.jpg 2048w\" sizes=\"auto, (max-width: 300px) 85vw, 300px\" \/> <img loading=\"lazy\" decoding=\"async\" class=\"alignright size-medium wp-image-764\" src=\"https:\/\/blog.edu.turku.fi\/kerttulinlukio\/files\/2019\/04\/valmistautukaa-300x195.jpg\" alt=\"\" width=\"300\" height=\"195\" srcset=\"https:\/\/blog.edu.turku.fi\/kerttulinlukio\/files\/2019\/04\/valmistautukaa-300x195.jpg 300w, https:\/\/blog.edu.turku.fi\/kerttulinlukio\/files\/2019\/04\/valmistautukaa-1024x666.jpg 1024w, https:\/\/blog.edu.turku.fi\/kerttulinlukio\/files\/2019\/04\/valmistautukaa.jpg 2048w\" sizes=\"auto, (max-width: 300px) 85vw, 300px\" \/><\/strong><\/p>\n<p>Torstaina 25.4. j\u00e4rjestettiin ensimm\u00e4inen Kerttulimazing Race lukiomme ykk\u00f6sille. Iltap\u00e4iv\u00e4n aikana ykk\u00f6set seikkailivat pitkin kaupunkia karttojen ja vihjeiden avulla pieniss\u00e4 ryhmiss\u00e4 ja ratkoivat mielenkiintoisia teht\u00e4vi\u00e4.<\/p>\n<p>S\u00e4\u00e4 suosi tapahtumaa ja aurinko helli kisailijoita. Opiskelijakunta oli muistanut kisailijoita my\u00f6s ja tarjosi kaikille juotavaa ja pienen herkkupalan. Kiitos siit\u00e4!<\/p>\n<p><img loading=\"lazy\" decoding=\"async\" class=\"alignright size-thumbnail wp-image-766\" src=\"https:\/\/blog.edu.turku.fi\/kerttulinlukio\/files\/2019\/04\/kahoot-150x150.jpg\" alt=\"\" width=\"150\" height=\"150\" \/> <img loading=\"lazy\" decoding=\"async\" class=\"alignright size-medium wp-image-765\" src=\"https:\/\/blog.edu.turku.fi\/kerttulinlukio\/files\/2019\/04\/kokoontuminen-300x199.jpg\" alt=\"\" width=\"300\" height=\"199\" srcset=\"https:\/\/blog.edu.turku.fi\/kerttulinlukio\/files\/2019\/04\/kokoontuminen-300x199.jpg 300w, https:\/\/blog.edu.turku.fi\/kerttulinlukio\/files\/2019\/04\/kokoontuminen-1024x681.jpg 1024w, https:\/\/blog.edu.turku.fi\/kerttulinlukio\/files\/2019\/04\/kokoontuminen.jpg 2048w\" sizes=\"auto, (max-width: 300px) 85vw, 300px\" \/>Kisa p\u00e4\u00e4ttyi koululle tiukkaan tietovisaan, jonka p\u00e4\u00e4tteeksi voittajat palkittiin \u201draha\u201d-palkinnolla. Opiskelijat tykk\u00e4siv\u00e4t kisasta ja pohtivat vastauksia rastipisteiden kysymyksiin hienosti.<\/p>\n<p>Suuret kiitokset kaikille vanhempien vuosiluokkien opiskelijoille, jotka auttoivat rastihenkil\u00f6in\u00e4 sek\u00e4 tietenkin itse kisailijoille! Teid\u00e4n positiivinen asenteenne kantaa viel\u00e4 pitk\u00e4lle.<\/p>\n<p>Teksti: Ykk\u00f6sten ro:t<\/p>\n<p><img loading=\"lazy\" decoding=\"async\" class=\"alignleft size-medium wp-image-767\" src=\"https:\/\/blog.edu.turku.fi\/kerttulinlukio\/files\/2019\/04\/Kahoot-voittajat-300x240.jpg\" alt=\"\" width=\"300\" height=\"240\" srcset=\"https:\/\/blog.edu.turku.fi\/kerttulinlukio\/files\/2019\/04\/Kahoot-voittajat-300x240.jpg 300w, https:\/\/blog.edu.turku.fi\/kerttulinlukio\/files\/2019\/04\/Kahoot-voittajat-1024x820.jpg 1024w, https:\/\/blog.edu.turku.fi\/kerttulinlukio\/files\/2019\/04\/Kahoot-voittajat.jpg 2048w\" sizes=\"auto, (max-width: 300px) 85vw, 300px\" \/><\/p>\n<p>&nbsp;<\/p>\n<p>&nbsp;<\/p>\n<p>Kuvassa Kerttulimazing Race-tapahtuman Kahoot-kisan voittajajoukkue<\/p>\n<p>&nbsp;<\/p>\n<p>&nbsp;<\/p>\n<p><strong>Kerttulilaiset leirikoulussa Dublinissa 24. &#8211; 30.4. 2019<\/strong><\/p>\n<p>Avaa alla oleva linkki ja k\u00e4y lukemassa matkakertomusta Dublinista.<\/p>\n<p><a href=\"https:\/\/sites.google.com\/edu.turku.fi\/kerttulidublin\/etusivu\">https:\/\/sites.google.com\/edu.turku.fi\/kerttulidublin\/etusivu<\/a><\/p>\n<p><strong><img loading=\"lazy\" decoding=\"async\" class=\"size-medium wp-image-770 alignleft\" src=\"https:\/\/blog.edu.turku.fi\/kerttulinlukio\/files\/2019\/04\/Turunlinna-225x300.jpg\" alt=\"\" width=\"225\" height=\"300\" srcset=\"https:\/\/blog.edu.turku.fi\/kerttulinlukio\/files\/2019\/04\/Turunlinna-225x300.jpg 225w, https:\/\/blog.edu.turku.fi\/kerttulinlukio\/files\/2019\/04\/Turunlinna.jpg 750w\" sizes=\"auto, (max-width: 225px) 85vw, 225px\" \/>HI5-kurssilaiset Turun linnassa 18.4.<\/strong><\/p>\n<p>&nbsp;<\/p>\n<p>Ryhm\u00e4kuva 1600-luvun tyyliin.<\/p>\n<p>&nbsp;<\/p>\n<p>&nbsp;<\/p>\n<p>&nbsp;<\/p>\n<p>&nbsp;<\/p>\n<p><strong>L\u00e4\u00e4ketieteen opiskelijoiden vierailuluento 16.4.<\/strong><\/p>\n<p><img loading=\"lazy\" decoding=\"async\" class=\"alignright size-medium wp-image-724\" src=\"https:\/\/blog.edu.turku.fi\/kerttulinlukio\/files\/2019\/04\/16.4.-l\u00e4\u00e4kis_1-300x175.jpg\" alt=\"\" width=\"300\" height=\"175\" srcset=\"https:\/\/blog.edu.turku.fi\/kerttulinlukio\/files\/2019\/04\/16.4.-l\u00e4\u00e4kis_1-300x175.jpg 300w, https:\/\/blog.edu.turku.fi\/kerttulinlukio\/files\/2019\/04\/16.4.-l\u00e4\u00e4kis_1-1024x597.jpg 1024w, https:\/\/blog.edu.turku.fi\/kerttulinlukio\/files\/2019\/04\/16.4.-l\u00e4\u00e4kis_1.jpg 2048w\" sizes=\"auto, (max-width: 300px) 85vw, 300px\" \/>Lukion terveystiedon Terveys ja tutkimus -kurssin er\u00e4\u00e4n\u00e4 keskeisen\u00e4 tavoitteena on perehty\u00e4 tutkimuksen mahdollisuuksiin terveyden edist\u00e4misess\u00e4 sek\u00e4 sairauksien ehk\u00e4isyss\u00e4 ja hoidossa. Sattumalta Kerttulin lukion terveystiedon kurssi osui yksiin Turun yliopiston l\u00e4\u00e4ketieteen toisen vuosikurssin opiskelijoiden opinto-kokonaisuuden kanssa nimelt\u00e4 <em>Sairauksien ennaltaehk\u00e4isy ja hoito<\/em>. Siin\u00e4 l\u00e4\u00e4ketieteen opiskelijat jalkautuvat pienryhmiss\u00e4 luennoimaan yliopiston ulkopuolelle terveyden edist\u00e4miseen liittyvist\u00e4 aiheista.<\/p>\n<p>Tiistaina 16.4 terveystiedon kurssilaiset nauttivat korkealaatuisesta ja huolella valmistetusta luennosta. Opimme, miten terveyden edist\u00e4misest\u00e4 saadaan tieteellisesti <img loading=\"lazy\" decoding=\"async\" class=\"alignright size-medium wp-image-725\" src=\"https:\/\/blog.edu.turku.fi\/kerttulinlukio\/files\/2019\/04\/16.4.laakis_2-300x200.jpg\" alt=\"\" width=\"300\" height=\"200\" srcset=\"https:\/\/blog.edu.turku.fi\/kerttulinlukio\/files\/2019\/04\/16.4.laakis_2-300x200.jpg 300w, https:\/\/blog.edu.turku.fi\/kerttulinlukio\/files\/2019\/04\/16.4.laakis_2-1024x683.jpg 1024w, https:\/\/blog.edu.turku.fi\/kerttulinlukio\/files\/2019\/04\/16.4.laakis_2.jpg 2048w\" sizes=\"auto, (max-width: 300px) 85vw, 300px\" \/>p\u00e4tev\u00e4\u00e4 ja luotettavaa tietoa ja miten t\u00e4llaiset tiedot vertautuvat julkisuudessa liikkuviin \u201dhuuhaa-uskomuksiin\u201d. Luennon alussa lukion opiskelijat vastasivat terveystottumuksia kartoittavaan Kahoot-kyselyyn. Sen j\u00e4lkeen esitelm\u00f6itsij\u00e4t kertasivat stressin biologiaa ja k\u00e4viv\u00e4t l\u00e4pi stressiin, uneen ja ravitsemukseen liittyvi\u00e4 ep\u00e4tieteellisi\u00e4 uskomuksia tutkitun tiedon n\u00e4k\u00f6kulmasta. Tiedon luotettavuuden arvioinnin apuna voi k\u00e4ytt\u00e4\u00e4 mm. \u201dhuuhaa-bingo\u201d \u2013ty\u00f6v\u00e4linett\u00e4, Skepsis ry:n sivuja ja Turun yliopiston l\u00e4\u00e4ketieteellisen tiedekunnan vastalaake.fi \u2013sivustoa..<\/p>\n<p>Meill\u00e4 kerttulilaisilla oli etuoikeus p\u00e4\u00e4st\u00e4 seuraamaan laadukasta tulevien l\u00e4\u00e4ketieteen asiantuntijoiden luentoa. Se toivottavasti motivoi entisest\u00e4\u00e4n my\u00f6s jatko-opinnoista viel\u00e4 haaveilevia lukiolaisnuoria.<\/p>\n<p>&nbsp;<\/p>\n<p><strong>Vaalipaneeli 9.4.\u00a0<\/strong><\/p>\n<p><img loading=\"lazy\" decoding=\"async\" class=\"alignright size-medium wp-image-699\" src=\"https:\/\/blog.edu.turku.fi\/kerttulinlukio\/files\/2019\/04\/IMG_3020-300x200.jpg\" alt=\"\" width=\"300\" height=\"200\" \/>Kerttulin lukion vaalipaneeli pidettiin 9.4.2019 Ammatti-instituutin auditoriossa. Panelisteiksi oli kutsuttu kaikista eduskuntapuolueista ehdokas. Paikalle saatiin lopulta seuraavat ehdokkaat: keskustasta Oscar H\u00e4tinen, perussuomalaisista Liina Isto, kokoomuksesta Janika Takatalo, sosiaalidemokraateista Viivu Seila, vihreist\u00e4 Paco Diop, vasemmistoliitosta Maarit Koivisto, RKP:st\u00e4 Anna Korkman ja sinisist\u00e4 Ville Anttila. Perussuomalaisten kanssa vaaliliitossa olevista kristillisdemokraateista ei tullut ehdokasta.<\/p>\n<p>Yhteydenpidon panelisteihin hoiti Jere Nevalainen. H\u00e4n oli my\u00f6s toivottamassa vieraat tervetulleiksi Ammatti-instituuttiin. Kerttulin opiskelijoista paikalle saapuivat toisen ja kolmannen vuoden opiskelijat ja osa ensimm\u00e4isen vuoden opiskelijoista.<\/p>\n<p><img loading=\"lazy\" decoding=\"async\" class=\"alignright size-medium wp-image-700\" src=\"https:\/\/blog.edu.turku.fi\/kerttulinlukio\/files\/2019\/04\/blogiin-300x270.jpg\" alt=\"\" width=\"300\" height=\"270\" \/>Paneelin puheenjohtajina toimivat Alina Altis ja Niklas Vaulanen. Kysymyksi\u00e4 olivat ennalta valmistelleet yhteiskuntaopin ryhm\u00e4t. Paneeli eteni teemoittain, muun muassa ilmasto, koulutus, terveydenhuolto ja turvallisuus k\u00e4ytiin l\u00e4pi. Panelistit vastasivat v\u00e4lill\u00e4 nopeisiin kysymyksiin vihre\u00e4\u00e4 tai punaista lappua heiluttamalla, v\u00e4lill\u00e4 pidempiin kysymyksiin. Osa ehdokkaista erottui hyvin perustelluilla vastauksilla, joku oli v\u00e4hemm\u00e4n vakuuttava.<\/p>\n<p>Tekniikasta huolehtineet Otto Alanko, Aapeli Hyv\u00e4rinen ja Lauri Koponen pitiv\u00e4t huolen siit\u00e4, ettei kenenk\u00e4\u00e4n puheenvuoro kest\u00e4nyt liian pitk\u00e4\u00e4n. My\u00f6s yleis\u00f6 p\u00e4\u00e4si esitt\u00e4m\u00e4\u00e4n visaisia kysymyksi\u00e4, joihin panelistit saivat vastata.<\/p>\n<p>Vaalipaneeli sujui hyvin ja antoi varmasti pohdiskeltavaa ensi kertaa \u00e4\u00e4nest\u00e4m\u00e4\u00e4n meneville \u2013 ehk\u00e4p\u00e4 joku jopa valitsi ehdokkaansa t\u00e4m\u00e4n paneelin avulla.<\/p>\n<p>Teksti: Ulla Koiranen<\/p>\n<p>&nbsp;<\/p>\n<p><strong>Fysiikan ty\u00f6kurssilaiset Tuorlan t\u00e4htitornilla 5.4.<\/strong><\/p>\n<p style=\"padding-left: 90px\"><img loading=\"lazy\" decoding=\"async\" class=\"size-medium wp-image-695 alignleft\" src=\"https:\/\/blog.edu.turku.fi\/kerttulinlukio\/files\/2019\/04\/Fyysikot-225x300.jpg\" alt=\"\" width=\"225\" height=\"300\" \/><\/p>\n","protected":false},"excerpt":{"rendered":"<p>Biologian sovellukset \u2013kurssi vierailulla biokemian laitoksella Vappuviikon kunniaksi Kerttulin lukion Biologian sovellukset \u2013kurssi 5 jatkoi jo kymmenvuotista perinnett\u00e4\u00e4n vierailemalla Turun yliopiston biokemian laitoksella tiistaina ja perjantaina yhteens\u00e4 kolmen ryhm\u00e4n voimin. Nyt laitoksen opetus- ja tutkimustilat ovat siirtyneet Arcanumista uusiin tiloihin Biocityss\u00e4. Perinteiseen ohjelmaan lis\u00e4yksen\u00e4 lukion opiskelijat saivat tehd\u00e4 rekombinanttiplasmidin digestion kahdella restriktioentsyymill\u00e4. T\u00e4m\u00e4n j\u00e4lkeen jatkettiin &hellip; <a href=\"https:\/\/blog.edu.turku.fi\/kerttulinlukio\/huhtikuu\/\" class=\"more-link\">Jatka lukemista<span class=\"screen-reader-text\"> &#8221;Huhtikuu&#8221;<\/span><\/a><\/p>\n","protected":false},"author":2522,"featured_media":0,"parent":0,"menu_order":0,"comment_status":"closed","ping_status":"closed","template":"","meta":{"footnotes":""},"class_list":["post-694","page","type-page","status-publish","hentry"],"_links":{"self":[{"href":"https:\/\/blog.edu.turku.fi\/kerttulinlukio\/wp-json\/wp\/v2\/pages\/694","targetHints":{"allow":["GET"]}}],"collection":[{"href":"https:\/\/blog.edu.turku.fi\/kerttulinlukio\/wp-json\/wp\/v2\/pages"}],"about":[{"href":"https:\/\/blog.edu.turku.fi\/kerttulinlukio\/wp-json\/wp\/v2\/types\/page"}],"author":[{"embeddable":true,"href":"https:\/\/blog.edu.turku.fi\/kerttulinlukio\/wp-json\/wp\/v2\/users\/2522"}],"replies":[{"embeddable":true,"href":"https:\/\/blog.edu.turku.fi\/kerttulinlukio\/wp-json\/wp\/v2\/comments?post=694"}],"version-history":[{"count":17,"href":"https:\/\/blog.edu.turku.fi\/kerttulinlukio\/wp-json\/wp\/v2\/pages\/694\/revisions"}],"predecessor-version":[{"id":785,"href":"https:\/\/blog.edu.turku.fi\/kerttulinlukio\/wp-json\/wp\/v2\/pages\/694\/revisions\/785"}],"wp:attachment":[{"href":"https:\/\/blog.edu.turku.fi\/kerttulinlukio\/wp-json\/wp\/v2\/media?parent=694"}],"curies":[{"name":"wp","href":"https:\/\/api.w.org\/{rel}","templated":true}]}}