{"id":4457,"date":"2024-05-30T11:49:46","date_gmt":"2024-05-30T08:49:46","guid":{"rendered":"https:\/\/blog.edu.turku.fi\/kerttulinlukio\/?page_id=4457"},"modified":"2024-05-30T11:49:46","modified_gmt":"2024-05-30T08:49:46","slug":"helmikuu-2024","status":"publish","type":"page","link":"https:\/\/blog.edu.turku.fi\/kerttulinlukio\/helmikuu-2024\/","title":{"rendered":"Helmikuu 2024"},"content":{"rendered":"<p>Helmikuussa osallistuttiin kaverihaasteeseen, jonka t\u00e4rke\u00e4n\u00e4 teemana oli toisten huomioon ottaminen ja uusiin ihmisiin tutustuminen sek\u00e4 tutustumiseen kannustaminen.<\/p>\n<p>Urheilussakin kisailtiin, kun poikien joukkue osallistui Futsal-turnaukseen Samppalinnan palloiluhallissa.<\/p>\n<p>Ykk\u00f6set osallistuivat DemoDay-tapahtumaan. Tapahtumassa opiskelijat p\u00e4\u00e4siv\u00e4t tutustumaan Turun ammattikorkeakoulun, Turun yliopiston, \u00c5bo Akademin ja Yrkesh\u00f6gskolan Novian tekniikan alan laboratorio- ja tutkimustiloihin demo-ty\u00f6pajojen muodossa.<\/p>\n<p>Kakkoset osallistuivat TECH ROAD SHOW -tapahtumaan. Lis\u00e4ksi saimme vieraaksemme esittelij\u00e4n Maanpuolustuskorkeakoulusta.<\/p>\n<p>Penkkareita juhlittiin ensin abeille tarjottavan brunssin merkeiss\u00e4 ja sen j\u00e4lkeen penkkariajeluilla.<\/p>\n<p><img loading=\"lazy\" decoding=\"async\" class=\"alignnone size-medium wp-image-4186\" src=\"https:\/\/blog.edu.turku.fi\/kerttulinlukio\/files\/2024\/02\/IMG_5383-300x200.jpg\" alt=\"\" width=\"300\" height=\"200\" srcset=\"https:\/\/blog.edu.turku.fi\/kerttulinlukio\/files\/2024\/02\/IMG_5383-300x200.jpg 300w, https:\/\/blog.edu.turku.fi\/kerttulinlukio\/files\/2024\/02\/IMG_5383.jpg 1000w\" sizes=\"auto, (max-width: 300px) 85vw, 300px\" \/> <img loading=\"lazy\" decoding=\"async\" class=\"alignnone size-medium wp-image-4187\" src=\"https:\/\/blog.edu.turku.fi\/kerttulinlukio\/files\/2024\/02\/IMG_5362-300x200.jpg\" alt=\"\" width=\"300\" height=\"200\" srcset=\"https:\/\/blog.edu.turku.fi\/kerttulinlukio\/files\/2024\/02\/IMG_5362-300x200.jpg 300w, https:\/\/blog.edu.turku.fi\/kerttulinlukio\/files\/2024\/02\/IMG_5362.jpg 1000w\" sizes=\"auto, (max-width: 300px) 85vw, 300px\" \/> <img loading=\"lazy\" decoding=\"async\" class=\"alignnone size-medium wp-image-4188\" src=\"https:\/\/blog.edu.turku.fi\/kerttulinlukio\/files\/2024\/02\/IMG_5347-300x200.jpg\" alt=\"\" width=\"300\" height=\"200\" srcset=\"https:\/\/blog.edu.turku.fi\/kerttulinlukio\/files\/2024\/02\/IMG_5347-300x200.jpg 300w, https:\/\/blog.edu.turku.fi\/kerttulinlukio\/files\/2024\/02\/IMG_5347.jpg 1000w\" sizes=\"auto, (max-width: 300px) 85vw, 300px\" \/> <img loading=\"lazy\" decoding=\"async\" class=\"alignnone size-medium wp-image-4189\" src=\"https:\/\/blog.edu.turku.fi\/kerttulinlukio\/files\/2024\/02\/IMG_5343-300x200.jpg\" alt=\"\" width=\"300\" height=\"200\" srcset=\"https:\/\/blog.edu.turku.fi\/kerttulinlukio\/files\/2024\/02\/IMG_5343-300x200.jpg 300w, https:\/\/blog.edu.turku.fi\/kerttulinlukio\/files\/2024\/02\/IMG_5343.jpg 1000w\" sizes=\"auto, (max-width: 300px) 85vw, 300px\" \/> <img loading=\"lazy\" decoding=\"async\" class=\"alignnone size-medium wp-image-4190\" src=\"https:\/\/blog.edu.turku.fi\/kerttulinlukio\/files\/2024\/02\/IMG_5349-300x200.jpg\" alt=\"\" width=\"300\" height=\"200\" srcset=\"https:\/\/blog.edu.turku.fi\/kerttulinlukio\/files\/2024\/02\/IMG_5349-300x200.jpg 300w, https:\/\/blog.edu.turku.fi\/kerttulinlukio\/files\/2024\/02\/IMG_5349.jpg 1000w\" sizes=\"auto, (max-width: 300px) 85vw, 300px\" \/> <img loading=\"lazy\" decoding=\"async\" class=\"alignnone size-medium wp-image-4191\" src=\"https:\/\/blog.edu.turku.fi\/kerttulinlukio\/files\/2024\/02\/IMG_5393-300x200.jpg\" alt=\"\" width=\"300\" height=\"200\" srcset=\"https:\/\/blog.edu.turku.fi\/kerttulinlukio\/files\/2024\/02\/IMG_5393-300x200.jpg 300w, https:\/\/blog.edu.turku.fi\/kerttulinlukio\/files\/2024\/02\/IMG_5393.jpg 1000w\" sizes=\"auto, (max-width: 300px) 85vw, 300px\" \/> <img loading=\"lazy\" decoding=\"async\" class=\"alignnone size-medium wp-image-4192\" src=\"https:\/\/blog.edu.turku.fi\/kerttulinlukio\/files\/2024\/02\/IMG_5395-300x200.jpg\" alt=\"\" width=\"300\" height=\"200\" srcset=\"https:\/\/blog.edu.turku.fi\/kerttulinlukio\/files\/2024\/02\/IMG_5395-300x200.jpg 300w, https:\/\/blog.edu.turku.fi\/kerttulinlukio\/files\/2024\/02\/IMG_5395.jpg 1000w\" sizes=\"auto, (max-width: 300px) 85vw, 300px\" \/> <img loading=\"lazy\" decoding=\"async\" class=\"alignnone size-medium wp-image-4193\" src=\"https:\/\/blog.edu.turku.fi\/kerttulinlukio\/files\/2024\/02\/IMG_5422-300x200.jpg\" alt=\"\" width=\"300\" height=\"200\" srcset=\"https:\/\/blog.edu.turku.fi\/kerttulinlukio\/files\/2024\/02\/IMG_5422-300x200.jpg 300w, https:\/\/blog.edu.turku.fi\/kerttulinlukio\/files\/2024\/02\/IMG_5422.jpg 1000w\" sizes=\"auto, (max-width: 300px) 85vw, 300px\" \/><\/p>\n<p>T\u00e4m\u00e4 j\u00e4lkeen vuorossa oli kakkosten juhlap\u00e4iv\u00e4 koulun vanhimpina.<\/p>\n<p><img loading=\"lazy\" decoding=\"async\" class=\"aligncenter wp-image-4211 size-large\" src=\"https:\/\/blog.edu.turku.fi\/kerttulinlukio\/files\/2024\/02\/IMG_9012-640x490.jpg\" alt=\"\" width=\"640\" height=\"490\" srcset=\"https:\/\/blog.edu.turku.fi\/kerttulinlukio\/files\/2024\/02\/IMG_9012.jpg 640w, https:\/\/blog.edu.turku.fi\/kerttulinlukio\/files\/2024\/02\/IMG_9012-300x230.jpg 300w\" sizes=\"auto, (max-width: 640px) 85vw, 640px\" \/> <img loading=\"lazy\" decoding=\"async\" class=\"aligncenter wp-image-4212 size-large\" src=\"https:\/\/blog.edu.turku.fi\/kerttulinlukio\/files\/2024\/02\/IMG_9016-372x640.jpg\" alt=\"\" width=\"372\" height=\"640\" srcset=\"https:\/\/blog.edu.turku.fi\/kerttulinlukio\/files\/2024\/02\/IMG_9016.jpg 372w, https:\/\/blog.edu.turku.fi\/kerttulinlukio\/files\/2024\/02\/IMG_9016-174x300.jpg 174w\" sizes=\"auto, (max-width: 372px) 85vw, 372px\" \/> <img loading=\"lazy\" decoding=\"async\" class=\"aligncenter wp-image-4213 size-large\" src=\"https:\/\/blog.edu.turku.fi\/kerttulinlukio\/files\/2024\/02\/IMG_9020-502x640.jpg\" alt=\"\" width=\"502\" height=\"640\" srcset=\"https:\/\/blog.edu.turku.fi\/kerttulinlukio\/files\/2024\/02\/IMG_9020.jpg 502w, https:\/\/blog.edu.turku.fi\/kerttulinlukio\/files\/2024\/02\/IMG_9020-235x300.jpg 235w\" sizes=\"auto, (max-width: 502px) 85vw, 502px\" \/> <img loading=\"lazy\" decoding=\"async\" class=\"aligncenter wp-image-4216 size-large\" src=\"https:\/\/blog.edu.turku.fi\/kerttulinlukio\/files\/2024\/02\/IMG_5350-1-1000x667.jpg\" alt=\"\" width=\"1000\" height=\"667\" srcset=\"https:\/\/blog.edu.turku.fi\/kerttulinlukio\/files\/2024\/02\/IMG_5350-1.jpg 1000w, https:\/\/blog.edu.turku.fi\/kerttulinlukio\/files\/2024\/02\/IMG_5350-1-300x200.jpg 300w\" sizes=\"auto, (max-width: 709px) 85vw, (max-width: 909px) 67vw, (max-width: 1362px) 62vw, 840px\" \/> <img loading=\"lazy\" decoding=\"async\" class=\"aligncenter wp-image-4217 size-large\" src=\"https:\/\/blog.edu.turku.fi\/kerttulinlukio\/files\/2024\/02\/IMG_5368-1000x667.jpg\" alt=\"\" width=\"1000\" height=\"667\" srcset=\"https:\/\/blog.edu.turku.fi\/kerttulinlukio\/files\/2024\/02\/IMG_5368.jpg 1000w, https:\/\/blog.edu.turku.fi\/kerttulinlukio\/files\/2024\/02\/IMG_5368-300x200.jpg 300w\" sizes=\"auto, (max-width: 709px) 85vw, (max-width: 909px) 67vw, (max-width: 1362px) 62vw, 840px\" \/> <img loading=\"lazy\" decoding=\"async\" class=\"aligncenter wp-image-4218 size-large\" src=\"https:\/\/blog.edu.turku.fi\/kerttulinlukio\/files\/2024\/02\/IMG_5367-1000x667.jpg\" alt=\"\" width=\"1000\" height=\"667\" srcset=\"https:\/\/blog.edu.turku.fi\/kerttulinlukio\/files\/2024\/02\/IMG_5367.jpg 1000w, https:\/\/blog.edu.turku.fi\/kerttulinlukio\/files\/2024\/02\/IMG_5367-300x200.jpg 300w\" sizes=\"auto, (max-width: 709px) 85vw, (max-width: 909px) 67vw, (max-width: 1362px) 62vw, 840px\" \/> <img loading=\"lazy\" decoding=\"async\" class=\"aligncenter wp-image-4219 size-large\" src=\"https:\/\/blog.edu.turku.fi\/kerttulinlukio\/files\/2024\/02\/IMG_5358-1000x667.jpg\" alt=\"\" width=\"1000\" height=\"667\" srcset=\"https:\/\/blog.edu.turku.fi\/kerttulinlukio\/files\/2024\/02\/IMG_5358.jpg 1000w, https:\/\/blog.edu.turku.fi\/kerttulinlukio\/files\/2024\/02\/IMG_5358-300x200.jpg 300w\" sizes=\"auto, (max-width: 709px) 85vw, (max-width: 909px) 67vw, (max-width: 1362px) 62vw, 840px\" \/> <img loading=\"lazy\" decoding=\"async\" class=\"aligncenter wp-image-4221 size-large\" src=\"https:\/\/blog.edu.turku.fi\/kerttulinlukio\/files\/2024\/02\/IMG_5344-1000x667.jpg\" alt=\"\" width=\"1000\" height=\"667\" srcset=\"https:\/\/blog.edu.turku.fi\/kerttulinlukio\/files\/2024\/02\/IMG_5344.jpg 1000w, https:\/\/blog.edu.turku.fi\/kerttulinlukio\/files\/2024\/02\/IMG_5344-300x200.jpg 300w\" sizes=\"auto, (max-width: 709px) 85vw, (max-width: 909px) 67vw, (max-width: 1362px) 62vw, 840px\" \/> <img loading=\"lazy\" decoding=\"async\" class=\"aligncenter wp-image-4222 size-large\" src=\"https:\/\/blog.edu.turku.fi\/kerttulinlukio\/files\/2024\/02\/IMG_5340-750x1000.jpg\" alt=\"\" width=\"750\" height=\"1000\" srcset=\"https:\/\/blog.edu.turku.fi\/kerttulinlukio\/files\/2024\/02\/IMG_5340.jpg 750w, https:\/\/blog.edu.turku.fi\/kerttulinlukio\/files\/2024\/02\/IMG_5340-225x300.jpg 225w\" sizes=\"auto, (max-width: 750px) 85vw, 750px\" \/> <img loading=\"lazy\" decoding=\"async\" class=\"aligncenter wp-image-4223 size-large\" src=\"https:\/\/blog.edu.turku.fi\/kerttulinlukio\/files\/2024\/02\/IMG_5354-1-1000x667.jpg\" alt=\"\" width=\"1000\" height=\"667\" srcset=\"https:\/\/blog.edu.turku.fi\/kerttulinlukio\/files\/2024\/02\/IMG_5354-1.jpg 1000w, https:\/\/blog.edu.turku.fi\/kerttulinlukio\/files\/2024\/02\/IMG_5354-1-300x200.jpg 300w\" sizes=\"auto, (max-width: 709px) 85vw, (max-width: 909px) 67vw, (max-width: 1362px) 62vw, 840px\" \/> <img loading=\"lazy\" decoding=\"async\" class=\"aligncenter wp-image-4226 size-large\" src=\"https:\/\/blog.edu.turku.fi\/kerttulinlukio\/files\/2024\/02\/IMG_5323-667x1000.jpg\" alt=\"\" width=\"667\" height=\"1000\" srcset=\"https:\/\/blog.edu.turku.fi\/kerttulinlukio\/files\/2024\/02\/IMG_5323.jpg 667w, https:\/\/blog.edu.turku.fi\/kerttulinlukio\/files\/2024\/02\/IMG_5323-200x300.jpg 200w\" sizes=\"auto, (max-width: 667px) 85vw, 667px\" \/> <img loading=\"lazy\" decoding=\"async\" class=\"aligncenter wp-image-4225 size-large\" src=\"https:\/\/blog.edu.turku.fi\/kerttulinlukio\/files\/2024\/02\/IMG_5326-666x1000.jpg\" alt=\"\" width=\"666\" height=\"1000\" srcset=\"https:\/\/blog.edu.turku.fi\/kerttulinlukio\/files\/2024\/02\/IMG_5326.jpg 666w, https:\/\/blog.edu.turku.fi\/kerttulinlukio\/files\/2024\/02\/IMG_5326-200x300.jpg 200w\" sizes=\"auto, (max-width: 666px) 85vw, 666px\" \/> <img loading=\"lazy\" decoding=\"async\" class=\"aligncenter wp-image-4228 size-large\" src=\"https:\/\/blog.edu.turku.fi\/kerttulinlukio\/files\/2024\/02\/IMG_5307-1000x667.jpg\" alt=\"\" width=\"1000\" height=\"667\" srcset=\"https:\/\/blog.edu.turku.fi\/kerttulinlukio\/files\/2024\/02\/IMG_5307.jpg 1000w, https:\/\/blog.edu.turku.fi\/kerttulinlukio\/files\/2024\/02\/IMG_5307-300x200.jpg 300w\" sizes=\"auto, (max-width: 709px) 85vw, (max-width: 909px) 67vw, (max-width: 1362px) 62vw, 840px\" \/> <img loading=\"lazy\" decoding=\"async\" class=\"aligncenter wp-image-4229 size-large\" src=\"https:\/\/blog.edu.turku.fi\/kerttulinlukio\/files\/2024\/02\/IMG_5304-1000x667.jpg\" alt=\"\" width=\"1000\" height=\"667\" srcset=\"https:\/\/blog.edu.turku.fi\/kerttulinlukio\/files\/2024\/02\/IMG_5304.jpg 1000w, https:\/\/blog.edu.turku.fi\/kerttulinlukio\/files\/2024\/02\/IMG_5304-300x200.jpg 300w\" sizes=\"auto, (max-width: 709px) 85vw, (max-width: 909px) 67vw, (max-width: 1362px) 62vw, 840px\" \/> <img loading=\"lazy\" decoding=\"async\" class=\"aligncenter wp-image-4230 size-large\" src=\"https:\/\/blog.edu.turku.fi\/kerttulinlukio\/files\/2024\/02\/IMG_5299-1000x667.jpg\" alt=\"\" width=\"1000\" height=\"667\" srcset=\"https:\/\/blog.edu.turku.fi\/kerttulinlukio\/files\/2024\/02\/IMG_5299.jpg 1000w, https:\/\/blog.edu.turku.fi\/kerttulinlukio\/files\/2024\/02\/IMG_5299-300x200.jpg 300w\" sizes=\"auto, (max-width: 709px) 85vw, (max-width: 909px) 67vw, (max-width: 1362px) 62vw, 840px\" \/> <img loading=\"lazy\" decoding=\"async\" class=\"aligncenter wp-image-4243 size-large\" src=\"https:\/\/blog.edu.turku.fi\/kerttulinlukio\/files\/2024\/02\/IMG_5355-750x1000.jpg\" alt=\"\" width=\"750\" height=\"1000\" srcset=\"https:\/\/blog.edu.turku.fi\/kerttulinlukio\/files\/2024\/02\/IMG_5355.jpg 750w, https:\/\/blog.edu.turku.fi\/kerttulinlukio\/files\/2024\/02\/IMG_5355-225x300.jpg 225w\" sizes=\"auto, (max-width: 750px) 85vw, 750px\" \/> <img loading=\"lazy\" decoding=\"async\" class=\"aligncenter wp-image-4242 size-large\" src=\"https:\/\/blog.edu.turku.fi\/kerttulinlukio\/files\/2024\/02\/IMG_5330-1000x667.jpg\" alt=\"\" width=\"1000\" height=\"667\" srcset=\"https:\/\/blog.edu.turku.fi\/kerttulinlukio\/files\/2024\/02\/IMG_5330.jpg 1000w, https:\/\/blog.edu.turku.fi\/kerttulinlukio\/files\/2024\/02\/IMG_5330-300x200.jpg 300w\" sizes=\"auto, (max-width: 709px) 85vw, (max-width: 909px) 67vw, (max-width: 1362px) 62vw, 840px\" \/> <img loading=\"lazy\" decoding=\"async\" class=\"aligncenter wp-image-4239 size-large\" src=\"https:\/\/blog.edu.turku.fi\/kerttulinlukio\/files\/2024\/02\/IMG_5324-666x1000.jpg\" alt=\"\" width=\"666\" height=\"1000\" srcset=\"https:\/\/blog.edu.turku.fi\/kerttulinlukio\/files\/2024\/02\/IMG_5324.jpg 666w, https:\/\/blog.edu.turku.fi\/kerttulinlukio\/files\/2024\/02\/IMG_5324-200x300.jpg 200w\" sizes=\"auto, (max-width: 666px) 85vw, 666px\" \/> <img loading=\"lazy\" decoding=\"async\" class=\"aligncenter wp-image-4231 size-large\" src=\"https:\/\/blog.edu.turku.fi\/kerttulinlukio\/files\/2024\/02\/IMG_5298-1000x667.jpg\" alt=\"\" width=\"1000\" height=\"667\" srcset=\"https:\/\/blog.edu.turku.fi\/kerttulinlukio\/files\/2024\/02\/IMG_5298.jpg 1000w, https:\/\/blog.edu.turku.fi\/kerttulinlukio\/files\/2024\/02\/IMG_5298-300x200.jpg 300w\" sizes=\"auto, (max-width: 709px) 85vw, (max-width: 909px) 67vw, (max-width: 1362px) 62vw, 840px\" \/><\/p>\n<p>Sellainen oli Kerttulin helmikuu.<\/p>\n","protected":false},"excerpt":{"rendered":"<p>Helmikuussa osallistuttiin kaverihaasteeseen, jonka t\u00e4rke\u00e4n\u00e4 teemana oli toisten huomioon ottaminen ja uusiin ihmisiin tutustuminen sek\u00e4 tutustumiseen kannustaminen. Urheilussakin kisailtiin, kun poikien joukkue osallistui Futsal-turnaukseen Samppalinnan palloiluhallissa. Ykk\u00f6set osallistuivat DemoDay-tapahtumaan. Tapahtumassa opiskelijat p\u00e4\u00e4siv\u00e4t tutustumaan Turun ammattikorkeakoulun, Turun yliopiston, \u00c5bo Akademin ja Yrkesh\u00f6gskolan Novian tekniikan alan laboratorio- ja tutkimustiloihin demo-ty\u00f6pajojen muodossa. Kakkoset osallistuivat TECH ROAD SHOW -tapahtumaan. &hellip; <a href=\"https:\/\/blog.edu.turku.fi\/kerttulinlukio\/helmikuu-2024\/\" class=\"more-link\">Jatka lukemista<span class=\"screen-reader-text\"> &#8221;Helmikuu 2024&#8221;<\/span><\/a><\/p>\n","protected":false},"author":3272,"featured_media":0,"parent":0,"menu_order":0,"comment_status":"closed","ping_status":"closed","template":"","meta":{"footnotes":""},"class_list":["post-4457","page","type-page","status-publish","hentry"],"_links":{"self":[{"href":"https:\/\/blog.edu.turku.fi\/kerttulinlukio\/wp-json\/wp\/v2\/pages\/4457","targetHints":{"allow":["GET"]}}],"collection":[{"href":"https:\/\/blog.edu.turku.fi\/kerttulinlukio\/wp-json\/wp\/v2\/pages"}],"about":[{"href":"https:\/\/blog.edu.turku.fi\/kerttulinlukio\/wp-json\/wp\/v2\/types\/page"}],"author":[{"embeddable":true,"href":"https:\/\/blog.edu.turku.fi\/kerttulinlukio\/wp-json\/wp\/v2\/users\/3272"}],"replies":[{"embeddable":true,"href":"https:\/\/blog.edu.turku.fi\/kerttulinlukio\/wp-json\/wp\/v2\/comments?post=4457"}],"version-history":[{"count":4,"href":"https:\/\/blog.edu.turku.fi\/kerttulinlukio\/wp-json\/wp\/v2\/pages\/4457\/revisions"}],"predecessor-version":[{"id":4461,"href":"https:\/\/blog.edu.turku.fi\/kerttulinlukio\/wp-json\/wp\/v2\/pages\/4457\/revisions\/4461"}],"wp:attachment":[{"href":"https:\/\/blog.edu.turku.fi\/kerttulinlukio\/wp-json\/wp\/v2\/media?parent=4457"}],"curies":[{"name":"wp","href":"https:\/\/api.w.org\/{rel}","templated":true}]}}