{"id":3290,"date":"2023-06-06T15:51:12","date_gmt":"2023-06-06T12:51:12","guid":{"rendered":"https:\/\/blog.edu.turku.fi\/kerttulinlukio\/?page_id=3290"},"modified":"2023-06-06T15:51:12","modified_gmt":"2023-06-06T12:51:12","slug":"toukokuu-2023","status":"publish","type":"page","link":"https:\/\/blog.edu.turku.fi\/kerttulinlukio\/toukokuu-2023\/","title":{"rendered":"Toukokuu 2023"},"content":{"rendered":"<p>Toukokuussa urheiltiin ja vierailtiin ja saatiin vastavuoroisesti vierailijoita muualta. Terveystiedon kurssilaiset vierailivat Lasarettimuseossa ja biologit osallistuivat Jyv\u00e4skyl\u00e4n yliopiston Jaettu valo -projektiin. Urheilujuhlan tuntua koettiin Kerttulin tytt\u00f6jen voittaessa Turun lukioiden v\u00e4linen pes\u00e4palloturnaus. Ohessa voiton tunnelmia.<\/p>\n<p><img loading=\"lazy\" decoding=\"async\" class=\"size-medium wp-image-3218 aligncenter\" src=\"https:\/\/blog.edu.turku.fi\/kerttulinlukio\/files\/2023\/05\/2022-2023-Kerlun-tytot-voittivat-Turun-lukioiden-pesisturnauksen-225x300.jpg\" alt=\"\" width=\"225\" height=\"300\" \/><\/p>\n<p>Kemian opiskelijat vierailivat Kasvitieteellisess\u00e4 puutarhassa tutustumassa kasvien kemialliseen monimuotoisuuteen. Turun yliopiston luonnonyhdistekemian professori Juha-Pekka Salminen kertoi meille kasvien kemiallisesta monimuotoisuudesta ja kasvien tuottamien yhdisteiden l\u00e4\u00e4kinn\u00e4llisist\u00e4 mahdollisuuksista.<\/p>\n<p><img loading=\"lazy\" decoding=\"async\" class=\"alignnone size-medium wp-image-3291\" src=\"https:\/\/blog.edu.turku.fi\/kerttulinlukio\/files\/2023\/06\/Na\u0308ytto\u0308kuva-2023-6-1-kello-12.18.30-220x300.png\" alt=\"\" width=\"220\" height=\"300\" \/> <img loading=\"lazy\" decoding=\"async\" class=\"alignnone size-medium wp-image-3294\" src=\"https:\/\/blog.edu.turku.fi\/kerttulinlukio\/files\/2023\/06\/Na\u0308ytto\u0308kuva-2023-6-1-kello-12.18.18-246x300.png\" alt=\"\" width=\"246\" height=\"300\" \/> <img loading=\"lazy\" decoding=\"async\" class=\"alignnone size-medium wp-image-3307\" src=\"https:\/\/blog.edu.turku.fi\/kerttulinlukio\/files\/2023\/06\/Kasvitieteellinen-1-225x300.jpg\" alt=\"\" width=\"225\" height=\"300\" \/> <img loading=\"lazy\" decoding=\"async\" class=\"alignnone size-medium wp-image-3305\" src=\"https:\/\/blog.edu.turku.fi\/kerttulinlukio\/files\/2023\/06\/Kasvitieteellinen-2-300x225.jpg\" alt=\"\" width=\"300\" height=\"225\" \/> <img loading=\"lazy\" decoding=\"async\" class=\"alignnone size-medium wp-image-3234\" src=\"https:\/\/blog.edu.turku.fi\/kerttulinlukio\/files\/2023\/05\/Camellia-japonica-225x300.jpg\" alt=\"\" width=\"225\" height=\"300\" srcset=\"https:\/\/blog.edu.turku.fi\/kerttulinlukio\/files\/2023\/05\/Camellia-japonica-225x300.jpg 225w, https:\/\/blog.edu.turku.fi\/kerttulinlukio\/files\/2023\/05\/Camellia-japonica.jpg 481w\" sizes=\"auto, (max-width: 225px) 85vw, 225px\" \/><\/p>\n<p>Lis\u00e4ksi kemian opiskelijat k\u00e4viv\u00e4t Turun Suomalaisessa Yhteiskoulussa Aalto-yliopiston orgaanisen kemian professori Juha Siitosen luennolla. Juha Siitonen kertoi mm. seuraavista l\u00e4\u00e4kekemiaan liittyvist\u00e4 asioista:<\/p>\n<p><span lang=\"fi\">Miten molekyylit hoitavat oireita ja parantavat sairauksia? Mist\u00e4 uusia l\u00e4\u00e4kkeit\u00e4 l\u00f6ydet\u00e4\u00e4n? Mik\u00e4 oikeastaan edes on l\u00e4\u00e4ke? <\/span><\/p>\n<p><img loading=\"lazy\" decoding=\"async\" class=\"size-medium wp-image-3295 aligncenter\" src=\"https:\/\/blog.edu.turku.fi\/kerttulinlukio\/files\/2023\/06\/Siitonen-2-300x223.jpg\" alt=\"\" width=\"300\" height=\"223\" \/><\/p>\n<p>Lis\u00e4ksi kemian opiskelijat vierailivat PET-keskuksessa, joka on Turun yliopiston, \u00c5bo Akademin ja Tyksin yhteinen, valtakunnallinen tutkimuskeskus. T\u00e4\u00e4ll\u00e4 meit\u00e4 opasti dosentti Anna Kirjavainen. Anna kertoi mm. radionuklidien syntetisoimisesta molekyyleihin, joita voidaan k\u00e4ytt\u00e4\u00e4 potilastutkimuksissa esimerkiksi sy\u00f6p\u00e4kasvaimien paikantamisessa.<\/p>\n<p>PET-keskuksen kiihdytinlaboratorion tutkimusjohtaja Mikael Bergelin esitteli, miten hiukkaskiihdytin toimii sek\u00e4 miten hiukkaskiihdyttimell\u00e4 valmistetaan F-18 -isotooppia vedest\u00e4 sek\u00e4 C-11 -isotooppia typest\u00e4.<\/p>\n<p>Lis\u00e4ksi radiokemistit Simo Salo ja Edla Kerminen esitteliv\u00e4t meille mm. laboratoriotilansa.<\/p>\n<p><img loading=\"lazy\" decoding=\"async\" class=\"alignnone size-medium wp-image-3315\" src=\"https:\/\/blog.edu.turku.fi\/kerttulinlukio\/files\/2023\/06\/PET6-225x300.jpg\" alt=\"\" width=\"225\" height=\"300\" \/> <img loading=\"lazy\" decoding=\"async\" class=\"alignnone size-medium wp-image-3312\" src=\"https:\/\/blog.edu.turku.fi\/kerttulinlukio\/files\/2023\/06\/PET3-1-240x300.jpg\" alt=\"\" width=\"240\" height=\"300\" \/> <img loading=\"lazy\" decoding=\"async\" class=\"alignnone size-medium wp-image-3311\" src=\"https:\/\/blog.edu.turku.fi\/kerttulinlukio\/files\/2023\/06\/PET2-1-225x300.jpg\" alt=\"\" width=\"225\" height=\"300\" \/> <img loading=\"lazy\" decoding=\"async\" class=\"alignnone size-medium wp-image-3314\" src=\"https:\/\/blog.edu.turku.fi\/kerttulinlukio\/files\/2023\/06\/PET1-300x225.jpg\" alt=\"\" width=\"300\" height=\"225\" \/><img loading=\"lazy\" decoding=\"async\" class=\"alignnone size-medium wp-image-3313\" src=\"https:\/\/blog.edu.turku.fi\/kerttulinlukio\/files\/2023\/06\/PET4-1-300x225.jpg\" alt=\"\" width=\"300\" height=\"225\" \/><\/p>\n<p>Kev\u00e4\u00e4n viimeisin\u00e4 koulup\u00e4ivin\u00e4 saimme viel\u00e4 vieraaksemme Reetta Rantakokon. Reetta piti opintoihinsa liittyv\u00e4n demoshown kemialliseen tasapainoon liittyen. Ja lopuksi viel\u00e4 tehtiin kokeellista kemiaa nestetypell\u00e4.<\/p>\n<p><img loading=\"lazy\" decoding=\"async\" class=\"alignnone size-medium wp-image-3299\" src=\"https:\/\/blog.edu.turku.fi\/kerttulinlukio\/files\/2023\/06\/Reetta-225x300.jpg\" alt=\"\" width=\"225\" height=\"300\" \/> <img loading=\"lazy\" decoding=\"async\" class=\"alignnone size-medium wp-image-3301\" src=\"https:\/\/blog.edu.turku.fi\/kerttulinlukio\/files\/2023\/06\/Jaateloa-2-225x300.jpg\" alt=\"\" width=\"225\" height=\"300\" \/><\/p>\n<p>Lukuvuoden toiseksi viimeinen koulup\u00e4iv\u00e4 vietettiin Urheilupuistossa ja sen l\u00e4heisyydess\u00e4 erilaisissa aktiviteeteissa.<\/p>\n<p><img loading=\"lazy\" decoding=\"async\" class=\"alignnone size-medium wp-image-3324\" src=\"https:\/\/blog.edu.turku.fi\/kerttulinlukio\/files\/2023\/06\/Opet-liekeissa-300x290.jpg\" alt=\"\" width=\"300\" height=\"290\" srcset=\"https:\/\/blog.edu.turku.fi\/kerttulinlukio\/files\/2023\/06\/Opet-liekeissa-300x290.jpg 300w, https:\/\/blog.edu.turku.fi\/kerttulinlukio\/files\/2023\/06\/Opet-liekeissa.jpg 1000w\" sizes=\"auto, (max-width: 300px) 85vw, 300px\" \/> <img loading=\"lazy\" decoding=\"async\" class=\"alignnone size-medium wp-image-3325\" src=\"https:\/\/blog.edu.turku.fi\/kerttulinlukio\/files\/2023\/06\/Valmentajien-joukkue-287x300.jpg\" alt=\"\" width=\"287\" height=\"300\" \/> <img loading=\"lazy\" decoding=\"async\" class=\"alignnone size-medium wp-image-3326\" src=\"https:\/\/blog.edu.turku.fi\/kerttulinlukio\/files\/2023\/06\/OPKHn-tarjoamat-snagarit-300x225.jpg\" alt=\"\" width=\"300\" height=\"225\" \/><img loading=\"lazy\" decoding=\"async\" class=\"alignnone size-medium wp-image-3321\" src=\"https:\/\/blog.edu.turku.fi\/kerttulinlukio\/files\/2023\/06\/Kuplia-300x225.jpg\" alt=\"\" width=\"300\" height=\"225\" \/> <img loading=\"lazy\" decoding=\"async\" class=\"alignnone size-medium wp-image-3320\" src=\"https:\/\/blog.edu.turku.fi\/kerttulinlukio\/files\/2023\/06\/Samppis-300x225.jpg\" alt=\"\" width=\"300\" height=\"225\" srcset=\"https:\/\/blog.edu.turku.fi\/kerttulinlukio\/files\/2023\/06\/Samppis-300x225.jpg 300w, https:\/\/blog.edu.turku.fi\/kerttulinlukio\/files\/2023\/06\/Samppis.jpg 640w\" sizes=\"auto, (max-width: 300px) 85vw, 300px\" \/> <img loading=\"lazy\" decoding=\"async\" class=\"alignnone size-medium wp-image-3323\" src=\"https:\/\/blog.edu.turku.fi\/kerttulinlukio\/files\/2023\/06\/Grillimeisterit-1-300x225.jpg\" alt=\"\" width=\"300\" height=\"225\" \/><img loading=\"lazy\" decoding=\"async\" class=\"alignnone size-medium wp-image-3322\" src=\"https:\/\/blog.edu.turku.fi\/kerttulinlukio\/files\/2023\/06\/Grillimeister-2-225x300.jpg\" alt=\"\" width=\"225\" height=\"300\" \/><\/p>\n","protected":false},"excerpt":{"rendered":"<p>Toukokuussa urheiltiin ja vierailtiin ja saatiin vastavuoroisesti vierailijoita muualta. Terveystiedon kurssilaiset vierailivat Lasarettimuseossa ja biologit osallistuivat Jyv\u00e4skyl\u00e4n yliopiston Jaettu valo -projektiin. Urheilujuhlan tuntua koettiin Kerttulin tytt\u00f6jen voittaessa Turun lukioiden v\u00e4linen pes\u00e4palloturnaus. Ohessa voiton tunnelmia. Kemian opiskelijat vierailivat Kasvitieteellisess\u00e4 puutarhassa tutustumassa kasvien kemialliseen monimuotoisuuteen. Turun yliopiston luonnonyhdistekemian professori Juha-Pekka Salminen kertoi meille kasvien kemiallisesta monimuotoisuudesta ja &hellip; <a href=\"https:\/\/blog.edu.turku.fi\/kerttulinlukio\/toukokuu-2023\/\" class=\"more-link\">Jatka lukemista<span class=\"screen-reader-text\"> &#8221;Toukokuu 2023&#8221;<\/span><\/a><\/p>\n","protected":false},"author":3272,"featured_media":0,"parent":0,"menu_order":0,"comment_status":"closed","ping_status":"closed","template":"","meta":{"footnotes":""},"class_list":["post-3290","page","type-page","status-publish","hentry"],"_links":{"self":[{"href":"https:\/\/blog.edu.turku.fi\/kerttulinlukio\/wp-json\/wp\/v2\/pages\/3290","targetHints":{"allow":["GET"]}}],"collection":[{"href":"https:\/\/blog.edu.turku.fi\/kerttulinlukio\/wp-json\/wp\/v2\/pages"}],"about":[{"href":"https:\/\/blog.edu.turku.fi\/kerttulinlukio\/wp-json\/wp\/v2\/types\/page"}],"author":[{"embeddable":true,"href":"https:\/\/blog.edu.turku.fi\/kerttulinlukio\/wp-json\/wp\/v2\/users\/3272"}],"replies":[{"embeddable":true,"href":"https:\/\/blog.edu.turku.fi\/kerttulinlukio\/wp-json\/wp\/v2\/comments?post=3290"}],"version-history":[{"count":11,"href":"https:\/\/blog.edu.turku.fi\/kerttulinlukio\/wp-json\/wp\/v2\/pages\/3290\/revisions"}],"predecessor-version":[{"id":3330,"href":"https:\/\/blog.edu.turku.fi\/kerttulinlukio\/wp-json\/wp\/v2\/pages\/3290\/revisions\/3330"}],"wp:attachment":[{"href":"https:\/\/blog.edu.turku.fi\/kerttulinlukio\/wp-json\/wp\/v2\/media?parent=3290"}],"curies":[{"name":"wp","href":"https:\/\/api.w.org\/{rel}","templated":true}]}}