{"id":2570,"date":"2022-06-06T12:49:06","date_gmt":"2022-06-06T09:49:06","guid":{"rendered":"https:\/\/blog.edu.turku.fi\/kerttulinlukio\/?page_id=2570"},"modified":"2022-06-06T12:49:06","modified_gmt":"2022-06-06T09:49:06","slug":"maaliskuu-4","status":"publish","type":"page","link":"https:\/\/blog.edu.turku.fi\/kerttulinlukio\/maaliskuu-4\/","title":{"rendered":"Maaliskuu"},"content":{"rendered":"<p>Maaliskuussa\u00a0 pidettiin ylioppilaskirjoitukset 15.3.-30.3. Kaikki sujui mainiosti jo korona-aikana totuttuun tapaan turvav\u00e4lein ja kasvomaskein.<\/p>\n<p>Koulumme omaa nimip\u00e4iv\u00e4\u00e4 Kerttulin p\u00e4iv\u00e4\u00e4 vietettiin 17.3. Hanna Suomisen laatiman Kahoot-visan merkeiss\u00e4.<\/p>\n<p><span class=\"_5FqYX HnNdo\">Op2-kurssilla vieraili 23.3. Te-toimistolta Sanna Kankaanp\u00e4\u00e4 kertomassa TE-tston palveluista nuorille lukion aikana ja sen j\u00e4lkeen sek\u00e4 Timo Vahtonen Varsinai-Suomen ELY-keskuksesta kertomassa alueen ty\u00f6markkinatilanteesta nyt ja tulevaisuudessa.<\/span><\/p>\n<p><img loading=\"lazy\" decoding=\"async\" class=\"alignnone size-medium wp-image-2573\" src=\"https:\/\/blog.edu.turku.fi\/kerttulinlukio\/files\/2022\/06\/PHOTO-2022-03-23-14-20-33-300x115.jpg\" alt=\"\" width=\"300\" height=\"115\" \/><img loading=\"lazy\" decoding=\"async\" class=\"alignnone size-medium wp-image-2572\" src=\"https:\/\/blog.edu.turku.fi\/kerttulinlukio\/files\/2022\/06\/PHOTO-2022-03-23-14-20-331-300x162.jpg\" alt=\"\" width=\"300\" height=\"162\" \/><\/p>\n<p>Ruotsin tunneilla vietettiin Ahvenanmaa-viikkoa 21.3-25.3. Svenska Nu-verkosto j\u00e4rjesti ohjelmaa ja saimme et\u00e4vierailuja Ahvenanmaalta Teamsin v\u00e4lityksell\u00e4. Ahvenanmaa t\u00e4ytt\u00e4\u00e4 100 vuotta 9.6.2022.<\/p>\n","protected":false},"excerpt":{"rendered":"<p>Maaliskuussa\u00a0 pidettiin ylioppilaskirjoitukset 15.3.-30.3. Kaikki sujui mainiosti jo korona-aikana totuttuun tapaan turvav\u00e4lein ja kasvomaskein. Koulumme omaa nimip\u00e4iv\u00e4\u00e4 Kerttulin p\u00e4iv\u00e4\u00e4 vietettiin 17.3. Hanna Suomisen laatiman Kahoot-visan merkeiss\u00e4. Op2-kurssilla vieraili 23.3. Te-toimistolta Sanna Kankaanp\u00e4\u00e4 kertomassa TE-tston palveluista nuorille lukion aikana ja sen j\u00e4lkeen sek\u00e4 Timo Vahtonen Varsinai-Suomen ELY-keskuksesta kertomassa alueen ty\u00f6markkinatilanteesta nyt ja tulevaisuudessa. Ruotsin tunneilla vietettiin &hellip; <a href=\"https:\/\/blog.edu.turku.fi\/kerttulinlukio\/maaliskuu-4\/\" class=\"more-link\">Jatka lukemista<span class=\"screen-reader-text\"> &#8221;Maaliskuu&#8221;<\/span><\/a><\/p>\n","protected":false},"author":3187,"featured_media":0,"parent":0,"menu_order":0,"comment_status":"closed","ping_status":"closed","template":"","meta":{"footnotes":""},"class_list":["post-2570","page","type-page","status-publish","hentry"],"_links":{"self":[{"href":"https:\/\/blog.edu.turku.fi\/kerttulinlukio\/wp-json\/wp\/v2\/pages\/2570","targetHints":{"allow":["GET"]}}],"collection":[{"href":"https:\/\/blog.edu.turku.fi\/kerttulinlukio\/wp-json\/wp\/v2\/pages"}],"about":[{"href":"https:\/\/blog.edu.turku.fi\/kerttulinlukio\/wp-json\/wp\/v2\/types\/page"}],"author":[{"embeddable":true,"href":"https:\/\/blog.edu.turku.fi\/kerttulinlukio\/wp-json\/wp\/v2\/users\/3187"}],"replies":[{"embeddable":true,"href":"https:\/\/blog.edu.turku.fi\/kerttulinlukio\/wp-json\/wp\/v2\/comments?post=2570"}],"version-history":[{"count":3,"href":"https:\/\/blog.edu.turku.fi\/kerttulinlukio\/wp-json\/wp\/v2\/pages\/2570\/revisions"}],"predecessor-version":[{"id":2575,"href":"https:\/\/blog.edu.turku.fi\/kerttulinlukio\/wp-json\/wp\/v2\/pages\/2570\/revisions\/2575"}],"wp:attachment":[{"href":"https:\/\/blog.edu.turku.fi\/kerttulinlukio\/wp-json\/wp\/v2\/media?parent=2570"}],"curies":[{"name":"wp","href":"https:\/\/api.w.org\/{rel}","templated":true}]}}