{"id":2567,"date":"2022-06-06T12:28:00","date_gmt":"2022-06-06T09:28:00","guid":{"rendered":"https:\/\/blog.edu.turku.fi\/kerttulinlukio\/?page_id=2567"},"modified":"2022-06-06T12:28:00","modified_gmt":"2022-06-06T09:28:00","slug":"toukokuu-4","status":"publish","type":"page","link":"https:\/\/blog.edu.turku.fi\/kerttulinlukio\/toukokuu-4\/","title":{"rendered":"Toukokuu"},"content":{"rendered":"<p>Toukokuun alussa osa lukion opettajista oli lakossa 3.-9.5. Tuona aikana opetusta ei pidetty normaalisti ja kouluruokailukin oli tauolla.<\/p>\n<p>Koronan vuoksi toukokuuhun siirretyt vanhojen tanssit pystyttiin kuitenkin pit\u00e4m\u00e4\u00e4n poikkeusj\u00e4rjestelyin 9.5. Perinteisesti saatiin tanssia Logomossa Puolalanm\u00e4en lukion orkesterin tahdittamana.<\/p>\n<p><img loading=\"lazy\" decoding=\"async\" class=\"alignnone size-medium wp-image-2534\" src=\"https:\/\/blog.edu.turku.fi\/kerttulinlukio\/files\/2022\/05\/5bba4bbf-e204-4d51-ae8e-751bf4201ee3-300x225.jpg\" alt=\"\" width=\"300\" height=\"225\" srcset=\"https:\/\/blog.edu.turku.fi\/kerttulinlukio\/files\/2022\/05\/5bba4bbf-e204-4d51-ae8e-751bf4201ee3-300x225.jpg 300w, https:\/\/blog.edu.turku.fi\/kerttulinlukio\/files\/2022\/05\/5bba4bbf-e204-4d51-ae8e-751bf4201ee3.jpg 1000w\" sizes=\"auto, (max-width: 300px) 85vw, 300px\" \/><img loading=\"lazy\" decoding=\"async\" class=\"alignnone size-medium wp-image-2533\" src=\"https:\/\/blog.edu.turku.fi\/kerttulinlukio\/files\/2022\/05\/128df197-4bb7-4a00-82ad-080c48eab95d-1-300x225.jpg\" alt=\"\" width=\"300\" height=\"225\" srcset=\"https:\/\/blog.edu.turku.fi\/kerttulinlukio\/files\/2022\/05\/128df197-4bb7-4a00-82ad-080c48eab95d-1-300x225.jpg 300w, https:\/\/blog.edu.turku.fi\/kerttulinlukio\/files\/2022\/05\/128df197-4bb7-4a00-82ad-080c48eab95d-1.jpg 1000w\" sizes=\"auto, (max-width: 300px) 85vw, 300px\" \/><\/p>\n<p><span class=\"_5FqYX HnNdo\">Hi 5- kurssilaiset k\u00e4viv\u00e4t 16.5. Tuomiokirkossa. T\u00e4ss\u00e4 1600 -luvun sotap\u00e4\u00e4llik\u00f6n \u00c5ke Tottin hautakappelin edess\u00e4.<\/span><\/p>\n<p><img loading=\"lazy\" decoding=\"async\" class=\"alignnone size-medium wp-image-2539\" src=\"https:\/\/blog.edu.turku.fi\/kerttulinlukio\/files\/2022\/05\/PHOTO-2022-05-16-18-24-19-300x225.jpg\" alt=\"\" width=\"300\" height=\"225\" srcset=\"https:\/\/blog.edu.turku.fi\/kerttulinlukio\/files\/2022\/05\/PHOTO-2022-05-16-18-24-19-300x225.jpg 300w, https:\/\/blog.edu.turku.fi\/kerttulinlukio\/files\/2022\/05\/PHOTO-2022-05-16-18-24-19.jpg 320w\" sizes=\"auto, (max-width: 300px) 85vw, 300px\" \/><\/p>\n<p>Lehtori Ulla Koiranen valittiin vuoden historian opettajaksi ja opikelijamme Aino Kujari sai kunniamaininnan filosofian olympialaisissa Lissabonissa 26.-29.5. Osallistujamaita oli 44.<\/p>\n","protected":false},"excerpt":{"rendered":"<p>Toukokuun alussa osa lukion opettajista oli lakossa 3.-9.5. Tuona aikana opetusta ei pidetty normaalisti ja kouluruokailukin oli tauolla. Koronan vuoksi toukokuuhun siirretyt vanhojen tanssit pystyttiin kuitenkin pit\u00e4m\u00e4\u00e4n poikkeusj\u00e4rjestelyin 9.5. Perinteisesti saatiin tanssia Logomossa Puolalanm\u00e4en lukion orkesterin tahdittamana. Hi 5- kurssilaiset k\u00e4viv\u00e4t 16.5. Tuomiokirkossa. T\u00e4ss\u00e4 1600 -luvun sotap\u00e4\u00e4llik\u00f6n \u00c5ke Tottin hautakappelin edess\u00e4. Lehtori Ulla Koiranen valittiin &hellip; <a href=\"https:\/\/blog.edu.turku.fi\/kerttulinlukio\/toukokuu-4\/\" class=\"more-link\">Jatka lukemista<span class=\"screen-reader-text\"> &#8221;Toukokuu&#8221;<\/span><\/a><\/p>\n","protected":false},"author":3187,"featured_media":0,"parent":0,"menu_order":0,"comment_status":"closed","ping_status":"closed","template":"","meta":{"footnotes":""},"class_list":["post-2567","page","type-page","status-publish","hentry"],"_links":{"self":[{"href":"https:\/\/blog.edu.turku.fi\/kerttulinlukio\/wp-json\/wp\/v2\/pages\/2567","targetHints":{"allow":["GET"]}}],"collection":[{"href":"https:\/\/blog.edu.turku.fi\/kerttulinlukio\/wp-json\/wp\/v2\/pages"}],"about":[{"href":"https:\/\/blog.edu.turku.fi\/kerttulinlukio\/wp-json\/wp\/v2\/types\/page"}],"author":[{"embeddable":true,"href":"https:\/\/blog.edu.turku.fi\/kerttulinlukio\/wp-json\/wp\/v2\/users\/3187"}],"replies":[{"embeddable":true,"href":"https:\/\/blog.edu.turku.fi\/kerttulinlukio\/wp-json\/wp\/v2\/comments?post=2567"}],"version-history":[{"count":1,"href":"https:\/\/blog.edu.turku.fi\/kerttulinlukio\/wp-json\/wp\/v2\/pages\/2567\/revisions"}],"predecessor-version":[{"id":2568,"href":"https:\/\/blog.edu.turku.fi\/kerttulinlukio\/wp-json\/wp\/v2\/pages\/2567\/revisions\/2568"}],"wp:attachment":[{"href":"https:\/\/blog.edu.turku.fi\/kerttulinlukio\/wp-json\/wp\/v2\/media?parent=2567"}],"curies":[{"name":"wp","href":"https:\/\/api.w.org\/{rel}","templated":true}]}}