{"id":2241,"date":"2021-11-03T13:39:52","date_gmt":"2021-11-03T11:39:52","guid":{"rendered":"https:\/\/blog.edu.turku.fi\/kerttulinlukio\/?page_id=2241"},"modified":"2021-11-03T13:39:52","modified_gmt":"2021-11-03T11:39:52","slug":"lokakuu-3","status":"publish","type":"page","link":"https:\/\/blog.edu.turku.fi\/kerttulinlukio\/lokakuu-3\/","title":{"rendered":"Lokakuu"},"content":{"rendered":"<p>Lokakuu alkoi viimeisten arviointiviikon p\u00e4ivien merkeiss\u00e4. Keskiviikkona 6.10. alkoi lukuvuoden toinen jakso, jonka katkaisi syysloma, jota vietettiin 11.10. \u2013 17.10.2021.<\/p>\n<p>Lauantaista 23.10. sunnuntaihin 24.10. pidettyihin Kerttulin laneihin osallistui 60 opiskelijaa. L\u00e4hiverkkotapahtuma eli lanit tarkoittaa tapahtumaa, jossa yhteen tilaan kokoontuu ihmisi\u00e4 harrastamaan omien tietokoneidensa kanssa. LAN on lyhenne sanoista Local Area Network.<\/p>\n<p>Lokakuu alkoi viimeisten arviointiviikon p\u00e4ivien merkeiss\u00e4. Keskiviikkona 6.10. alkoi lukuvuoden toinen jakso, jonka katkaisi syysloma, jota vietettiin 11.10. \u2013 17.10.2021.<\/p>\n<p>Lauantaista 23.10. sunnuntaihin 24.10. pidettyihin Kerttulin laneihin osallistui 60 opiskelijaa. L\u00e4hiverkkotapahtuma eli lanit tarkoittaa tapahtumaa, jossa yhteen tilaan kokoontuu ihmisi\u00e4 harrastamaan omien tietokoneidensa kanssa. LAN on lyhenne sanoista Local Area Network.<\/p>\n<p><img loading=\"lazy\" decoding=\"async\" class=\"alignnone size-medium wp-image-2249\" src=\"https:\/\/blog.edu.turku.fi\/kerttulinlukio\/files\/2021\/11\/20211023_183617-2-300x225.jpg\" alt=\"\" width=\"300\" height=\"225\" srcset=\"https:\/\/blog.edu.turku.fi\/kerttulinlukio\/files\/2021\/11\/20211023_183617-2-300x225.jpg 300w, https:\/\/blog.edu.turku.fi\/kerttulinlukio\/files\/2021\/11\/20211023_183617-2.jpg 1000w\" sizes=\"auto, (max-width: 300px) 85vw, 300px\" \/>\u00a0 <img loading=\"lazy\" decoding=\"async\" class=\"alignnone size-medium wp-image-2247\" src=\"https:\/\/blog.edu.turku.fi\/kerttulinlukio\/files\/2021\/11\/org_ec110d9ed270a0fb_1634987186000-300x225.jpg\" alt=\"\" width=\"300\" height=\"225\" srcset=\"https:\/\/blog.edu.turku.fi\/kerttulinlukio\/files\/2021\/11\/org_ec110d9ed270a0fb_1634987186000-300x225.jpg 300w, https:\/\/blog.edu.turku.fi\/kerttulinlukio\/files\/2021\/11\/org_ec110d9ed270a0fb_1634987186000.jpg 1000w\" sizes=\"auto, (max-width: 300px) 85vw, 300px\" \/>\u00a0<img loading=\"lazy\" decoding=\"async\" class=\"alignnone size-medium wp-image-2248\" src=\"https:\/\/blog.edu.turku.fi\/kerttulinlukio\/files\/2021\/11\/IMG_4829-300x200.jpg\" alt=\"\" width=\"300\" height=\"200\" srcset=\"https:\/\/blog.edu.turku.fi\/kerttulinlukio\/files\/2021\/11\/IMG_4829-300x200.jpg 300w, https:\/\/blog.edu.turku.fi\/kerttulinlukio\/files\/2021\/11\/IMG_4829.jpg 1000w\" sizes=\"auto, (max-width: 300px) 85vw, 300px\" \/> \u00a0<img loading=\"lazy\" decoding=\"async\" class=\"alignnone size-medium wp-image-2246\" src=\"https:\/\/blog.edu.turku.fi\/kerttulinlukio\/files\/2021\/11\/20211023_120611-300x225.jpg\" alt=\"\" width=\"300\" height=\"225\" srcset=\"https:\/\/blog.edu.turku.fi\/kerttulinlukio\/files\/2021\/11\/20211023_120611-300x225.jpg 300w, https:\/\/blog.edu.turku.fi\/kerttulinlukio\/files\/2021\/11\/20211023_120611.jpg 1000w\" sizes=\"auto, (max-width: 300px) 85vw, 300px\" \/><\/p>\n<p><img loading=\"lazy\" decoding=\"async\" class=\"alignnone wp-image-2250\" src=\"https:\/\/blog.edu.turku.fi\/kerttulinlukio\/files\/2021\/11\/20211023_172957-1-300x225.jpg\" alt=\"\" width=\"631\" height=\"473\" srcset=\"https:\/\/blog.edu.turku.fi\/kerttulinlukio\/files\/2021\/11\/20211023_172957-1-300x225.jpg 300w, https:\/\/blog.edu.turku.fi\/kerttulinlukio\/files\/2021\/11\/20211023_172957-1.jpg 1000w\" sizes=\"auto, (max-width: 631px) 85vw, 631px\" \/><\/p>\n<p>&nbsp;<\/p>\n<p>Opiskelijakunta j\u00e4rjesti perjantaina 20.10. Halloween &#8211; tapahtuman. <img loading=\"lazy\" decoding=\"async\" class=\"wp-image-2245 alignleft\" src=\"https:\/\/blog.edu.turku.fi\/kerttulinlukio\/files\/2021\/11\/IMG_20211103_132446-300x260.jpg\" alt=\"\" width=\"147\" height=\"127\" srcset=\"https:\/\/blog.edu.turku.fi\/kerttulinlukio\/files\/2021\/11\/IMG_20211103_132446-300x260.jpg 300w, https:\/\/blog.edu.turku.fi\/kerttulinlukio\/files\/2021\/11\/IMG_20211103_132446.jpg 973w\" sizes=\"auto, (max-width: 147px) 85vw, 147px\" \/><\/p>\n<p>Aiheen mukainen pukeutuminen, Halloween-visa ja kahvitus kruunasivat p\u00e4iv\u00e4n. Kuvassa henkil\u00f6kunnan tyylin\u00e4ytteit\u00e4.<\/p>\n<p><img loading=\"lazy\" decoding=\"async\" class=\"alignnone wp-image-2242\" src=\"https:\/\/blog.edu.turku.fi\/kerttulinlukio\/files\/2021\/11\/IMG-20211029-WA0012-225x300.jpg\" alt=\"\" width=\"340\" height=\"453\" srcset=\"https:\/\/blog.edu.turku.fi\/kerttulinlukio\/files\/2021\/11\/IMG-20211029-WA0012-225x300.jpg 225w, https:\/\/blog.edu.turku.fi\/kerttulinlukio\/files\/2021\/11\/IMG-20211029-WA0012.jpg 750w\" sizes=\"auto, (max-width: 340px) 85vw, 340px\" \/><\/p>\n<p><img loading=\"lazy\" decoding=\"async\" class=\"alignnone wp-image-2243\" src=\"https:\/\/blog.edu.turku.fi\/kerttulinlukio\/files\/2021\/11\/IMG_20211103_131628-175x300.jpg\" alt=\"\" width=\"191\" height=\"327\" srcset=\"https:\/\/blog.edu.turku.fi\/kerttulinlukio\/files\/2021\/11\/IMG_20211103_131628-175x300.jpg 175w, https:\/\/blog.edu.turku.fi\/kerttulinlukio\/files\/2021\/11\/IMG_20211103_131628.jpg 583w\" sizes=\"auto, (max-width: 191px) 85vw, 191px\" \/> <img loading=\"lazy\" decoding=\"async\" class=\"alignnone wp-image-2244\" src=\"https:\/\/blog.edu.turku.fi\/kerttulinlukio\/files\/2021\/11\/IMG-20211029-WA0015-225x300.jpg\" alt=\"\" width=\"243\" height=\"324\" srcset=\"https:\/\/blog.edu.turku.fi\/kerttulinlukio\/files\/2021\/11\/IMG-20211029-WA0015-225x300.jpg 225w, https:\/\/blog.edu.turku.fi\/kerttulinlukio\/files\/2021\/11\/IMG-20211029-WA0015.jpg 750w\" sizes=\"auto, (max-width: 243px) 85vw, 243px\" \/><\/p>\n","protected":false},"excerpt":{"rendered":"<p>Lokakuu alkoi viimeisten arviointiviikon p\u00e4ivien merkeiss\u00e4. Keskiviikkona 6.10. alkoi lukuvuoden toinen jakso, jonka katkaisi syysloma, jota vietettiin 11.10. \u2013 17.10.2021. Lauantaista 23.10. sunnuntaihin 24.10. pidettyihin Kerttulin laneihin osallistui 60 opiskelijaa. L\u00e4hiverkkotapahtuma eli lanit tarkoittaa tapahtumaa, jossa yhteen tilaan kokoontuu ihmisi\u00e4 harrastamaan omien tietokoneidensa kanssa. LAN on lyhenne sanoista Local Area Network. Lokakuu alkoi viimeisten arviointiviikon &hellip; <a href=\"https:\/\/blog.edu.turku.fi\/kerttulinlukio\/lokakuu-3\/\" class=\"more-link\">Jatka lukemista<span class=\"screen-reader-text\"> &#8221;Lokakuu&#8221;<\/span><\/a><\/p>\n","protected":false},"author":1021,"featured_media":0,"parent":0,"menu_order":0,"comment_status":"closed","ping_status":"closed","template":"","meta":{"footnotes":""},"class_list":["post-2241","page","type-page","status-publish","hentry"],"_links":{"self":[{"href":"https:\/\/blog.edu.turku.fi\/kerttulinlukio\/wp-json\/wp\/v2\/pages\/2241","targetHints":{"allow":["GET"]}}],"collection":[{"href":"https:\/\/blog.edu.turku.fi\/kerttulinlukio\/wp-json\/wp\/v2\/pages"}],"about":[{"href":"https:\/\/blog.edu.turku.fi\/kerttulinlukio\/wp-json\/wp\/v2\/types\/page"}],"author":[{"embeddable":true,"href":"https:\/\/blog.edu.turku.fi\/kerttulinlukio\/wp-json\/wp\/v2\/users\/1021"}],"replies":[{"embeddable":true,"href":"https:\/\/blog.edu.turku.fi\/kerttulinlukio\/wp-json\/wp\/v2\/comments?post=2241"}],"version-history":[{"count":1,"href":"https:\/\/blog.edu.turku.fi\/kerttulinlukio\/wp-json\/wp\/v2\/pages\/2241\/revisions"}],"predecessor-version":[{"id":2251,"href":"https:\/\/blog.edu.turku.fi\/kerttulinlukio\/wp-json\/wp\/v2\/pages\/2241\/revisions\/2251"}],"wp:attachment":[{"href":"https:\/\/blog.edu.turku.fi\/kerttulinlukio\/wp-json\/wp\/v2\/media?parent=2241"}],"curies":[{"name":"wp","href":"https:\/\/api.w.org\/{rel}","templated":true}]}}