{"id":2079,"date":"2021-04-01T12:47:18","date_gmt":"2021-04-01T09:47:18","guid":{"rendered":"https:\/\/blog.edu.turku.fi\/kerttulinlukio\/?page_id=2079"},"modified":"2021-04-01T12:47:18","modified_gmt":"2021-04-01T09:47:18","slug":"maaliskuu-3","status":"publish","type":"page","link":"https:\/\/blog.edu.turku.fi\/kerttulinlukio\/maaliskuu-3\/","title":{"rendered":"Maaliskuu"},"content":{"rendered":"<p>Maaliskuu alkoi vuoro-opetuksella, mutta et\u00e4opiskeluun siirryttiin maanantaina 8.3. \u00a0Torstaina 11.3. klo 13:05-13:40 pidettiin ryhm\u00e4nohjaustuokio et\u00e4n\u00e4, Turun korkeakoulujen hakijan p\u00e4iv\u00e4 j\u00e4rjestettiin virtuaalitapahtumana perjantaina 12.3.<\/p>\n<p>Kev\u00e4\u00e4n 2021 ylioppilaskirjoitukset alkoivat tiistaina 16.3. ja jatkuivat vallitsevan tilanteen vuoksi tiivistetyll\u00e4 aikataululla. keskiviikkoon 31.3. asti. Kokelaat pitiv\u00e4t kirjoituksissa maskia ja viettiv\u00e4t ennen kokeen alkua olevan tauon p\u00e4\u00e4asiassa ulkona.<\/p>\n<figure id=\"attachment_2067\" aria-describedby=\"caption-attachment-2067\" style=\"width: 429px\" class=\"wp-caption aligncenter\"><img loading=\"lazy\" decoding=\"async\" class=\" wp-image-2067\" src=\"https:\/\/blog.edu.turku.fi\/kerttulinlukio\/files\/2021\/03\/tytot.IMG_20210324_081142-02-300x200.jpeg\" alt=\"\" width=\"429\" height=\"286\" srcset=\"https:\/\/blog.edu.turku.fi\/kerttulinlukio\/files\/2021\/03\/tytot.IMG_20210324_081142-02-300x200.jpeg 300w, https:\/\/blog.edu.turku.fi\/kerttulinlukio\/files\/2021\/03\/tytot.IMG_20210324_081142-02.jpeg 1000w\" sizes=\"auto, (max-width: 429px) 85vw, 429px\" \/><figcaption id=\"caption-attachment-2067\" class=\"wp-caption-text\">Ylioppilaskirjoitusten alkua odoteltiin mieluiten raittiissa ulkoilmassa.<\/figcaption><\/figure>\n","protected":false},"excerpt":{"rendered":"<p>Maaliskuu alkoi vuoro-opetuksella, mutta et\u00e4opiskeluun siirryttiin maanantaina 8.3. \u00a0Torstaina 11.3. klo 13:05-13:40 pidettiin ryhm\u00e4nohjaustuokio et\u00e4n\u00e4, Turun korkeakoulujen hakijan p\u00e4iv\u00e4 j\u00e4rjestettiin virtuaalitapahtumana perjantaina 12.3. Kev\u00e4\u00e4n 2021 ylioppilaskirjoitukset alkoivat tiistaina 16.3. ja jatkuivat vallitsevan tilanteen vuoksi tiivistetyll\u00e4 aikataululla. keskiviikkoon 31.3. asti. Kokelaat pitiv\u00e4t kirjoituksissa maskia ja viettiv\u00e4t ennen kokeen alkua olevan tauon p\u00e4\u00e4asiassa ulkona.<\/p>\n","protected":false},"author":1021,"featured_media":0,"parent":0,"menu_order":0,"comment_status":"closed","ping_status":"closed","template":"","meta":{"footnotes":""},"class_list":["post-2079","page","type-page","status-publish","hentry"],"_links":{"self":[{"href":"https:\/\/blog.edu.turku.fi\/kerttulinlukio\/wp-json\/wp\/v2\/pages\/2079","targetHints":{"allow":["GET"]}}],"collection":[{"href":"https:\/\/blog.edu.turku.fi\/kerttulinlukio\/wp-json\/wp\/v2\/pages"}],"about":[{"href":"https:\/\/blog.edu.turku.fi\/kerttulinlukio\/wp-json\/wp\/v2\/types\/page"}],"author":[{"embeddable":true,"href":"https:\/\/blog.edu.turku.fi\/kerttulinlukio\/wp-json\/wp\/v2\/users\/1021"}],"replies":[{"embeddable":true,"href":"https:\/\/blog.edu.turku.fi\/kerttulinlukio\/wp-json\/wp\/v2\/comments?post=2079"}],"version-history":[{"count":1,"href":"https:\/\/blog.edu.turku.fi\/kerttulinlukio\/wp-json\/wp\/v2\/pages\/2079\/revisions"}],"predecessor-version":[{"id":2080,"href":"https:\/\/blog.edu.turku.fi\/kerttulinlukio\/wp-json\/wp\/v2\/pages\/2079\/revisions\/2080"}],"wp:attachment":[{"href":"https:\/\/blog.edu.turku.fi\/kerttulinlukio\/wp-json\/wp\/v2\/media?parent=2079"}],"curies":[{"name":"wp","href":"https:\/\/api.w.org\/{rel}","templated":true}]}}