{"id":1244,"date":"2019-12-02T19:42:35","date_gmt":"2019-12-02T17:42:35","guid":{"rendered":"https:\/\/blog.edu.turku.fi\/kerttulinlukio\/?page_id=1244"},"modified":"2019-12-20T17:32:32","modified_gmt":"2019-12-20T15:32:32","slug":"joulukuu-2","status":"publish","type":"page","link":"https:\/\/blog.edu.turku.fi\/kerttulinlukio\/joulukuu-2\/","title":{"rendered":"Joulukuu"},"content":{"rendered":"<p><strong>Vieraita Hollannista<\/strong><\/p>\n<p>Maija Maunu, joka valmistui Kerttulista 2017 ja opiskelee t\u00e4ll\u00e4 hetkell\u00e4 Maastrichtin yliopistossa Eurooppa-oikeutta, vieraili 2.12. yhteiskuntaopin kurssilla.<img loading=\"lazy\" decoding=\"async\" class=\"alignright size-medium wp-image-1245\" src=\"https:\/\/blog.edu.turku.fi\/kerttulinlukio\/files\/2019\/12\/PHOTO-2019-12-02-12-50-27-300x169.jpg\" alt=\"\" width=\"300\" height=\"169\" srcset=\"https:\/\/blog.edu.turku.fi\/kerttulinlukio\/files\/2019\/12\/PHOTO-2019-12-02-12-50-27-300x169.jpg 300w, https:\/\/blog.edu.turku.fi\/kerttulinlukio\/files\/2019\/12\/PHOTO-2019-12-02-12-50-27.jpg 1000w\" sizes=\"auto, (max-width: 300px) 85vw, 300px\" \/> <img loading=\"lazy\" decoding=\"async\" class=\"alignright size-medium wp-image-1246\" src=\"https:\/\/blog.edu.turku.fi\/kerttulinlukio\/files\/2019\/12\/PHOTO-2019-12-02-12-50-51-1-300x169.jpg\" alt=\"\" width=\"300\" height=\"169\" srcset=\"https:\/\/blog.edu.turku.fi\/kerttulinlukio\/files\/2019\/12\/PHOTO-2019-12-02-12-50-51-1-300x169.jpg 300w, https:\/\/blog.edu.turku.fi\/kerttulinlukio\/files\/2019\/12\/PHOTO-2019-12-02-12-50-51-1.jpg 1000w\" sizes=\"auto, (max-width: 300px) 85vw, 300px\" \/> <img loading=\"lazy\" decoding=\"async\" class=\"size-medium wp-image-1247 alignnone\" src=\"https:\/\/blog.edu.turku.fi\/kerttulinlukio\/files\/2019\/12\/PHOTO-2019-12-02-12-50-51-169x300.jpg\" alt=\"\" width=\"169\" height=\"300\" srcset=\"https:\/\/blog.edu.turku.fi\/kerttulinlukio\/files\/2019\/12\/PHOTO-2019-12-02-12-50-51-169x300.jpg 169w, https:\/\/blog.edu.turku.fi\/kerttulinlukio\/files\/2019\/12\/PHOTO-2019-12-02-12-50-51.jpg 563w\" sizes=\"auto, (max-width: 169px) 85vw, 169px\" \/><\/p>\n<p>&nbsp;<\/p>\n<p>&nbsp;<\/p>\n<p><strong><img loading=\"lazy\" decoding=\"async\" class=\"alignright size-medium wp-image-1258\" src=\"https:\/\/blog.edu.turku.fi\/kerttulinlukio\/files\/2019\/12\/AMK-e1575475841387-225x300.jpg\" alt=\"\" width=\"225\" height=\"300\" srcset=\"https:\/\/blog.edu.turku.fi\/kerttulinlukio\/files\/2019\/12\/AMK-e1575475841387-225x300.jpg 225w, https:\/\/blog.edu.turku.fi\/kerttulinlukio\/files\/2019\/12\/AMK-e1575475841387.jpg 750w\" sizes=\"auto, (max-width: 225px) 85vw, 225px\" \/>Projektity\u00f6t\u00e4 esittelem\u00e4ss\u00e4<\/strong><\/p>\n<p>Keskiviikkona 4. joulukuuta \u00c4I7-kurssilla vierailivat Tino Nieminen ja Kristina Kolonikina Turun AMK:n projektipajasta S21.<\/p>\n<p>&nbsp;<\/p>\n<p>&nbsp;<\/p>\n<p>&nbsp;<\/p>\n<p>&nbsp;<\/p>\n<p>&nbsp;<\/p>\n<p><strong>Itsen\u00e4isyysp\u00e4iv\u00e4juhla ja lakkiaiset Turun Tuomiokirkossa 5.12.<\/strong><\/p>\n<p><img loading=\"lazy\" decoding=\"async\" class=\"alignnone wp-image-1269\" src=\"https:\/\/blog.edu.turku.fi\/kerttulinlukio\/files\/2019\/12\/IMG_3478-300x200.jpg\" alt=\"\" width=\"316\" height=\"210\" srcset=\"https:\/\/blog.edu.turku.fi\/kerttulinlukio\/files\/2019\/12\/IMG_3478-300x200.jpg 300w, https:\/\/blog.edu.turku.fi\/kerttulinlukio\/files\/2019\/12\/IMG_3478.jpg 1000w\" sizes=\"auto, (max-width: 316px) 85vw, 316px\" \/> <img loading=\"lazy\" decoding=\"async\" class=\"alignnone wp-image-1270\" src=\"https:\/\/blog.edu.turku.fi\/kerttulinlukio\/files\/2019\/12\/IMG_3550-300x200.jpg\" alt=\"\" width=\"314\" height=\"209\" srcset=\"https:\/\/blog.edu.turku.fi\/kerttulinlukio\/files\/2019\/12\/IMG_3550-300x200.jpg 300w, https:\/\/blog.edu.turku.fi\/kerttulinlukio\/files\/2019\/12\/IMG_3550.jpg 1000w\" sizes=\"auto, (max-width: 314px) 85vw, 314px\" \/> <img loading=\"lazy\" decoding=\"async\" class=\"alignnone wp-image-1271\" src=\"https:\/\/blog.edu.turku.fi\/kerttulinlukio\/files\/2019\/12\/IMG_3564-300x200.jpg\" alt=\"\" width=\"315\" height=\"210\" srcset=\"https:\/\/blog.edu.turku.fi\/kerttulinlukio\/files\/2019\/12\/IMG_3564-300x200.jpg 300w, https:\/\/blog.edu.turku.fi\/kerttulinlukio\/files\/2019\/12\/IMG_3564.jpg 1000w\" sizes=\"auto, (max-width: 315px) 85vw, 315px\" \/> <img loading=\"lazy\" decoding=\"async\" class=\"alignnone wp-image-1272\" src=\"https:\/\/blog.edu.turku.fi\/kerttulinlukio\/files\/2019\/12\/IMG_3502-300x200.jpg\" alt=\"\" width=\"317\" height=\"211\" srcset=\"https:\/\/blog.edu.turku.fi\/kerttulinlukio\/files\/2019\/12\/IMG_3502-300x200.jpg 300w, https:\/\/blog.edu.turku.fi\/kerttulinlukio\/files\/2019\/12\/IMG_3502.jpg 1000w\" sizes=\"auto, (max-width: 317px) 85vw, 317px\" \/> <img loading=\"lazy\" decoding=\"async\" class=\"alignnone wp-image-1273\" src=\"https:\/\/blog.edu.turku.fi\/kerttulinlukio\/files\/2019\/12\/IMG_3504-300x200.jpg\" alt=\"\" width=\"317\" height=\"211\" srcset=\"https:\/\/blog.edu.turku.fi\/kerttulinlukio\/files\/2019\/12\/IMG_3504-300x200.jpg 300w, https:\/\/blog.edu.turku.fi\/kerttulinlukio\/files\/2019\/12\/IMG_3504.jpg 1000w\" sizes=\"auto, (max-width: 317px) 85vw, 317px\" \/> <img loading=\"lazy\" decoding=\"async\" class=\"alignnone wp-image-1274\" src=\"https:\/\/blog.edu.turku.fi\/kerttulinlukio\/files\/2019\/12\/IMG_3523-300x200.jpg\" alt=\"\" width=\"315\" height=\"210\" srcset=\"https:\/\/blog.edu.turku.fi\/kerttulinlukio\/files\/2019\/12\/IMG_3523-300x200.jpg 300w, https:\/\/blog.edu.turku.fi\/kerttulinlukio\/files\/2019\/12\/IMG_3523.jpg 1000w\" sizes=\"auto, (max-width: 315px) 85vw, 315px\" \/> <img loading=\"lazy\" decoding=\"async\" class=\"alignnone wp-image-1275\" src=\"https:\/\/blog.edu.turku.fi\/kerttulinlukio\/files\/2019\/12\/IMG_3551-300x200.jpg\" alt=\"\" width=\"315\" height=\"210\" srcset=\"https:\/\/blog.edu.turku.fi\/kerttulinlukio\/files\/2019\/12\/IMG_3551-300x200.jpg 300w, https:\/\/blog.edu.turku.fi\/kerttulinlukio\/files\/2019\/12\/IMG_3551.jpg 1000w\" sizes=\"auto, (max-width: 315px) 85vw, 315px\" \/> <img loading=\"lazy\" decoding=\"async\" class=\"alignnone wp-image-1276\" src=\"https:\/\/blog.edu.turku.fi\/kerttulinlukio\/files\/2019\/12\/IMG_3553-300x200.jpg\" alt=\"\" width=\"317\" height=\"211\" srcset=\"https:\/\/blog.edu.turku.fi\/kerttulinlukio\/files\/2019\/12\/IMG_3553-300x200.jpg 300w, https:\/\/blog.edu.turku.fi\/kerttulinlukio\/files\/2019\/12\/IMG_3553.jpg 1000w\" sizes=\"auto, (max-width: 317px) 85vw, 317px\" \/>\u00a0 <img loading=\"lazy\" decoding=\"async\" class=\"alignnone wp-image-1278\" src=\"https:\/\/blog.edu.turku.fi\/kerttulinlukio\/files\/2019\/12\/IMG_3583-300x200.jpg\" alt=\"\" width=\"317\" height=\"211\" srcset=\"https:\/\/blog.edu.turku.fi\/kerttulinlukio\/files\/2019\/12\/IMG_3583-300x200.jpg 300w, https:\/\/blog.edu.turku.fi\/kerttulinlukio\/files\/2019\/12\/IMG_3583.jpg 1000w\" sizes=\"auto, (max-width: 317px) 85vw, 317px\" \/> <img loading=\"lazy\" decoding=\"async\" class=\"alignnone wp-image-1280\" src=\"https:\/\/blog.edu.turku.fi\/kerttulinlukio\/files\/2019\/12\/IMG_3594-300x200.jpg\" alt=\"\" width=\"317\" height=\"211\" srcset=\"https:\/\/blog.edu.turku.fi\/kerttulinlukio\/files\/2019\/12\/IMG_3594-300x200.jpg 300w, https:\/\/blog.edu.turku.fi\/kerttulinlukio\/files\/2019\/12\/IMG_3594.jpg 1000w\" sizes=\"auto, (max-width: 317px) 85vw, 317px\" \/> <img loading=\"lazy\" decoding=\"async\" class=\"alignnone wp-image-1282 size-large\" src=\"https:\/\/blog.edu.turku.fi\/kerttulinlukio\/files\/2019\/12\/IMG_3577-2-1000x667.jpg\" alt=\"\" width=\"1000\" height=\"667\" srcset=\"https:\/\/blog.edu.turku.fi\/kerttulinlukio\/files\/2019\/12\/IMG_3577-2.jpg 1000w, https:\/\/blog.edu.turku.fi\/kerttulinlukio\/files\/2019\/12\/IMG_3577-2-300x200.jpg 300w\" sizes=\"auto, (max-width: 709px) 85vw, (max-width: 909px) 67vw, (max-width: 1362px) 62vw, 840px\" \/><\/p>\n<p><strong>ITSEN\u00c4ISYYS- JA YLIOPPILASJUHLAN OHJELMA:<\/strong><\/p>\n<p>Aamu (Leevi Madetoja)\u00a0 \u00a0 \u00a0 \u00a0 \u00a0 \u00a0 \u00a0 \u00a0 \u00a0 \u00a0 \u00a0 \u00a0 \u00a0 \u00a0 \u00a0 \u00a0 \u00a0 \u00a0 \u00a0 \u00a0 \u00a0 \u00a0 \u00a0 \u00a0 \u00a0 \u00a0 \u00a0 \u00a0 \u00a0 \u00a0 \u00a0 \u00a0 \u00a0 \u00a0 \u00a0 \u00a0 \u00a0 \u00a0 \u00a0 \u00a0 \u00a0 \u00a0 \u00a0 \u00a0 \u00a0 \u00a0 \u00a0 \u00a0 \u00a0 \u00a0 \u00a0 \u00a0 \u00a0 \u00a0 \u00a0 \u00a0 \u00a0 \u00a0 \u00a0 \u00a0 \u00a0 Markus Takkinen, sello ja Esa Moilanen, piano<\/p>\n<p>Tervetulosanat\u00a0 \u00a0 \u00a0 \u00a0 \u00a0 \u00a0 \u00a0 \u00a0 \u00a0 \u00a0 \u00a0 \u00a0 \u00a0 \u00a0 \u00a0 \u00a0 \u00a0 \u00a0 \u00a0 \u00a0 \u00a0 \u00a0 \u00a0 \u00a0 \u00a0 \u00a0 \u00a0 \u00a0 \u00a0 \u00a0 \u00a0 \u00a0 \u00a0 \u00a0 \u00a0 \u00a0 \u00a0 \u00a0 \u00a0 \u00a0 \u00a0 \u00a0 \u00a0 \u00a0 \u00a0 \u00a0 \u00a0 \u00a0 \u00a0 \u00a0 \u00a0 \u00a0 \u00a0 \u00a0 \u00a0 \u00a0 \u00a0 \u00a0 \u00a0 \u00a0 \u00a0 \u00a0 \u00a0 \u00a0 \u00a0 \u00a0 \u00a0 \u00a0 \u00a0 apulaisrehtori Juho Airola<\/p>\n<p>Rynn\u00e4k\u00f6n j\u00e4lkeen (Yrj\u00f6 Jylh\u00e4)\u00a0 \u00a0 \u00a0 \u00a0 \u00a0 \u00a0 \u00a0 \u00a0 \u00a0 \u00a0 \u00a0 \u00a0 \u00a0 \u00a0 \u00a0 \u00a0 \u00a0 \u00a0 \u00a0 \u00a0 \u00a0 \u00a0 \u00a0 \u00a0 \u00a0 \u00a0 \u00a0 \u00a0 \u00a0 \u00a0 \u00a0 \u00a0 \u00a0 \u00a0 \u00a0 \u00a0 \u00a0 \u00a0 \u00a0 \u00a0 \u00a0 \u00a0 \u00a0 \u00a0 \u00a0 \u00a0 \u00a0 \u00a0 \u00a0 \u00a0 \u00a0 \u00a0 lausuja Santeri Gr\u00f6nfors<\/p>\n<p>Vapauden viesti\u00a0 \u00a0 \u00a0 \u00a0 \u00a0 \u00a0 \u00a0 \u00a0 \u00a0 \u00a0 \u00a0 \u00a0 \u00a0 \u00a0 \u00a0 \u00a0 \u00a0 \u00a0 \u00a0 \u00a0 \u00a0 \u00a0 \u00a0 \u00a0 \u00a0 \u00a0 \u00a0 \u00a0 \u00a0 \u00a0 \u00a0 \u00a0 \u00a0 \u00a0 \u00a0 \u00a0 \u00a0 \u00a0 \u00a0 \u00a0 \u00a0 \u00a0 \u00a0 \u00a0 \u00a0 \u00a0 \u00a0 \u00a0 \u00a0 \u00a0 \u00a0 \u00a0 \u00a0 \u00a0 \u00a0 \u00a0 \u00a0 \u00a0 \u00a0 \u00a0 \u00a0 \u00a0 \u00a0 \u00a0 \u00a0 \u00a0 \u00a0 Vilma Iisalo ja Lauri Koponen<\/p>\n<p>Valse triste (Jean Sibelius)\u00a0 \u00a0 \u00a0 \u00a0 \u00a0 \u00a0 \u00a0 \u00a0 \u00a0 \u00a0 \u00a0 \u00a0 \u00a0 \u00a0 \u00a0 \u00a0 \u00a0 \u00a0 \u00a0 \u00a0 \u00a0 \u00a0 \u00a0 \u00a0 \u00a0 \u00a0 \u00a0 \u00a0 \u00a0 \u00a0 \u00a0 \u00a0 \u00a0 \u00a0 \u00a0 \u00a0 \u00a0 \u00a0 \u00a0 \u00a0 \u00a0 \u00a0 \u00a0 \u00a0 \u00a0 \u00a0 \u00a0 \u00a0 \u00a0 \u00a0 \u00a0 \u00a0 \u00a0 \u00a0 \u00a0 \u00a0 \u00a0 \u00a0 \u00a0 Linda Lehtniemi, huilu ja Marko Syrj\u00e4l\u00e4inen, kitara<\/p>\n<p>Ylioppilastodistusten jako ja ylioppilaaksi julistaminen\u00a0 \u00a0 \u00a0 \u00a0 \u00a0 \u00a0 \u00a0 \u00a0 \u00a0 \u00a0 \u00a0 \u00a0 \u00a0 \u00a0 \u00a0 \u00a0 \u00a0 \u00a0 \u00a0 \u00a0 \u00a0 \u00a0 \u00a0 \u00a0 \u00a0 \u00a0 \u00a0 \u00a0 \u00a0 \u00a0 rehtori Tapio Laine ja lehtori Minna Moisanen<\/p>\n<p>Gaudeamus igitur (yhteislauluna)<br \/>\ns\u00e4estys Marko Syrj\u00e4l\u00e4inen<\/p>\n<p>Uuden ylioppilaan puhe\u00a0 \u00a0 \u00a0 \u00a0 \u00a0 \u00a0 \u00a0 \u00a0 \u00a0 \u00a0 \u00a0 \u00a0 \u00a0 \u00a0 \u00a0 \u00a0 \u00a0 \u00a0 \u00a0 \u00a0 \u00a0 \u00a0 \u00a0 \u00a0 \u00a0 \u00a0 \u00a0 \u00a0 \u00a0 \u00a0 \u00a0 \u00a0 \u00a0 \u00a0 \u00a0 \u00a0 \u00a0 \u00a0 \u00a0 \u00a0 \u00a0 \u00a0 \u00a0 \u00a0 \u00a0 \u00a0 \u00a0 \u00a0 \u00a0 \u00a0 \u00a0 \u00a0 \u00a0 \u00a0 \u00a0 \u00a0 \u00a0 \u00a0 \u00a0 \u00a0 V\u00e4in\u00f6 Rihti<\/p>\n<p>Maamme (yhteislauluna)<br \/>\ns\u00e4estys Marko Syrj\u00e4l\u00e4inen<\/p>\n<p>&nbsp;<\/p>\n<p><img loading=\"lazy\" decoding=\"async\" class=\"alignright size-medium wp-image-1291\" src=\"https:\/\/blog.edu.turku.fi\/kerttulinlukio\/files\/2019\/12\/L\u00e4\u00e4kis-300x191.jpg\" alt=\"\" width=\"300\" height=\"191\" \/><strong>L\u00e4\u00e4kisesittely Kerttulissa<\/strong>: Vilma Sainio ja Arno Ylitalo<\/p>\n<p>&nbsp;<\/p>\n<p>&nbsp;<\/p>\n<p>&nbsp;<\/p>\n<p>&nbsp;<\/p>\n<p><strong>ICT-lukiolaiset opettamassa<\/strong><\/p>\n<p><a href=\"http:\/\/www.turku.fi\/uutinen\/2019-12-11_lukiolaiset-opettivat-kuudesluokkalaisia-animaation-saloihin\">http:\/\/www.turku.fi\/uutinen\/2019-12-11_lukiolaiset-opettivat-kuudesluokkalaisia-animaation-saloihin<\/a><\/p>\n<p><strong>Uniluento 11.12.<\/strong><\/p>\n<p><img loading=\"lazy\" decoding=\"async\" class=\"alignright size-medium wp-image-1252\" src=\"https:\/\/blog.edu.turku.fi\/kerttulinlukio\/files\/2019\/12\/Henri-Tuomilehto-1262-Arkisto-Speakersforum-300x279.jpg\" alt=\"\" width=\"300\" height=\"279\" srcset=\"https:\/\/blog.edu.turku.fi\/kerttulinlukio\/files\/2019\/12\/Henri-Tuomilehto-1262-Arkisto-Speakersforum-300x279.jpg 300w, https:\/\/blog.edu.turku.fi\/kerttulinlukio\/files\/2019\/12\/Henri-Tuomilehto-1262-Arkisto-Speakersforum.jpg 1000w\" sizes=\"auto, (max-width: 300px) 85vw, 300px\" \/>&#8221;Nukkumalla menestykseen!&#8221; Uni on kaiken hyvinvointimme perusta, jopa 95 % palautumisesta tapahtuu unen v\u00e4lityksell\u00e4. Uni on ominaisuus, jota kuka tahansa meist\u00e4 voi parantaa ammattitaitoisella valmennuksella.<\/p>\n<p>Unil\u00e4\u00e4k\u00e4ri, dosentti Henri Tuomilehdolla on 15 vuoden kokemus uniongelmaisten potilaiden hoitamisesta. Keskiviikkona 11. joulukuuta h\u00e4n luennoi Kerttulin opiskelijoille ja henkil\u00f6kunnalle nukkumisen t\u00e4rkeydest\u00e4. Luento oli kiinnostava ja her\u00e4tti varmasti monenlaisia ajatuksia kuuntelijoissa. Ehk\u00e4p\u00e4 joku meist\u00e4 meni illalla aikaisemmin nukkumaan kuin yleens\u00e4 ja her\u00e4si aamulla virke\u00e4n\u00e4!<\/p>\n<p>&nbsp;<\/p>\n<p><strong>Kerttulin lukion joulukirkko, Turun tuomiokirkko 19.12.2019<\/strong><\/p>\n<p>Ohjelma:<\/p>\n<p><img loading=\"lazy\" decoding=\"async\" class=\"size-medium wp-image-1308 alignleft\" src=\"https:\/\/blog.edu.turku.fi\/kerttulinlukio\/files\/2019\/12\/IMG_6106-e1576855649615-225x300.jpg\" alt=\"\" width=\"225\" height=\"300\" srcset=\"https:\/\/blog.edu.turku.fi\/kerttulinlukio\/files\/2019\/12\/IMG_6106-e1576855649615-225x300.jpg 225w, https:\/\/blog.edu.turku.fi\/kerttulinlukio\/files\/2019\/12\/IMG_6106-e1576855649615.jpg 480w\" sizes=\"auto, (max-width: 225px) 85vw, 225px\" \/>Pyh\u00e4n Lucian legenda; Lucia ja t\u00e4htityt\u00f6t: Wilma Aitio, Iiris Hemi\u00f6, Maila Ik\u00e4valko, Alina Loikas, Elina Saramola, Linnea Str\u00f6m ja Oona Tahkola, s\u00e4estys: Marko Syrj\u00e4l\u00e4inen. <img loading=\"lazy\" decoding=\"async\" class=\"size-medium wp-image-1307 alignright\" src=\"https:\/\/blog.edu.turku.fi\/kerttulinlukio\/files\/2019\/12\/IMG_6109-e1576855565643-225x300.jpg\" alt=\"\" width=\"225\" height=\"300\" srcset=\"https:\/\/blog.edu.turku.fi\/kerttulinlukio\/files\/2019\/12\/IMG_6109-e1576855565643-225x300.jpg 225w, https:\/\/blog.edu.turku.fi\/kerttulinlukio\/files\/2019\/12\/IMG_6109-e1576855565643.jpg 480w\" sizes=\"auto, (max-width: 225px) 85vw, 225px\" \/><\/p>\n<p>Tulkoon joulu (s\u00e4v. &amp; san. Pekka Simojoki); laulu Lucia ja t\u00e4htityt\u00f6t, s\u00e4estys Oona Tahkola.<\/p>\n<p>Kolme it\u00e4maan tiet\u00e4j\u00e4\u00e4 (We Three Kings, s\u00e4v. John Henry Hopkins, sov. David Nevue); piano Oona Tahkola.<\/p>\n<p><img loading=\"lazy\" decoding=\"async\" class=\" wp-image-1309 alignright\" src=\"https:\/\/blog.edu.turku.fi\/kerttulinlukio\/files\/2019\/12\/IMG_61051-e1576855720970-225x300.jpg\" alt=\"\" width=\"244\" height=\"325\" srcset=\"https:\/\/blog.edu.turku.fi\/kerttulinlukio\/files\/2019\/12\/IMG_61051-e1576855720970-225x300.jpg 225w, https:\/\/blog.edu.turku.fi\/kerttulinlukio\/files\/2019\/12\/IMG_61051-e1576855720970.jpg 750w\" sizes=\"auto, (max-width: 244px) 85vw, 244px\" \/>Jouluevankeliumi (Luuk. 2: 1-20); lukijat Leo Juhala ja Nenna Westman.<\/p>\n<p>Nyt riemuiten t\u00e4nne (Adeste fideles, s\u00e4v. John Francis Wade, sov. Jennifer Eklund); piano Oona Tahkola.<\/p>\n<p>Ave Maria (s\u00e4v. F. Schubert); laulu Johanna Koiranen.<\/p>\n<p><img loading=\"lazy\" decoding=\"async\" class=\"alignnone  wp-image-1311\" src=\"https:\/\/blog.edu.turku.fi\/kerttulinlukio\/files\/2019\/12\/IMG_6111-e1576855908726-225x300.jpg\" alt=\"\" width=\"216\" height=\"288\" srcset=\"https:\/\/blog.edu.turku.fi\/kerttulinlukio\/files\/2019\/12\/IMG_6111-e1576855908726-225x300.jpg 225w, https:\/\/blog.edu.turku.fi\/kerttulinlukio\/files\/2019\/12\/IMG_6111-e1576855908726.jpg 480w\" sizes=\"auto, (max-width: 216px) 85vw, 216px\" \/><\/p>\n","protected":false},"excerpt":{"rendered":"<p>Vieraita Hollannista Maija Maunu, joka valmistui Kerttulista 2017 ja opiskelee t\u00e4ll\u00e4 hetkell\u00e4 Maastrichtin yliopistossa Eurooppa-oikeutta, vieraili 2.12. yhteiskuntaopin kurssilla. &nbsp; &nbsp; Projektity\u00f6t\u00e4 esittelem\u00e4ss\u00e4 Keskiviikkona 4. joulukuuta \u00c4I7-kurssilla vierailivat Tino Nieminen ja Kristina Kolonikina Turun AMK:n projektipajasta S21. &nbsp; &nbsp; &nbsp; &nbsp; &nbsp; Itsen\u00e4isyysp\u00e4iv\u00e4juhla ja lakkiaiset Turun Tuomiokirkossa 5.12. \u00a0 ITSEN\u00c4ISYYS- JA YLIOPPILASJUHLAN OHJELMA: Aamu (Leevi &hellip; <a href=\"https:\/\/blog.edu.turku.fi\/kerttulinlukio\/joulukuu-2\/\" class=\"more-link\">Jatka lukemista<span class=\"screen-reader-text\"> &#8221;Joulukuu&#8221;<\/span><\/a><\/p>\n","protected":false},"author":2522,"featured_media":0,"parent":0,"menu_order":0,"comment_status":"closed","ping_status":"closed","template":"","meta":{"footnotes":""},"class_list":["post-1244","page","type-page","status-publish","hentry"],"_links":{"self":[{"href":"https:\/\/blog.edu.turku.fi\/kerttulinlukio\/wp-json\/wp\/v2\/pages\/1244","targetHints":{"allow":["GET"]}}],"collection":[{"href":"https:\/\/blog.edu.turku.fi\/kerttulinlukio\/wp-json\/wp\/v2\/pages"}],"about":[{"href":"https:\/\/blog.edu.turku.fi\/kerttulinlukio\/wp-json\/wp\/v2\/types\/page"}],"author":[{"embeddable":true,"href":"https:\/\/blog.edu.turku.fi\/kerttulinlukio\/wp-json\/wp\/v2\/users\/2522"}],"replies":[{"embeddable":true,"href":"https:\/\/blog.edu.turku.fi\/kerttulinlukio\/wp-json\/wp\/v2\/comments?post=1244"}],"version-history":[{"count":14,"href":"https:\/\/blog.edu.turku.fi\/kerttulinlukio\/wp-json\/wp\/v2\/pages\/1244\/revisions"}],"predecessor-version":[{"id":1312,"href":"https:\/\/blog.edu.turku.fi\/kerttulinlukio\/wp-json\/wp\/v2\/pages\/1244\/revisions\/1312"}],"wp:attachment":[{"href":"https:\/\/blog.edu.turku.fi\/kerttulinlukio\/wp-json\/wp\/v2\/media?parent=1244"}],"curies":[{"name":"wp","href":"https:\/\/api.w.org\/{rel}","templated":true}]}}