{"id":1165,"date":"2019-11-04T08:03:42","date_gmt":"2019-11-04T06:03:42","guid":{"rendered":"https:\/\/blog.edu.turku.fi\/kerttulinlukio\/?page_id=1165"},"modified":"2019-12-01T09:59:41","modified_gmt":"2019-12-01T07:59:41","slug":"marraskuu-2","status":"publish","type":"page","link":"https:\/\/blog.edu.turku.fi\/kerttulinlukio\/marraskuu-2\/","title":{"rendered":"Marraskuu"},"content":{"rendered":"<p><strong>Urheilijakuulumisia<\/strong><\/p>\n<p><img loading=\"lazy\" decoding=\"async\" class=\"alignright size-medium wp-image-1172\" src=\"https:\/\/blog.edu.turku.fi\/kerttulinlukio\/files\/2019\/11\/67159770_10162255668730323_233614416669573120_o-300x185.jpg\" alt=\"\" width=\"300\" height=\"185\" srcset=\"https:\/\/blog.edu.turku.fi\/kerttulinlukio\/files\/2019\/11\/67159770_10162255668730323_233614416669573120_o-300x185.jpg 300w, https:\/\/blog.edu.turku.fi\/kerttulinlukio\/files\/2019\/11\/67159770_10162255668730323_233614416669573120_o.jpg 1000w\" sizes=\"auto, (max-width: 300px) 85vw, 300px\" \/>Veikkausliigan tuore hopeamitalisti, FC Interin keskikentt\u00e4pelaaja, Elias Mastokangas yhdist\u00e4\u00e4 urheilulukion opinnot ammattiurheiluun.<\/p>\n<p>Kauden ollessa k\u00e4ynniss\u00e4 lukiolaisen el\u00e4m\u00e4 ei aina ole yksinkertaista, sill\u00e4 edustusjoukkueen harjoitukset ajoittuvat usein koulutuntien p\u00e4\u00e4lle. Koulut\u00f6it\u00e4 on j\u00e4\u00e4nyt valtavasti kotiin, mutta Elias on m\u00e4\u00e4r\u00e4tietoisesti Kerttulin urheilulukion opettajien tuella saanut opintojaan eteenp\u00e4in. Kolmannen vuoden lukiolainen on p\u00e4\u00e4tt\u00e4nyt viimeistell\u00e4 opintonsa kunnialla nelj\u00e4ss\u00e4 vuodessa, jotta sen j\u00e4lkeen voi l\u00e4hte\u00e4 kokeilemaan rahkeitaan jalkapallon parissa.<\/p>\n<p>Vasta 18-vuotias Mastokangas pelasi Veikkausliigassa loistavan kauden, vaikka talvella operoitu kierukka vaatikin nelj\u00e4n kuukauden kuntoutumisen. Alku ei n\u00e4ytt\u00e4nyt lupaavalta, sill\u00e4 hyv\u00e4st\u00e4 kuntoutumisesta ja sinnikkyydest\u00e4 huolimatta peliminuutteja ei irronnut. Valmentaja Jos\u00e9 Riveiron mukaan taso ei viel\u00e4 yksinkertaisesti riitt\u00e4nyt liigakentille.<\/p>\n<p>Kuntoutuksen j\u00e4lkeen pieni\u00e4 onnistumisia alkoi hiljalleen tulla treeneiss\u00e4 ja ne ruokkivat aina suurempia onnistumisia. Positiivinen kierre oli valmis, kun Mastokangas sai muutamia peliminuutteja ja p\u00e4\u00e4si n\u00e4ytt\u00e4m\u00e4\u00e4n kaikille, ett\u00e4 kuuluu Veikkausliigakentille. \u201dHienot pelaajat ymp\u00e4rill\u00e4 auttoivat kehittym\u00e4\u00e4n p\u00e4ivitt\u00e4in ja halu n\u00e4ytt\u00e4\u00e4, erityisesti valmentajalle, oli \u00e4\u00e4rimm\u00e4isen kova\u201d, kertoo Elias.<\/p>\n<p>\u201dEn olisi uskonut, ett\u00e4 kaudesta tulee n\u00e4in hyv\u00e4\u201d, kommentoi Mastokangas, vaikka Veikkausliigan hopea olikin aluksi suuri pettymys. Pienen sulattelun j\u00e4lkeen mitali maistui kuitenkin eritt\u00e4in hyv\u00e4lt\u00e4 ja n\u00e4lk\u00e4 ainoastaan kasvoi tulevaa kautta varten. Koko joukkueen kausi oli onnistunut ja ensi vuoden liigaan Mastokangas l\u00e4hteekin isoin, mutta realistisin odotuksin. \u201dMinulla on paljon annettavaa kent\u00e4ll\u00e4 ja haluan olla p\u00e4iv\u00e4 p\u00e4iv\u00e4lt\u00e4 parempi pelaaja. T\u00e4llaisella joukkueella on mahdollisuus kultaan\u201d, h\u00e4n kommentoi.<\/p>\n<p>Seuraava siirto Mastokankaan peliuralla on selke\u00e4, sill\u00e4 Interin kanssa sopimusta on viel\u00e4 j\u00e4ljell\u00e4 kaksi kautta. Saman verran aikaa on lukiosta valmistumiseen. \u201dT\u00e4m\u00e4 on nyt kaikista paras ratkaisu urani kannalta, sill\u00e4 saan kehitty\u00e4 Interiss\u00e4 pelaajana ja valmistun samalla ylioppilaaksi. Sen j\u00e4lkeen jatkan futiksen parissa aikuisten liigapelien kautta toivottavasti Eurooppaan saakka\u201d, Mastokangas kertoo itsevarmana, mutta jalat tukevasti maassa.<\/p>\n<p>Teksti Erika Rautiainen, kuva Tero Wester<\/p>\n<p><img loading=\"lazy\" decoding=\"async\" class=\"alignright size-medium wp-image-1170\" src=\"https:\/\/blog.edu.turku.fi\/kerttulinlukio\/files\/2019\/11\/AinoA-300x169.jpg\" alt=\"\" width=\"300\" height=\"169\" srcset=\"https:\/\/blog.edu.turku.fi\/kerttulinlukio\/files\/2019\/11\/AinoA-300x169.jpg 300w, https:\/\/blog.edu.turku.fi\/kerttulinlukio\/files\/2019\/11\/AinoA.jpg 1000w\" sizes=\"auto, (max-width: 300px) 85vw, 300px\" \/><strong>Aino Aaltonen Valmennuskeskuksesta k\u00e4vi vierailulla kakkosten opo-tunnilla aiheenaan opiskelutekniikka.<\/strong><\/p>\n<p>&nbsp;<\/p>\n<p>&nbsp;<\/p>\n<p>&nbsp;<\/p>\n<p><img loading=\"lazy\" decoding=\"async\" class=\"size-medium wp-image-1176 alignright\" src=\"https:\/\/blog.edu.turku.fi\/kerttulinlukio\/files\/2019\/11\/IMG_5625-e1573392988186-225x300.jpg\" alt=\"\" width=\"225\" height=\"300\" srcset=\"https:\/\/blog.edu.turku.fi\/kerttulinlukio\/files\/2019\/11\/IMG_5625-e1573392988186-225x300.jpg 225w, https:\/\/blog.edu.turku.fi\/kerttulinlukio\/files\/2019\/11\/IMG_5625-e1573392988186.jpg 480w\" sizes=\"auto, (max-width: 225px) 85vw, 225px\" \/><strong>Nuorisovaltuuston vaalit<\/strong><\/p>\n<p>Torstaina 7.11. Kerttulin lukiossa \u00e4\u00e4nestettiin nuorisovaltuuston vaaleissa. \u00c4\u00e4nestyspisteit\u00e4 oli kaiken kaikkiaan nelj\u00e4, yksi jokaisessa kerroksessa.<\/p>\n<p>&nbsp;<\/p>\n<p>&nbsp;<\/p>\n<p>&nbsp;<\/p>\n<p>&nbsp;<\/p>\n<p><strong>Turvallisuusp\u00e4iv\u00e4 Kerttulin lukiossa<\/strong><\/p>\n<p>Perjantaina 8.11. koululla pidettiin turvallisuusp\u00e4iv\u00e4. Monitoimisalissa oppilaat oppivat mm. elvytystaitoja ensiapukouluttajien johdolla.<\/p>\n<p><img loading=\"lazy\" decoding=\"async\" class=\"alignnone wp-image-1188\" src=\"https:\/\/blog.edu.turku.fi\/kerttulinlukio\/files\/2019\/11\/IMG_5654-e1573394060592-225x300.jpg\" alt=\"\" width=\"175\" height=\"233\" srcset=\"https:\/\/blog.edu.turku.fi\/kerttulinlukio\/files\/2019\/11\/IMG_5654-e1573394060592-225x300.jpg 225w, https:\/\/blog.edu.turku.fi\/kerttulinlukio\/files\/2019\/11\/IMG_5654-e1573394060592.jpg 480w\" sizes=\"auto, (max-width: 175px) 85vw, 175px\" \/> <img loading=\"lazy\" decoding=\"async\" class=\" wp-image-1182 alignleft\" src=\"https:\/\/blog.edu.turku.fi\/kerttulinlukio\/files\/2019\/11\/IMG_5642-1-e1573394032632-225x300.jpg\" alt=\"\" width=\"205\" height=\"274\" srcset=\"https:\/\/blog.edu.turku.fi\/kerttulinlukio\/files\/2019\/11\/IMG_5642-1-e1573394032632-225x300.jpg 225w, https:\/\/blog.edu.turku.fi\/kerttulinlukio\/files\/2019\/11\/IMG_5642-1-e1573394032632.jpg 480w\" sizes=\"auto, (max-width: 205px) 85vw, 205px\" \/> <img loading=\"lazy\" decoding=\"async\" class=\" wp-image-1179 alignleft\" src=\"https:\/\/blog.edu.turku.fi\/kerttulinlukio\/files\/2019\/11\/IMG_5630-e1573394010731-225x300.jpg\" alt=\"\" width=\"197\" height=\"263\" srcset=\"https:\/\/blog.edu.turku.fi\/kerttulinlukio\/files\/2019\/11\/IMG_5630-e1573394010731-225x300.jpg 225w, https:\/\/blog.edu.turku.fi\/kerttulinlukio\/files\/2019\/11\/IMG_5630-e1573394010731.jpg 480w\" sizes=\"auto, (max-width: 197px) 85vw, 197px\" \/> <img loading=\"lazy\" decoding=\"async\" class=\"alignnone wp-image-1185\" src=\"https:\/\/blog.edu.turku.fi\/kerttulinlukio\/files\/2019\/11\/IMG_5681-e1573394041107-225x300.jpg\" alt=\"\" width=\"204\" height=\"272\" srcset=\"https:\/\/blog.edu.turku.fi\/kerttulinlukio\/files\/2019\/11\/IMG_5681-e1573394041107-225x300.jpg 225w, https:\/\/blog.edu.turku.fi\/kerttulinlukio\/files\/2019\/11\/IMG_5681-e1573394041107.jpg 480w\" sizes=\"auto, (max-width: 204px) 85vw, 204px\" \/><\/p>\n<p>&nbsp;<\/p>\n<p><strong>Studentum Road Show Kerttulissa 14.11. &#8211; vierailijoina Karoliina, Milja ja Janette<\/strong><\/p>\n<p><img loading=\"lazy\" decoding=\"async\" class=\"size-medium wp-image-1212 alignnone\" src=\"https:\/\/blog.edu.turku.fi\/kerttulinlukio\/files\/2019\/11\/PHOTO-2019-11-14-14-56-43-1-300x143.jpg\" alt=\"\" width=\"300\" height=\"143\" srcset=\"https:\/\/blog.edu.turku.fi\/kerttulinlukio\/files\/2019\/11\/PHOTO-2019-11-14-14-56-43-1-300x143.jpg 300w, https:\/\/blog.edu.turku.fi\/kerttulinlukio\/files\/2019\/11\/PHOTO-2019-11-14-14-56-43-1.jpg 1000w\" sizes=\"auto, (max-width: 300px) 85vw, 300px\" \/> <img loading=\"lazy\" decoding=\"async\" class=\"size-medium wp-image-1213 alignnone\" src=\"https:\/\/blog.edu.turku.fi\/kerttulinlukio\/files\/2019\/11\/PHOTO-2019-11-14-14-56-43-2-300x176.jpg\" alt=\"\" width=\"300\" height=\"176\" srcset=\"https:\/\/blog.edu.turku.fi\/kerttulinlukio\/files\/2019\/11\/PHOTO-2019-11-14-14-56-43-2-300x176.jpg 300w, https:\/\/blog.edu.turku.fi\/kerttulinlukio\/files\/2019\/11\/PHOTO-2019-11-14-14-56-43-2.jpg 1000w\" sizes=\"auto, (max-width: 300px) 85vw, 300px\" \/> <img loading=\"lazy\" decoding=\"async\" class=\"size-medium wp-image-1214 alignnone\" src=\"https:\/\/blog.edu.turku.fi\/kerttulinlukio\/files\/2019\/11\/PHOTO-2019-11-14-14-56-43-169x300.jpg\" alt=\"\" width=\"169\" height=\"300\" srcset=\"https:\/\/blog.edu.turku.fi\/kerttulinlukio\/files\/2019\/11\/PHOTO-2019-11-14-14-56-43-169x300.jpg 169w, https:\/\/blog.edu.turku.fi\/kerttulinlukio\/files\/2019\/11\/PHOTO-2019-11-14-14-56-43.jpg 563w\" sizes=\"auto, (max-width: 169px) 85vw, 169px\" \/><\/p>\n<p><strong>Perjantaina 29.11. Kerttulissa\u00a0 vierailivat Oulun yliopistosta kauppatieteiden opiskelija Jyri ja tuotantotaloutta opiskeleva Veera.<\/strong><\/p>\n<p><img loading=\"lazy\" decoding=\"async\" class=\"alignleft size-medium wp-image-1240\" src=\"https:\/\/blog.edu.turku.fi\/kerttulinlukio\/files\/2019\/12\/PHOTO-2019-11-29-11-07-21-152x300.jpg\" alt=\"\" width=\"152\" height=\"300\" srcset=\"https:\/\/blog.edu.turku.fi\/kerttulinlukio\/files\/2019\/12\/PHOTO-2019-11-29-11-07-21-152x300.jpg 152w, https:\/\/blog.edu.turku.fi\/kerttulinlukio\/files\/2019\/12\/PHOTO-2019-11-29-11-07-21.jpg 507w\" sizes=\"auto, (max-width: 152px) 85vw, 152px\" \/><img loading=\"lazy\" decoding=\"async\" class=\"size-medium wp-image-1241 alignnone\" src=\"https:\/\/blog.edu.turku.fi\/kerttulinlukio\/files\/2019\/12\/PHOTO-2019-11-29-11-07-22-300x169.jpg\" alt=\"\" width=\"300\" height=\"169\" srcset=\"https:\/\/blog.edu.turku.fi\/kerttulinlukio\/files\/2019\/12\/PHOTO-2019-11-29-11-07-22-300x169.jpg 300w, https:\/\/blog.edu.turku.fi\/kerttulinlukio\/files\/2019\/12\/PHOTO-2019-11-29-11-07-22.jpg 1000w\" sizes=\"auto, (max-width: 300px) 85vw, 300px\" \/><\/p>\n","protected":false},"excerpt":{"rendered":"<p>Urheilijakuulumisia Veikkausliigan tuore hopeamitalisti, FC Interin keskikentt\u00e4pelaaja, Elias Mastokangas yhdist\u00e4\u00e4 urheilulukion opinnot ammattiurheiluun. Kauden ollessa k\u00e4ynniss\u00e4 lukiolaisen el\u00e4m\u00e4 ei aina ole yksinkertaista, sill\u00e4 edustusjoukkueen harjoitukset ajoittuvat usein koulutuntien p\u00e4\u00e4lle. Koulut\u00f6it\u00e4 on j\u00e4\u00e4nyt valtavasti kotiin, mutta Elias on m\u00e4\u00e4r\u00e4tietoisesti Kerttulin urheilulukion opettajien tuella saanut opintojaan eteenp\u00e4in. Kolmannen vuoden lukiolainen on p\u00e4\u00e4tt\u00e4nyt viimeistell\u00e4 opintonsa kunnialla nelj\u00e4ss\u00e4 vuodessa, &hellip; <a href=\"https:\/\/blog.edu.turku.fi\/kerttulinlukio\/marraskuu-2\/\" class=\"more-link\">Jatka lukemista<span class=\"screen-reader-text\"> &#8221;Marraskuu&#8221;<\/span><\/a><\/p>\n","protected":false},"author":2737,"featured_media":0,"parent":0,"menu_order":0,"comment_status":"closed","ping_status":"closed","template":"","meta":{"footnotes":""},"class_list":["post-1165","page","type-page","status-publish","hentry"],"_links":{"self":[{"href":"https:\/\/blog.edu.turku.fi\/kerttulinlukio\/wp-json\/wp\/v2\/pages\/1165","targetHints":{"allow":["GET"]}}],"collection":[{"href":"https:\/\/blog.edu.turku.fi\/kerttulinlukio\/wp-json\/wp\/v2\/pages"}],"about":[{"href":"https:\/\/blog.edu.turku.fi\/kerttulinlukio\/wp-json\/wp\/v2\/types\/page"}],"author":[{"embeddable":true,"href":"https:\/\/blog.edu.turku.fi\/kerttulinlukio\/wp-json\/wp\/v2\/users\/2737"}],"replies":[{"embeddable":true,"href":"https:\/\/blog.edu.turku.fi\/kerttulinlukio\/wp-json\/wp\/v2\/comments?post=1165"}],"version-history":[{"count":13,"href":"https:\/\/blog.edu.turku.fi\/kerttulinlukio\/wp-json\/wp\/v2\/pages\/1165\/revisions"}],"predecessor-version":[{"id":1242,"href":"https:\/\/blog.edu.turku.fi\/kerttulinlukio\/wp-json\/wp\/v2\/pages\/1165\/revisions\/1242"}],"wp:attachment":[{"href":"https:\/\/blog.edu.turku.fi\/kerttulinlukio\/wp-json\/wp\/v2\/media?parent=1165"}],"curies":[{"name":"wp","href":"https:\/\/api.w.org\/{rel}","templated":true}]}}