{"id":25,"date":"2014-03-24T14:06:15","date_gmt":"2014-03-24T12:06:15","guid":{"rendered":"https:\/\/blog.edu.turku.fi\/kerttulineskarit\/?page_id=25"},"modified":"2016-10-04T10:10:43","modified_gmt":"2016-10-04T07:10:43","slug":"ryhma","status":"publish","type":"page","link":"https:\/\/blog.edu.turku.fi\/kerttulineskarit\/ryhma\/","title":{"rendered":"Ryhm\u00e4"},"content":{"rendered":"<p>Karhut ryhm\u00e4ss\u00e4 on toimintakaudella\u00a02016-2017 yhteens\u00e4\u00a021 innokasta eskarilaista.\u00a0Ryhm\u00e4ss\u00e4\u00a0on kaksi lastentarhanopettajaa, lastenhoitaja sek\u00e4 avustaja.<\/p>\n<p>Karhut<br \/>\n044-9074765<\/p>\n<p>&nbsp;<\/p>\n<p>&nbsp;<\/p>\n","protected":false},"excerpt":{"rendered":"<p>Karhut ryhm\u00e4ss\u00e4 on toimintakaudella\u00a02016-2017 yhteens\u00e4\u00a021 innokasta eskarilaista.\u00a0Ryhm\u00e4ss\u00e4\u00a0on kaksi lastentarhanopettajaa, lastenhoitaja sek\u00e4 avustaja. Karhut 044-9074765 &nbsp; &nbsp;<\/p>\n","protected":false},"author":9,"featured_media":0,"parent":0,"menu_order":1,"comment_status":"closed","ping_status":"closed","template":"","meta":{"footnotes":""},"class_list":["post-25","page","type-page","status-publish","hentry"],"_links":{"self":[{"href":"https:\/\/blog.edu.turku.fi\/kerttulineskarit\/wp-json\/wp\/v2\/pages\/25","targetHints":{"allow":["GET"]}}],"collection":[{"href":"https:\/\/blog.edu.turku.fi\/kerttulineskarit\/wp-json\/wp\/v2\/pages"}],"about":[{"href":"https:\/\/blog.edu.turku.fi\/kerttulineskarit\/wp-json\/wp\/v2\/types\/page"}],"author":[{"embeddable":true,"href":"https:\/\/blog.edu.turku.fi\/kerttulineskarit\/wp-json\/wp\/v2\/users\/9"}],"replies":[{"embeddable":true,"href":"https:\/\/blog.edu.turku.fi\/kerttulineskarit\/wp-json\/wp\/v2\/comments?post=25"}],"version-history":[{"count":15,"href":"https:\/\/blog.edu.turku.fi\/kerttulineskarit\/wp-json\/wp\/v2\/pages\/25\/revisions"}],"predecessor-version":[{"id":851,"href":"https:\/\/blog.edu.turku.fi\/kerttulineskarit\/wp-json\/wp\/v2\/pages\/25\/revisions\/851"}],"wp:attachment":[{"href":"https:\/\/blog.edu.turku.fi\/kerttulineskarit\/wp-json\/wp\/v2\/media?parent=25"}],"curies":[{"name":"wp","href":"https:\/\/api.w.org\/{rel}","templated":true}]}}