{"id":192,"date":"2023-10-26T11:34:56","date_gmt":"2023-10-26T08:34:56","guid":{"rendered":"https:\/\/blog.edu.turku.fi\/kekeperehdytys\/?page_id=192"},"modified":"2023-11-09T11:19:13","modified_gmt":"2023-11-09T09:19:13","slug":"7-seuranta","status":"publish","type":"page","link":"https:\/\/blog.edu.turku.fi\/kekeperehdytys\/7-seuranta\/","title":{"rendered":"7. Seuranta"},"content":{"rendered":"<p>Jotta kest\u00e4v\u00e4n kehityksen toimenpiteiden etenemist\u00e4 ja vaikuttavuutta voidaan arvioida, toimenpiteiden onnistumista ja vaikutuksia pit\u00e4\u00e4 mitata. TAI:n johtoryhm\u00e4 on syksyll\u00e4 2023 vahvistanut kest\u00e4v\u00e4n kehityksen mittarien k\u00e4ytt\u00f6\u00f6noton.<\/p>\n<p><a href=\"https:\/\/blog.edu.turku.fi\/kekeperehdytys\/files\/2023\/11\/Kestavyyssuunnitelma-seuranta-taulukko-7.11.2023.pdf\"><img loading=\"lazy\" decoding=\"async\" class=\"alignleft wp-image-386 size-large\" src=\"https:\/\/blog.edu.turku.fi\/kekeperehdytys\/files\/2023\/11\/Kestavyyssuunnitelma-seuranta-taulukko-7.11.2023-1024x576.jpg\" alt=\"\" width=\"1024\" height=\"576\" srcset=\"https:\/\/blog.edu.turku.fi\/kekeperehdytys\/files\/2023\/11\/Kestavyyssuunnitelma-seuranta-taulukko-7.11.2023.jpg 1024w, https:\/\/blog.edu.turku.fi\/kekeperehdytys\/files\/2023\/11\/Kestavyyssuunnitelma-seuranta-taulukko-7.11.2023-300x169.jpg 300w\" sizes=\"auto, (max-width: 709px) 85vw, (max-width: 909px) 67vw, (max-width: 1362px) 62vw, 840px\" \/><\/a><\/p>\n<p><a href=\"https:\/\/blog.edu.turku.fi\/kekeperehdytys\/6-opetus\/\"><img loading=\"lazy\" decoding=\"async\" class=\"alignleft wp-image-420 size-medium\" src=\"https:\/\/blog.edu.turku.fi\/kekeperehdytys\/files\/2023\/11\/nuoli-2-300x63.png\" alt=\"\" width=\"300\" height=\"63\" srcset=\"https:\/\/blog.edu.turku.fi\/kekeperehdytys\/files\/2023\/11\/nuoli-2-300x63.png 300w, https:\/\/blog.edu.turku.fi\/kekeperehdytys\/files\/2023\/11\/nuoli-2.png 974w\" sizes=\"auto, (max-width: 300px) 85vw, 300px\" \/><\/a><\/p>\n","protected":false},"excerpt":{"rendered":"<p>Jotta kest\u00e4v\u00e4n kehityksen toimenpiteiden etenemist\u00e4 ja vaikuttavuutta voidaan arvioida, toimenpiteiden onnistumista ja vaikutuksia pit\u00e4\u00e4 mitata. TAI:n johtoryhm\u00e4 on syksyll\u00e4 2023 vahvistanut kest\u00e4v\u00e4n kehityksen mittarien k\u00e4ytt\u00f6\u00f6noton.<\/p>\n","protected":false},"author":3252,"featured_media":0,"parent":0,"menu_order":0,"comment_status":"closed","ping_status":"closed","template":"","meta":{"footnotes":""},"class_list":["post-192","page","type-page","status-publish","hentry"],"_links":{"self":[{"href":"https:\/\/blog.edu.turku.fi\/kekeperehdytys\/wp-json\/wp\/v2\/pages\/192","targetHints":{"allow":["GET"]}}],"collection":[{"href":"https:\/\/blog.edu.turku.fi\/kekeperehdytys\/wp-json\/wp\/v2\/pages"}],"about":[{"href":"https:\/\/blog.edu.turku.fi\/kekeperehdytys\/wp-json\/wp\/v2\/types\/page"}],"author":[{"embeddable":true,"href":"https:\/\/blog.edu.turku.fi\/kekeperehdytys\/wp-json\/wp\/v2\/users\/3252"}],"replies":[{"embeddable":true,"href":"https:\/\/blog.edu.turku.fi\/kekeperehdytys\/wp-json\/wp\/v2\/comments?post=192"}],"version-history":[{"count":8,"href":"https:\/\/blog.edu.turku.fi\/kekeperehdytys\/wp-json\/wp\/v2\/pages\/192\/revisions"}],"predecessor-version":[{"id":429,"href":"https:\/\/blog.edu.turku.fi\/kekeperehdytys\/wp-json\/wp\/v2\/pages\/192\/revisions\/429"}],"wp:attachment":[{"href":"https:\/\/blog.edu.turku.fi\/kekeperehdytys\/wp-json\/wp\/v2\/media?parent=192"}],"curies":[{"name":"wp","href":"https:\/\/api.w.org\/{rel}","templated":true}]}}