{"id":100,"date":"2026-03-12T13:36:16","date_gmt":"2026-03-12T11:36:16","guid":{"rendered":"https:\/\/blog.edu.turku.fi\/katedral\/?page_id=100"},"modified":"2026-04-15T15:17:25","modified_gmt":"2026-04-15T12:17:25","slug":"unesco-skola","status":"publish","type":"page","link":"https:\/\/blog.edu.turku.fi\/katedral\/unesco-skola\/","title":{"rendered":"Unesco skola"},"content":{"rendered":"<div class=\"wp-block-image\">\n<figure class=\"alignright size-medium\"><img loading=\"lazy\" decoding=\"async\" width=\"300\" height=\"282\" src=\"https:\/\/blog.edu.turku.fi\/katedral\/files\/2026\/04\/3eng_unesco_asp_member_asso_schools_network-300x282.png\" alt=\"\" class=\"wp-image-314\" srcset=\"https:\/\/blog.edu.turku.fi\/katedral\/files\/2026\/04\/3eng_unesco_asp_member_asso_schools_network-300x282.png 300w, https:\/\/blog.edu.turku.fi\/katedral\/files\/2026\/04\/3eng_unesco_asp_member_asso_schools_network.png 750w\" sizes=\"auto, (max-width: 300px) 100vw, 300px\" \/><\/figure>\n<\/div>\n\n\n<p>Katedralskolan i \u00c5bo har varit en del av <strong>Unescos internationella ASPnet\u2011skoln\u00e4tverk<\/strong> sedan 1984. N\u00e4tverket omfattar skolor fr\u00e5n hela v\u00e4rlden, vilket tydligt \u00e5terspeglas i skolans verksamhet. Vi l\u00e4gger s\u00e4rskild vikt vid fr\u00e5gor som r\u00f6r en <strong>h\u00e5llbar framtid<\/strong>, <strong>global fostran<\/strong> och arbete med <strong>Unescos globala m\u00e5l \u2013 Agenda 2030<\/strong>.<\/p>\n\n\n\n<p>En central del av ASPnet\u2011verksamheten \u00e4r samarbetet med andra Unescoskolor. Som exempel kan n\u00e4mnas v\u00e5rt l\u00e5ngvariga v\u00e4nskoleutbyte med <strong>Mikl\u00f3s Radn\u00f3ti gymnasium i Ungern<\/strong>, d\u00e4r studerande och l\u00e4rare har genomf\u00f6rt \u00f6msesidiga bes\u00f6k vartannat \u00e5r.<\/p>\n\n\n\n<figure class=\"wp-block-image size-full is-resized\"><img loading=\"lazy\" decoding=\"async\" width=\"1024\" height=\"876\" src=\"https:\/\/blog.edu.turku.fi\/katedral\/files\/2026\/04\/0350-1024x876-1.jpg\" alt=\"\" class=\"wp-image-316\" style=\"width:601px;height:auto\" srcset=\"https:\/\/blog.edu.turku.fi\/katedral\/files\/2026\/04\/0350-1024x876-1.jpg 1024w, https:\/\/blog.edu.turku.fi\/katedral\/files\/2026\/04\/0350-1024x876-1-300x257.jpg 300w, https:\/\/blog.edu.turku.fi\/katedral\/files\/2026\/04\/0350-1024x876-1-768x657.jpg 768w\" sizes=\"auto, (max-width: 1024px) 100vw, 1024px\" \/><figcaption class=\"wp-element-caption\">Kattan studerande p\u00e5 bes\u00f6k i Szeged, Ungern september 2023<\/figcaption><\/figure>\n\n\n\n<p>\u00c5r 2025 inleddes dessutom ett Unescoskol\u00adsamarbete med de svenskspr\u00e5kiga gymnasierna <strong>L\u00e4rkan i Helsingfors<\/strong> och <strong>\u00c5lands lyceum<\/strong>. Fr\u00e5n varje skola uts\u00e5gs Unescoambassad\u00f6rer som f\u00f6rst m\u00f6ttes under Utbildningsstyrelsens ASPnet\u2011dagar i Helsingfors och d\u00e4refter \u00e5r 2026 i Mariehamn vid ett gemensamt bes\u00f6k till \u00c5lands lyceum. Ambassad\u00f6rerna producerade tillsammans en film om verksamheten, som visas i samtliga deltagande skolor.<\/p>\n\n\n<div class=\"wp-block-image\">\n<figure class=\"alignright size-medium\"><img loading=\"lazy\" decoding=\"async\" width=\"300\" height=\"257\" src=\"https:\/\/blog.edu.turku.fi\/katedral\/files\/2026\/04\/216-300x257.jpg\" alt=\"\" class=\"wp-image-321\" srcset=\"https:\/\/blog.edu.turku.fi\/katedral\/files\/2026\/04\/216-300x257.jpg 300w, https:\/\/blog.edu.turku.fi\/katedral\/files\/2026\/04\/216-768x657.jpg 768w, https:\/\/blog.edu.turku.fi\/katedral\/files\/2026\/04\/216.jpg 1024w\" sizes=\"auto, (max-width: 300px) 100vw, 300px\" \/><figcaption class=\"wp-element-caption\"><em>Bes\u00f6k till \u00c5lands lyceum februari 2026<\/em><\/figcaption><\/figure>\n<\/div>\n\n\n<p>Till ASPnet\u2011arbetet h\u00f6r \u00e4ven att uppm\u00e4rksamma <strong>FN:s internationella temadagar<\/strong>. Inriktningen varierar fr\u00e5n \u00e5r till \u00e5r. Ett exempel \u00e4r <strong>internationella dagen f\u00f6r de m\u00e4nskliga r\u00e4ttigheterna 2021<\/strong>, d\u00e5 skolans alumn <strong>Helena Gualinga\u2011Siren<\/strong> ber\u00e4ttade om sitt engagemang i Amazonas och sitt arbete f\u00f6r att skydda hembygden och regnskogarna fr\u00e5n ekonomisk exploatering.<\/p>\n\n\n\n<p><\/p>\n","protected":false},"excerpt":{"rendered":"<p>Katedralskolan i \u00c5bo har varit en del av Unescos internationella ASPnet\u2011skoln\u00e4tverk sedan 1984. N\u00e4tverket omfattar skolor fr\u00e5n hela v\u00e4rlden, vilket &hellip; <\/p>\n","protected":false},"author":9,"featured_media":0,"parent":0,"menu_order":0,"comment_status":"closed","ping_status":"closed","template":"","meta":{"footnotes":""},"class_list":["post-100","page","type-page","status-publish","hentry","latest_post"],"_links":{"self":[{"href":"https:\/\/blog.edu.turku.fi\/katedral\/wp-json\/wp\/v2\/pages\/100","targetHints":{"allow":["GET"]}}],"collection":[{"href":"https:\/\/blog.edu.turku.fi\/katedral\/wp-json\/wp\/v2\/pages"}],"about":[{"href":"https:\/\/blog.edu.turku.fi\/katedral\/wp-json\/wp\/v2\/types\/page"}],"author":[{"embeddable":true,"href":"https:\/\/blog.edu.turku.fi\/katedral\/wp-json\/wp\/v2\/users\/9"}],"replies":[{"embeddable":true,"href":"https:\/\/blog.edu.turku.fi\/katedral\/wp-json\/wp\/v2\/comments?post=100"}],"version-history":[{"count":5,"href":"https:\/\/blog.edu.turku.fi\/katedral\/wp-json\/wp\/v2\/pages\/100\/revisions"}],"predecessor-version":[{"id":323,"href":"https:\/\/blog.edu.turku.fi\/katedral\/wp-json\/wp\/v2\/pages\/100\/revisions\/323"}],"wp:attachment":[{"href":"https:\/\/blog.edu.turku.fi\/katedral\/wp-json\/wp\/v2\/media?parent=100"}],"curies":[{"name":"wp","href":"https:\/\/api.w.org\/{rel}","templated":true}]}}