{"id":804,"date":"2018-08-23T11:08:19","date_gmt":"2018-08-23T08:08:19","guid":{"rendered":"https:\/\/blog.edu.turku.fi\/katariina\/?page_id=804"},"modified":"2025-06-11T12:19:32","modified_gmt":"2025-06-11T09:19:32","slug":"opetus","status":"publish","type":"page","link":"https:\/\/blog.edu.turku.fi\/katariina\/opetus\/","title":{"rendered":"Ty\u00f6- ja loma-ajat"},"content":{"rendered":"<h2><span style=\"text-decoration: underline\"><strong>Lukuvuonna 2025\u20132026<\/strong><\/span><\/h2>\n<h3>Syyslukukausi: to 7.8.- la 20.12.2025<\/h3>\n<ul>\n<li style=\"list-style-type: none\">\n<ul>\n<li>Syysloma: ma 13.10. &#8211; pe 17.10.2025<\/li>\n<li>Joululoma su 21.12.2025 &#8211; ti 6.1.2026<\/li>\n<\/ul>\n<\/li>\n<\/ul>\n<h3>Kev\u00e4tlukukausi: ke 7.1.- la 30.5.2026<\/h3>\n<ul>\n<li style=\"list-style-type: none\">\n<ul>\n<li>Talviloma: ma 16.2. &#8211; pe 20.2.2026<\/li>\n<\/ul>\n<\/li>\n<\/ul>\n<p>&nbsp;&nbsp;&nbsp;&nbsp;<\/p>\n<p>&nbsp;<\/p>\n<header class=\"entry-header\">\n<h1 class=\"entry-title\">Oppilaan poissaoloanomus<\/h1>\n<\/header>\n<div class=\"entry-content\">\n<p><strong>POISSAOLOT<\/strong><\/p>\n<p>Luvan enint\u00e4\u00e4n kolmen p\u00e4iv\u00e4n poissaoloon my\u00f6nt\u00e4\u00e4 luokanopettaja tai -valvoja ja sit\u00e4 pidemp\u00e4\u00e4n poissaoloon rehtori. Poissaolot anotaan Wilmassa Hakemukset ja p\u00e4\u00e4t\u00f6kset \u2013 kohdassa.<\/p>\n<p>T\u00e4ss\u00e4 ohjeet: <a href=\"https:\/\/blog.edu.turku.fi\/katariina\/files\/2017\/12\/Wilma-oppilaan-poissaoloanomus-ohje.docx\">Wilma oppilaan poissaoloanomus ohje<\/a><\/p>\n<\/div>\n<p>&nbsp; &nbsp;<\/p>\n","protected":false},"excerpt":{"rendered":"<p>Lukuvuonna 2025\u20132026 Syyslukukausi: to 7.8.- la 20.12.2025 Syysloma: ma 13.10. &#8211; pe 17.10.2025 Joululoma su 21.12.2025 &#8211; ti 6.1.2026 Kev\u00e4tlukukausi: ke 7.1.- la 30.5.2026 Talviloma: ma 16.2. &#8211; pe 20.2.2026 &nbsp;&nbsp;&nbsp;&nbsp; &nbsp; Oppilaan poissaoloanomus POISSAOLOT Luvan enint\u00e4\u00e4n kolmen p\u00e4iv\u00e4n poissaoloon my\u00f6nt\u00e4\u00e4 luokanopettaja tai -valvoja ja sit\u00e4 pidemp\u00e4\u00e4n poissaoloon rehtori. Poissaolot anotaan Wilmassa Hakemukset ja p\u00e4\u00e4t\u00f6kset &hellip; <a href=\"https:\/\/blog.edu.turku.fi\/katariina\/opetus\/\" class=\"more-link\">Jatka lukemista<span class=\"screen-reader-text\"> &#8221;Ty\u00f6- ja loma-ajat&#8221;<\/span><\/a><\/p>\n","protected":false},"author":3354,"featured_media":0,"parent":0,"menu_order":0,"comment_status":"closed","ping_status":"closed","template":"","meta":{"ngg_post_thumbnail":0,"footnotes":""},"class_list":["post-804","page","type-page","status-publish","hentry"],"_links":{"self":[{"href":"https:\/\/blog.edu.turku.fi\/katariina\/wp-json\/wp\/v2\/pages\/804","targetHints":{"allow":["GET"]}}],"collection":[{"href":"https:\/\/blog.edu.turku.fi\/katariina\/wp-json\/wp\/v2\/pages"}],"about":[{"href":"https:\/\/blog.edu.turku.fi\/katariina\/wp-json\/wp\/v2\/types\/page"}],"author":[{"embeddable":true,"href":"https:\/\/blog.edu.turku.fi\/katariina\/wp-json\/wp\/v2\/users\/3354"}],"replies":[{"embeddable":true,"href":"https:\/\/blog.edu.turku.fi\/katariina\/wp-json\/wp\/v2\/comments?post=804"}],"version-history":[{"count":20,"href":"https:\/\/blog.edu.turku.fi\/katariina\/wp-json\/wp\/v2\/pages\/804\/revisions"}],"predecessor-version":[{"id":1596,"href":"https:\/\/blog.edu.turku.fi\/katariina\/wp-json\/wp\/v2\/pages\/804\/revisions\/1596"}],"wp:attachment":[{"href":"https:\/\/blog.edu.turku.fi\/katariina\/wp-json\/wp\/v2\/media?parent=804"}],"curies":[{"name":"wp","href":"https:\/\/api.w.org\/{rel}","templated":true}]}}