{"id":637,"date":"2019-09-17T12:25:41","date_gmt":"2019-09-17T09:25:41","guid":{"rendered":"https:\/\/blog.edu.turku.fi\/kastunpk\/?page_id=637"},"modified":"2021-12-09T09:38:32","modified_gmt":"2021-12-09T07:38:32","slug":"muut","status":"publish","type":"page","link":"https:\/\/blog.edu.turku.fi\/kastunpk\/muut\/","title":{"rendered":"Muut"},"content":{"rendered":"<p><strong>Varhaiskasvatuksen erityisopettaja<\/strong><br \/>\nVille Haulisto<br \/>\nville.haulisto@turku.fi<br \/>\n040 656 9589<\/p>\n<p><strong><br \/>\nVarhaiskasvatuksen alueellinen sosionomi\/vuorohoito<br \/>\n<\/strong>Sari Taipale<br \/>\nsari.taipale@turku.fi<br \/>\n040 626 5198<\/p>\n<p><strong><br \/>\nVarhaiskasvatuksen alueellinen sosionomi\/p\u00e4iv\u00e4ryhm\u00e4t<\/strong><br \/>\nP\u00e4ivi Sillanp\u00e4\u00e4<br \/>\npaivi.sillanpaa@turku.fi<br \/>\n040 574 9539<\/p>\n<p>&nbsp;<\/p>\n<p><strong>Esiopetuksen kuraattori<br \/>\n<\/strong>Laura Rapo<br \/>\nlaura.rapo@turku.fi<br \/>\n040 537 5290<\/p>\n<p>&nbsp;<\/p>\n","protected":false},"excerpt":{"rendered":"<p>Varhaiskasvatuksen erityisopettaja Ville Haulisto ville.haulisto@turku.fi 040 656 9589 Varhaiskasvatuksen alueellinen sosionomi\/vuorohoito Sari Taipale sari.taipale@turku.fi 040 626 5198 Varhaiskasvatuksen alueellinen sosionomi\/p\u00e4iv\u00e4ryhm\u00e4t P\u00e4ivi Sillanp\u00e4\u00e4 paivi.sillanpaa@turku.fi 040 574 9539 &nbsp; Esiopetuksen kuraattori Laura Rapo laura.rapo@turku.fi 040 537 5290 &nbsp;<\/p>\n","protected":false},"author":2618,"featured_media":0,"parent":0,"menu_order":0,"comment_status":"closed","ping_status":"closed","template":"","meta":{"footnotes":""},"class_list":["post-637","page","type-page","status-publish","hentry"],"_links":{"self":[{"href":"https:\/\/blog.edu.turku.fi\/kastunpk\/wp-json\/wp\/v2\/pages\/637","targetHints":{"allow":["GET"]}}],"collection":[{"href":"https:\/\/blog.edu.turku.fi\/kastunpk\/wp-json\/wp\/v2\/pages"}],"about":[{"href":"https:\/\/blog.edu.turku.fi\/kastunpk\/wp-json\/wp\/v2\/types\/page"}],"author":[{"embeddable":true,"href":"https:\/\/blog.edu.turku.fi\/kastunpk\/wp-json\/wp\/v2\/users\/2618"}],"replies":[{"embeddable":true,"href":"https:\/\/blog.edu.turku.fi\/kastunpk\/wp-json\/wp\/v2\/comments?post=637"}],"version-history":[{"count":7,"href":"https:\/\/blog.edu.turku.fi\/kastunpk\/wp-json\/wp\/v2\/pages\/637\/revisions"}],"predecessor-version":[{"id":1273,"href":"https:\/\/blog.edu.turku.fi\/kastunpk\/wp-json\/wp\/v2\/pages\/637\/revisions\/1273"}],"wp:attachment":[{"href":"https:\/\/blog.edu.turku.fi\/kastunpk\/wp-json\/wp\/v2\/media?parent=637"}],"curies":[{"name":"wp","href":"https:\/\/api.w.org\/{rel}","templated":true}]}}