{"id":673,"date":"2020-12-25T10:16:59","date_gmt":"2020-12-25T08:16:59","guid":{"rendered":"https:\/\/blog.edu.turku.fi\/karttanyt\/?page_id=673"},"modified":"2020-10-30T16:01:20","modified_gmt":"2020-10-30T14:01:20","slug":"karttojen-lisenssi-ja-kayttoehdot","status":"publish","type":"page","link":"https:\/\/blog.edu.turku.fi\/karttanyt\/kartat\/paikkatieto\/karttojen-lisenssi-ja-kayttoehdot\/","title":{"rendered":"Kartta-aineistojen lisenssi- ja k\u00e4ytt\u00f6ehdot"},"content":{"rendered":"<p><em>Lisenssi<\/em> tarkoittaa paikkatietoaineiston (usein s\u00e4hk\u00f6isen kartan) <em>k\u00e4ytt\u00f6\u00f6n oikeuttavaa sopimusta<\/em>. Se tehd\u00e4\u00e4n aineiston tarjoajan ja k\u00e4ytt\u00e4j\u00e4n v\u00e4lill\u00e4.<\/p>\n<p>Lisenssi voi olla k\u00e4ytt\u00e4j\u00e4lle joko maksuton tai maksullinen. Se sis\u00e4lt\u00e4\u00e4<em> aineiston k\u00e4ytt\u00f6ehdot,<\/em> jotka m\u00e4\u00e4ritt\u00e4v\u00e4t <em>miten aineistoa saa k\u00e4ytt\u00e4\u00e4<\/em> ja miten l\u00e4hdetietoihin viitataan.<\/p>\n<p>Lisenssi- ja k\u00e4ytt\u00f6ehdot ovat luettavissa karttapalvelun yhteydess\u00e4. Esimerkiksi kansallisessa paikkatietoportaalissa Paikkatietoikkunassa k\u00e4ytt\u00f6ehdot l\u00f6ytyv\u00e4t palvelun etusivulta. Ne hyv\u00e4ksyt\u00e4\u00e4n rekister\u00f6itym\u00e4ll\u00e4 palveluun.<\/p>\n<figure id=\"attachment_694\" aria-describedby=\"caption-attachment-694\" style=\"width: 700px\" class=\"wp-caption aligncenter\"><img loading=\"lazy\" decoding=\"async\" class=\"wp-image-694\" src=\"https:\/\/blog.edu.turku.fi\/karttanyt\/files\/2019\/06\/paikkatietoikkunan_kayttoehdot-808x708.jpg\" alt=\"\" width=\"700\" height=\"613\" srcset=\"https:\/\/blog.edu.turku.fi\/karttanyt\/files\/2019\/06\/paikkatietoikkunan_kayttoehdot.jpg 808w, https:\/\/blog.edu.turku.fi\/karttanyt\/files\/2019\/06\/paikkatietoikkunan_kayttoehdot-300x263.jpg 300w\" sizes=\"auto, (max-width: 700px) 100vw, 700px\" \/><figcaption id=\"caption-attachment-694\" class=\"wp-caption-text\"><em>Maksuttoman kansallisen karttapalvelun, Paikkatietoikkunan, k\u00e4ytt\u00f6ehdoissa m\u00e4\u00e4ritet\u00e4\u00e4n miten karttoja saa k\u00e4ytt\u00e4\u00e4. K\u00e4ytt\u00f6ehdot hyv\u00e4ksyt\u00e4\u00e4n rekister\u00f6itym\u00e4ll\u00e4 palveluun.<\/em><\/figcaption><\/figure>\n<p>S\u00e4hk\u00f6isi\u00e4 karttoja ja muita paikkatietoaineistoja tarjotaan entist\u00e4 enemm\u00e4n avoimina aineistoina. T\u00e4m\u00e4 tarkoittaa, ett\u00e4 aineistot ovat vapaasti kansalaisten k\u00e4ytett\u00e4viss\u00e4 maksutta. Vaikka aineistot ovat avoimia, niihin liittyy usein lisenssi- tai k\u00e4ytt\u00f6ehtoja. Tutustu niihin aina ennen aineiston k\u00e4ytt\u00f6\u00f6nottoa.<\/p>\n<p>Kartta-aineistoja tarjoavat k\u00e4ytt\u00e4jille sek\u00e4 julkiset ett\u00e4 yksityiset tahot. Esimerkiksi Maanmittauslaitos ja Suomen ymp\u00e4rist\u00f6keskus ovat suuria suomalaisia kartta-aineistojen tarjoajia. N\u00e4ill\u00e4 on omat lisenssi- ja k\u00e4ytt\u00f6ehdot tuottamilleen aineistoille. Suomessa julkishallinto, eli valtion ja kuntien hallinnot, k\u00e4ytt\u00e4v\u00e4t CC-lisenssi\u00e4, eli Creative Commons-linsenssi\u00e4.<\/p>\n<p><strong>Ma<\/strong><strong>anmittauslaitoksen ja Suomen ymp\u00e4rist\u00f6keskuksen aineistojen k\u00e4ytt\u00f6ehdot<\/strong><\/p>\n<p>L\u00e4hes kaikki Maanmittauslaitoksen paikkatietoaineistot ja suurin osa SYKEn paikkatietoaineistoista ovat avoimia aineistoja.<\/p>\n<p><a href=\"https:\/\/www.maanmittauslaitos.fi\/avoindata-lisenssi-cc40\">Maanmittauslaitoksen paikkatietoaineistojen k\u00e4ytt\u00f6ehdot<\/a><\/p>\n<p><a href=\"https:\/\/www.syke.fi\/fi-FI\/Avoin_tieto\/Kayttolupa_ja_vastuut\">Suomen ymp\u00e4rist\u00f6keskuksen paikkatietoaineistojen k\u00e4ytt\u00f6luvat<\/a><\/p>\n<p><strong>Paikkatietoikkunan k\u00e4ytt\u00f6ehdot<\/strong><\/p>\n<p>Maanmittauslaitoksen yll\u00e4pit\u00e4m\u00e4ss\u00e4 kansallisessa paikkatietoportaalissa Paikkatietoikkunassa on omat lisenssi- ja k\u00e4ytt\u00f6ehdot. K\u00e4ytt\u00f6ehdot l\u00f6ytyv\u00e4t <a href=\"https:\/\/www.maanmittauslaitos.fi\/asioi-verkossa\/paikkatietoikkuna\">K\u00e4ytt\u00f6ehdot -otsikon alta<\/a>.<\/p>\n<p>&nbsp;<\/p>\n<p><strong>Kokeile:<\/strong><\/p>\n<p><a href=\"http:\/\/www.paikkatietoikkuna.fi\">Paikkatietoikkuna<\/a><\/p>\n","protected":false},"excerpt":{"rendered":"<p>Lisenssi tarkoittaa paikkatietoaineiston (usein s\u00e4hk\u00f6isen kartan) k\u00e4ytt\u00f6\u00f6n oikeuttavaa sopimusta. Se tehd\u00e4\u00e4n aineiston tarjoajan ja k\u00e4ytt\u00e4j\u00e4n v\u00e4lill\u00e4. Lisenssi voi olla k\u00e4ytt\u00e4j\u00e4lle joko maksuton tai maksullinen. Se sis\u00e4lt\u00e4\u00e4 aineiston k\u00e4ytt\u00f6ehdot, jotka m\u00e4\u00e4ritt\u00e4v\u00e4t miten aineistoa saa k\u00e4ytt\u00e4\u00e4 ja miten l\u00e4hdetietoihin viitataan. Lisenssi- ja k\u00e4ytt\u00f6ehdot ovat luettavissa karttapalvelun yhteydess\u00e4. Esimerkiksi kansallisessa paikkatietoportaalissa Paikkatietoikkunassa k\u00e4ytt\u00f6ehdot l\u00f6ytyv\u00e4t palvelun etusivulta. Ne hyv\u00e4ksyt\u00e4\u00e4n &hellip; <\/p>\n<p class=\"link-more\"><a href=\"https:\/\/blog.edu.turku.fi\/karttanyt\/kartat\/paikkatieto\/karttojen-lisenssi-ja-kayttoehdot\/\" class=\"more-link\">Jatka lukemista<span class=\"screen-reader-text\"> &#8221;Kartta-aineistojen lisenssi- ja k\u00e4ytt\u00f6ehdot&#8221;<\/span><\/a><\/p>\n","protected":false},"author":1206,"featured_media":0,"parent":55,"menu_order":3,"comment_status":"closed","ping_status":"closed","template":"","meta":{"footnotes":""},"class_list":["post-673","page","type-page","status-publish","hentry","entry"],"_links":{"self":[{"href":"https:\/\/blog.edu.turku.fi\/karttanyt\/wp-json\/wp\/v2\/pages\/673","targetHints":{"allow":["GET"]}}],"collection":[{"href":"https:\/\/blog.edu.turku.fi\/karttanyt\/wp-json\/wp\/v2\/pages"}],"about":[{"href":"https:\/\/blog.edu.turku.fi\/karttanyt\/wp-json\/wp\/v2\/types\/page"}],"author":[{"embeddable":true,"href":"https:\/\/blog.edu.turku.fi\/karttanyt\/wp-json\/wp\/v2\/users\/1206"}],"replies":[{"embeddable":true,"href":"https:\/\/blog.edu.turku.fi\/karttanyt\/wp-json\/wp\/v2\/comments?post=673"}],"version-history":[{"count":26,"href":"https:\/\/blog.edu.turku.fi\/karttanyt\/wp-json\/wp\/v2\/pages\/673\/revisions"}],"predecessor-version":[{"id":1297,"href":"https:\/\/blog.edu.turku.fi\/karttanyt\/wp-json\/wp\/v2\/pages\/673\/revisions\/1297"}],"up":[{"embeddable":true,"href":"https:\/\/blog.edu.turku.fi\/karttanyt\/wp-json\/wp\/v2\/pages\/55"}],"wp:attachment":[{"href":"https:\/\/blog.edu.turku.fi\/karttanyt\/wp-json\/wp\/v2\/media?parent=673"}],"curies":[{"name":"wp","href":"https:\/\/api.w.org\/{rel}","templated":true}]}}