{"id":2,"date":"2018-08-23T12:26:13","date_gmt":"2018-08-23T09:26:13","guid":{"rendered":"https:\/\/blog.edu.turku.fi\/karttanyt\/?page_id=2"},"modified":"2022-06-07T11:41:56","modified_gmt":"2022-06-07T08:41:56","slug":"kartta-nyt","status":"publish","type":"page","link":"https:\/\/blog.edu.turku.fi\/karttanyt\/kartta-nyt\/","title":{"rendered":"kartta.nyt?"},"content":{"rendered":"<p><span data-contrast=\"auto\">Kartta.nyt -sivusto ja samanniminen <a href=\"https:\/\/www.facebook.com\/groups\/karttanyt\">Facebook-ryhm\u00e4<\/a> toimivat kriittisen geomedialukutaidon tutkimustiimin tiedotuskanavana.<\/span><span data-ccp-props=\"{&quot;201341983&quot;:0,&quot;335559739&quot;:160,&quot;335559740&quot;:259}\">\u00a0<\/span><\/p>\n<p>Tiimimme toimii Helsingin yliopiston maantieteen yksik\u00f6ss\u00e4. Olemme osa Strategisen tutkimuksen neuvoston <a href=\"https:\/\/educritical.fi\/fi\/\">CRITICAL<\/a>-tutkimushanketta. Tuotamme opettajille geomedian lukutaitoon liittyvi\u00e4 lis\u00e4koulutusmateriaaleja tutkimusty\u00f6n ja tiedottamisen ohella. Koulutusmateriaalit tallennetaan pysyv\u00e4sti <a href=\"https:\/\/aoe.fi\/#\/etusivu\">Avointen oppimateriaalien kirjastoon<\/a>. Tiimi tekee yhteisty\u00f6t\u00e4 <a href=\"https:\/\/www.helsinki.fi\/fi\/tiedekasvatus\">Helsingin yliopiston tiedekasvatuksen<\/a> ja maantieteen ja geotieteiden tiedeluokka <a href=\"https:\/\/www.helsinki.fi\/fi\/tiedekasvatus\/opettajille-ja-opetuksen-tueksi\/opintokaynnit-ja-lainattavat-tarvikkeet\/maantieteen-ja-geotieteiden-tiedeluokka-geopiste\">Geopisteen<\/a> kanssa.<\/p>\n<p>Kriittisen geomedian lukutaito k\u00e4sitt\u00e4\u00e4 karttojen, paikkatiedon sek\u00e4 paikkaan tai alueeseen sidoksissa olevien diagrammien, kuvien ja videoiden lukemista ja tuottamista. Kriittisell\u00e4 tarkastelulla tarkoitetaan l\u00e4hde- ja sis\u00e4lt\u00f6kriittisyytt\u00e4 sek\u00e4 analyyttist\u00e4 otetta geomedian lukemisessa.<\/p>\n<p>Tiimimme kuuluvat:<\/p>\n<ul>\n<li>tiiminvet\u00e4j\u00e4, yliopistonlehtori, tutkija ja aineenopettaja <a href=\"https:\/\/researchportal.helsinki.fi\/en\/persons\/petteri-muukkonen\">Petteri Muukkonen<\/a><\/li>\n<li>tutkija ja aineenopettaja <a href=\"https:\/\/researchportal.helsinki.fi\/en\/persons\/tua-nylen\">Tua Nyl\u00e9n<\/a><\/li>\n<li>yliopisto-opettaja, aineenopettaja <a href=\"https:\/\/www2.helsinki.fi\/fi\/ihmiset\/henkilohaku\/markus-jylha-9123139\">Markus Jylh\u00e4\u00a0<\/a> (viestint\u00e4vastaava)<\/li>\n<li>v\u00e4it\u00f6skirjatutkija, aineenopettaja <a href=\"https:\/\/www2.helsinki.fi\/fi\/ihmiset\/henkilohaku\/panu-lammi-9359225\">Panu Lammi<\/a><\/li>\n<li>tutkimusavustaja, varhaiskasvatuksen opettaja Laura Hynynen<\/li>\n<li>tutkimusavustaja, Ronja P\u00e4iv\u00e4rinta<\/li>\n<li>tutkimusavustaja, Michaela S\u00f6derholm<\/li>\n<\/ul>\n<p>Virpi Hirvensalo toimi tiimin viestint\u00e4vastaavana 31.12.2021 saakka.<\/p>\n<p>Yhteydenotot tiimille viestint\u00e4vastaavan kautta:<br \/>\nmarkus.jylha@helsinki.fi, 050 448 8821.<\/p>\n<p>&nbsp;<\/p>\n<h3>Kartta.nytin taustaa<\/h3>\n<p>T\u00e4m\u00e4n sivuston toiminta alkoi Opetushallituksen rahoittamassa Paikkatieto ja avoin data -hankkeessa, joka oli k\u00e4ynniss\u00e4 vuosina 2019-2020. Hanketta koordinoitiin Turun kaupungin sivistystoimialalla TOP-keskuksessa. Hankkeessa olivat mukana ESRI Finland, Maanmittauslaitos ja SYKE (Suomen ymp\u00e4rist\u00f6keskus). Sivustolle koottiin hankkeen aikana tietoa karttapalveluista, paikkatiedosta ja avoimista kartta-aineistoista kouluopetuksessa ja lukiokoulutuksessa.<\/p>\n<p>&nbsp;<\/p>\n<p>&nbsp;<\/p>\n","protected":false},"excerpt":{"rendered":"<p>Kartta.nyt -sivusto ja samanniminen Facebook-ryhm\u00e4 toimivat kriittisen geomedialukutaidon tutkimustiimin tiedotuskanavana.\u00a0 Tiimimme toimii Helsingin yliopiston maantieteen yksik\u00f6ss\u00e4. Olemme osa Strategisen tutkimuksen neuvoston CRITICAL-tutkimushanketta. Tuotamme opettajille geomedian lukutaitoon liittyvi\u00e4 lis\u00e4koulutusmateriaaleja tutkimusty\u00f6n ja tiedottamisen ohella. Koulutusmateriaalit tallennetaan pysyv\u00e4sti Avointen oppimateriaalien kirjastoon. Tiimi tekee yhteisty\u00f6t\u00e4 Helsingin yliopiston tiedekasvatuksen ja maantieteen ja geotieteiden tiedeluokka Geopisteen kanssa. Kriittisen geomedian lukutaito k\u00e4sitt\u00e4\u00e4 &hellip; <\/p>\n<p class=\"link-more\"><a href=\"https:\/\/blog.edu.turku.fi\/karttanyt\/kartta-nyt\/\" class=\"more-link\">Jatka lukemista<span class=\"screen-reader-text\"> &#8221;kartta.nyt?&#8221;<\/span><\/a><\/p>\n","protected":false},"author":1206,"featured_media":1480,"parent":0,"menu_order":0,"comment_status":"closed","ping_status":"open","template":"","meta":{"footnotes":""},"class_list":["post-2","page","type-page","status-publish","has-post-thumbnail","hentry","entry"],"_links":{"self":[{"href":"https:\/\/blog.edu.turku.fi\/karttanyt\/wp-json\/wp\/v2\/pages\/2","targetHints":{"allow":["GET"]}}],"collection":[{"href":"https:\/\/blog.edu.turku.fi\/karttanyt\/wp-json\/wp\/v2\/pages"}],"about":[{"href":"https:\/\/blog.edu.turku.fi\/karttanyt\/wp-json\/wp\/v2\/types\/page"}],"author":[{"embeddable":true,"href":"https:\/\/blog.edu.turku.fi\/karttanyt\/wp-json\/wp\/v2\/users\/1206"}],"replies":[{"embeddable":true,"href":"https:\/\/blog.edu.turku.fi\/karttanyt\/wp-json\/wp\/v2\/comments?post=2"}],"version-history":[{"count":42,"href":"https:\/\/blog.edu.turku.fi\/karttanyt\/wp-json\/wp\/v2\/pages\/2\/revisions"}],"predecessor-version":[{"id":1843,"href":"https:\/\/blog.edu.turku.fi\/karttanyt\/wp-json\/wp\/v2\/pages\/2\/revisions\/1843"}],"wp:featuredmedia":[{"embeddable":true,"href":"https:\/\/blog.edu.turku.fi\/karttanyt\/wp-json\/wp\/v2\/media\/1480"}],"wp:attachment":[{"href":"https:\/\/blog.edu.turku.fi\/karttanyt\/wp-json\/wp\/v2\/media?parent=2"}],"curies":[{"name":"wp","href":"https:\/\/api.w.org\/{rel}","templated":true}]}}