{"id":533,"date":"2016-11-16T13:01:49","date_gmt":"2016-11-16T11:01:49","guid":{"rendered":"https:\/\/blog.edu.turku.fi\/karsamaki\/?page_id=533"},"modified":"2025-09-03T09:42:40","modified_gmt":"2025-09-03T06:42:40","slug":"jarjestyssaannot","status":"publish","type":"page","link":"https:\/\/blog.edu.turku.fi\/karsamaki\/jarjestyssaannot\/","title":{"rendered":"J\u00e4rjestyss\u00e4\u00e4nn\u00f6t"},"content":{"rendered":"<h2><span style=\"text-decoration: underline\"><span style=\"color: #3366ff\"><strong>Turun lyseon koulun j\u00e4rjestyss\u00e4\u00e4nn\u00f6t<\/strong><\/span><\/span><\/h2>\n<p><a href=\"https:\/\/blog.edu.turku.fi\/karsamaki\/files\/2025\/09\/Turku-perusopetus-koulujen-yhteiset-jarjestyssaannot-2025.pdf\">Turku perusopetus &#8211; koulujen yhteiset j\u00e4rjestyss\u00e4\u00e4nn\u00f6t 2025<\/a><\/p>\n<p><a href=\"https:\/\/blog.edu.turku.fi\/lyseo\/koulu-ja-koti\/jarjestyssaannot\/\">https:\/\/blog.edu.turku.fi\/lyseo\/koulu-ja-koti\/jarjestyssaannot\/<\/a><\/p>\n<p>&nbsp;<\/p>\n<p>&nbsp;<\/p>\n<h5><\/h5>\n<p>&nbsp;<\/p>\n<p>&nbsp;<\/p>\n<p>&nbsp;<\/p>\n<p>&nbsp;<\/p>\n<p>&nbsp;<\/p>\n<p>&nbsp;<\/p>\n","protected":false},"excerpt":{"rendered":"<p>Turun lyseon koulun j\u00e4rjestyss\u00e4\u00e4nn\u00f6t Turku perusopetus &#8211; koulujen yhteiset j\u00e4rjestyss\u00e4\u00e4nn\u00f6t 2025 https:\/\/blog.edu.turku.fi\/lyseo\/koulu-ja-koti\/jarjestyssaannot\/ &nbsp; &nbsp; &nbsp; &nbsp; &nbsp; &nbsp; &nbsp; &nbsp;<\/p>\n","protected":false},"author":149,"featured_media":0,"parent":0,"menu_order":0,"comment_status":"closed","ping_status":"closed","template":"","meta":{"footnotes":""},"class_list":["post-533","page","type-page","status-publish","hentry"],"_links":{"self":[{"href":"https:\/\/blog.edu.turku.fi\/karsamaki\/wp-json\/wp\/v2\/pages\/533","targetHints":{"allow":["GET"]}}],"collection":[{"href":"https:\/\/blog.edu.turku.fi\/karsamaki\/wp-json\/wp\/v2\/pages"}],"about":[{"href":"https:\/\/blog.edu.turku.fi\/karsamaki\/wp-json\/wp\/v2\/types\/page"}],"author":[{"embeddable":true,"href":"https:\/\/blog.edu.turku.fi\/karsamaki\/wp-json\/wp\/v2\/users\/149"}],"replies":[{"embeddable":true,"href":"https:\/\/blog.edu.turku.fi\/karsamaki\/wp-json\/wp\/v2\/comments?post=533"}],"version-history":[{"count":7,"href":"https:\/\/blog.edu.turku.fi\/karsamaki\/wp-json\/wp\/v2\/pages\/533\/revisions"}],"predecessor-version":[{"id":882,"href":"https:\/\/blog.edu.turku.fi\/karsamaki\/wp-json\/wp\/v2\/pages\/533\/revisions\/882"}],"wp:attachment":[{"href":"https:\/\/blog.edu.turku.fi\/karsamaki\/wp-json\/wp\/v2\/media?parent=533"}],"curies":[{"name":"wp","href":"https:\/\/api.w.org\/{rel}","templated":true}]}}