{"id":202,"date":"2012-10-16T16:54:35","date_gmt":"2012-10-16T13:54:35","guid":{"rendered":"https:\/\/blog.edu.turku.fi\/karsamaki\/?page_id=202"},"modified":"2012-10-16T16:54:35","modified_gmt":"2012-10-16T13:54:35","slug":"kadonneen-tai-sarkyneen-omaisuuden-korvaaminen","status":"publish","type":"page","link":"https:\/\/blog.edu.turku.fi\/karsamaki\/kadonneen-tai-sarkyneen-omaisuuden-korvaaminen\/","title":{"rendered":"Kadonneen tai s\u00e4rkyneen omaisuuden korvaaminen"},"content":{"rendered":"<p>Turun kaupunki korvaa oppilaan henkil\u00f6kohtaista omaisuutta ainoastaan, mik\u00e4li se on vahingoittunut oppitunnin aikana opetustilanteessa. Pihalle tai opetuspaikoille unohtunutta omaisuutta ei korvata. My\u00f6sk\u00e4\u00e4n v\u00e4litunnilla tai koulumatkoilla kadonnutta tai rikkoontunutta omaisuutta ei korvata. Samoin kaupunki ei p\u00e4\u00e4s\u00e4\u00e4nt\u00f6isesti korvaa naulakkotiloihin j\u00e4tetty\u00e4 omaisuutta eik\u00e4 kotivakuutuksen omavastuuosuutta tai oppilaan kouluun oma-aloitteisesti tuomaa opetukseen liittym\u00e4t\u00f6nt\u00e4 omaisuutta (esim. matkapuhelimet, soittimet yms.)<\/p>\n<p>\u00a0Oppilaalle annetaan yhdet kappaleet oppikirjoja. Mik\u00e4li kirja katoaa tai muuttuu oppilaan toimesta k\u00e4ytt\u00f6kelvottomaksi, on huoltaja velvollinen hankkimaan tilalle uuden.<\/p>\n","protected":false},"excerpt":{"rendered":"<p>Turun kaupunki korvaa oppilaan henkil\u00f6kohtaista omaisuutta ainoastaan, mik\u00e4li se on vahingoittunut oppitunnin aikana opetustilanteessa. Pihalle tai opetuspaikoille unohtunutta omaisuutta ei korvata. My\u00f6sk\u00e4\u00e4n v\u00e4litunnilla tai koulumatkoilla kadonnutta tai rikkoontunutta omaisuutta ei korvata. Samoin kaupunki ei p\u00e4\u00e4s\u00e4\u00e4nt\u00f6isesti korvaa naulakkotiloihin j\u00e4tetty\u00e4 omaisuutta eik\u00e4 kotivakuutuksen omavastuuosuutta tai oppilaan kouluun oma-aloitteisesti tuomaa opetukseen liittym\u00e4t\u00f6nt\u00e4 omaisuutta (esim. matkapuhelimet, soittimet yms.) \u00a0Oppilaalle &hellip; <a href=\"https:\/\/blog.edu.turku.fi\/karsamaki\/kadonneen-tai-sarkyneen-omaisuuden-korvaaminen\/\" class=\"more-link\">Jatka lukemista<span class=\"screen-reader-text\"> &#8221;Kadonneen tai s\u00e4rkyneen omaisuuden korvaaminen&#8221;<\/span><\/a><\/p>\n","protected":false},"author":148,"featured_media":0,"parent":0,"menu_order":0,"comment_status":"closed","ping_status":"closed","template":"","meta":{"footnotes":""},"class_list":["post-202","page","type-page","status-publish","hentry"],"_links":{"self":[{"href":"https:\/\/blog.edu.turku.fi\/karsamaki\/wp-json\/wp\/v2\/pages\/202","targetHints":{"allow":["GET"]}}],"collection":[{"href":"https:\/\/blog.edu.turku.fi\/karsamaki\/wp-json\/wp\/v2\/pages"}],"about":[{"href":"https:\/\/blog.edu.turku.fi\/karsamaki\/wp-json\/wp\/v2\/types\/page"}],"author":[{"embeddable":true,"href":"https:\/\/blog.edu.turku.fi\/karsamaki\/wp-json\/wp\/v2\/users\/148"}],"replies":[{"embeddable":true,"href":"https:\/\/blog.edu.turku.fi\/karsamaki\/wp-json\/wp\/v2\/comments?post=202"}],"version-history":[{"count":1,"href":"https:\/\/blog.edu.turku.fi\/karsamaki\/wp-json\/wp\/v2\/pages\/202\/revisions"}],"predecessor-version":[{"id":203,"href":"https:\/\/blog.edu.turku.fi\/karsamaki\/wp-json\/wp\/v2\/pages\/202\/revisions\/203"}],"wp:attachment":[{"href":"https:\/\/blog.edu.turku.fi\/karsamaki\/wp-json\/wp\/v2\/media?parent=202"}],"curies":[{"name":"wp","href":"https:\/\/api.w.org\/{rel}","templated":true}]}}