{"id":196,"date":"2012-10-16T16:49:12","date_gmt":"2012-10-16T13:49:12","guid":{"rendered":"https:\/\/blog.edu.turku.fi\/karsamaki\/?page_id=196"},"modified":"2024-08-27T10:53:04","modified_gmt":"2024-08-27T07:53:04","slug":"poissaolot","status":"publish","type":"page","link":"https:\/\/blog.edu.turku.fi\/karsamaki\/poissaolot\/","title":{"rendered":"Poissaolot"},"content":{"rendered":"<p>Huoltajan on ilmoitettava poissaolon syy opettajalle <strong>ensisijaisesti WILMA:n kautta samana p\u00e4iv\u00e4n\u00e4 koulup\u00e4iv\u00e4n alkuun menness\u00e4.<\/strong><\/p>\n<p>Muusta kuin sairaudesta johtuvat poissaolot on anotaan etuk\u00e4teen Wilman kautta, korkeintaan kolmen p\u00e4iv\u00e4n mittaiset opettajalta ja yli kolmen p\u00e4iv\u00e4n mittaiset apulaisrehtorilta.<\/p>\n","protected":false},"excerpt":{"rendered":"<p>Huoltajan on ilmoitettava poissaolon syy opettajalle ensisijaisesti WILMA:n kautta samana p\u00e4iv\u00e4n\u00e4 koulup\u00e4iv\u00e4n alkuun menness\u00e4. Muusta kuin sairaudesta johtuvat poissaolot on anotaan etuk\u00e4teen Wilman kautta, korkeintaan kolmen p\u00e4iv\u00e4n mittaiset opettajalta ja yli kolmen p\u00e4iv\u00e4n mittaiset apulaisrehtorilta.<\/p>\n","protected":false},"author":148,"featured_media":0,"parent":0,"menu_order":0,"comment_status":"closed","ping_status":"closed","template":"","meta":{"footnotes":""},"class_list":["post-196","page","type-page","status-publish","hentry"],"_links":{"self":[{"href":"https:\/\/blog.edu.turku.fi\/karsamaki\/wp-json\/wp\/v2\/pages\/196","targetHints":{"allow":["GET"]}}],"collection":[{"href":"https:\/\/blog.edu.turku.fi\/karsamaki\/wp-json\/wp\/v2\/pages"}],"about":[{"href":"https:\/\/blog.edu.turku.fi\/karsamaki\/wp-json\/wp\/v2\/types\/page"}],"author":[{"embeddable":true,"href":"https:\/\/blog.edu.turku.fi\/karsamaki\/wp-json\/wp\/v2\/users\/148"}],"replies":[{"embeddable":true,"href":"https:\/\/blog.edu.turku.fi\/karsamaki\/wp-json\/wp\/v2\/comments?post=196"}],"version-history":[{"count":4,"href":"https:\/\/blog.edu.turku.fi\/karsamaki\/wp-json\/wp\/v2\/pages\/196\/revisions"}],"predecessor-version":[{"id":835,"href":"https:\/\/blog.edu.turku.fi\/karsamaki\/wp-json\/wp\/v2\/pages\/196\/revisions\/835"}],"wp:attachment":[{"href":"https:\/\/blog.edu.turku.fi\/karsamaki\/wp-json\/wp\/v2\/media?parent=196"}],"curies":[{"name":"wp","href":"https:\/\/api.w.org\/{rel}","templated":true}]}}