{"id":784,"date":"2023-09-14T14:51:15","date_gmt":"2023-09-14T11:51:15","guid":{"rendered":"https:\/\/blog.edu.turku.fi\/jezykpolski\/?page_id=784"},"modified":"2024-05-08T19:06:17","modified_gmt":"2024-05-08T16:06:17","slug":"zadania-domowe-klasa-7-2","status":"publish","type":"page","link":"https:\/\/blog.edu.turku.fi\/jezykpolski\/zadania-domowe-klasa-7-2\/","title":{"rendered":"Zadania domowe klasa 7"},"content":{"rendered":"<ul>\n<li>8.5. &#8211; Przeczytaj dialog na stronach 176 i 177 w podr\u0119czniku i rozwi\u0105\u017c quiz ekologiczny w\u00a0 zeszycie \u0107wicze\u0144 na stronach 80-81 (\u0107wiczenie II).<\/li>\n<li>10.4.24 &#8211; Podr\u0119cznik, str. 169 \u0107w. IX , str. 170-171, cz\u0119\u015b\u0107 A bez pytania nr 15. Odpowiedzi znajduj\u0105 si\u0119 w podr\u0119czniku. Dobrze jest u\u017cy\u0107 spisu tre\u015bci do znalezienia odpowiedniego rozdzia\u0142u.<\/li>\n<li>3.4.2024 &#8211; Zeszyt \u0107wicze\u0144, strona 167-169, \u0107w. VI i VII.<\/li>\n<li>20.3.24 &#8211; Zeszyt \u0107wicze\u0144, strona 166-167, \u0107wiczenie IV.<\/li>\n<li>6.3.24 &#8211; Zapisz kartk\u0119 z pami\u0119tnika dwuj\u0119zycznego i dwukulturowego nastolatka, kt\u00f3ry zastanawia si\u0119 nad tym, w kt\u00f3rym j\u0119zyku i w kt\u00f3rej kulturze swobodniej funkcjonuje. Pisz po polsku i po fi\u0144sku zmieniaj\u0105c j\u0119zyk wtedy, gdy jest ci wgodnie.<\/li>\n<li>28.2.24 &#8211; Podr\u0119cznik, str. 154-156, \u0107wiczenie 1.<\/li>\n<li>7.2.24 &#8211; Zeszyt \u0107wicze\u0144, str. 68-69, \u0107w. XI i XII.<\/li>\n<li>31.1.24 &#8211; Podr\u0119cznik, strona 152, \u0107wiczenie VI oraz zeszyt \u0107wicze\u0144, strona 67, \u0107wiczenie VII.<\/li>\n<li>24.1.24<\/li>\n<\/ul>\n<ol>\n<li>Naucz si\u0119 m\u00f3wi\u0107 po polsku kiedy s\u0105 twoje urodziny.<\/li>\n<li>Naucz si\u0119 nazw miesi\u0119cy po polsku.<\/li>\n<\/ol>\n<ul>\n<li>17.1.2024<\/li>\n<\/ul>\n<ol>\n<li>Dowiedz si\u0119 jak poznali si\u0119 twoi dziadkowie.<\/li>\n<li>Wykonaj laurki dla babci i dziadka. Mo\u017cesz wymy\u015bli\u0107 swoje w\u0142asne \u017cyczenia albo przepisa\u0107 \u017cyczenia z laurek Emi. Zr\u00f3b laurkom zdj\u0119cie i prze\u015blij zdj\u0119cie babci w niedziel\u0119, a w poniedzia\u0142ek prze\u015blij zdj\u0119cie dziadkowi.<\/li>\n<\/ol>\n<p><a href=\"http:\/\/wspolnotapolska.org.pl\/emimaks\/lekcje\/016.pdf\">Emi i Maks w polskiej szkole, lekcja 16<\/a><\/p>\n<ul>\n<li>10.1.2024 &#8211; Doko\u0144cz pisanie noworocznych postanowie\u0144, je\u015bli nie sko\u0144czy\u0142e\u015b tego zadania podczas lekcji.<\/li>\n<li>13.12.23 &#8211; Podr\u0119cznik, str. 147, \u0107w. VI<\/li>\n<li>29.11.23 &#8211; Pobij sw\u00f3j rekord w <em><strong><a href=\"https:\/\/kahoot.it\/challenge\/06880937?challenge-id=21c47b02-a4e2-49ba-98d4-82057a857bfc_1701265868405\">\u015bwi\u0105tecznym Kahoot<\/a><\/strong><\/em><\/li>\n<\/ul>\n<ul>\n<li>22.11.23 &#8211; podr., str. 146-147, \u0107w. IV i V<\/li>\n<li>14.11.23 &#8211; podr\u0119cznik, strona 144 &#8211; 145. Odpowiedz na pytania do tekstu.<\/li>\n<li>1.11.23 &#8211; Nie ma zadania domowego. Na nast\u0119pnej lekcji robimy pizz\u0119. Prosz\u0119, \u017ceby przynie\u015b\u0107 swoje ulubione dodatki do pizzy.<\/li>\n<li>11.10.23 &#8211; Mati ma zaznaczone zadanie domowe w ksi\u0105\u017ckach.<\/li>\n<li dir=\"ltr\">4.10.23 &#8211; zeszyt \u0107wicze\u0144, str. 63-64, \u0107wiczenia XIV i XVI.<\/li>\n<li dir=\"ltr\">20.09.23 &#8211; Zeszyt \u0107wicze\u0144, \u0107wiczenia XII i XIII, strona 62.<\/li>\n<li dir=\"ltr\">\n<p dir=\"ltr\">13.9.23<\/p>\n<\/li>\n<\/ul>\n<p dir=\"ltr\">Zeszyt \u0107wicze\u0144, \u0107wiczenie II, strona 58<\/p>\n","protected":false},"excerpt":{"rendered":"<p>8.5. &#8211; Przeczytaj dialog na stronach 176 i 177 w podr\u0119czniku i rozwi\u0105\u017c quiz ekologiczny w\u00a0 zeszycie \u0107wicze\u0144 na stronach 80-81 (\u0107wiczenie II). 10.4.24 &#8211; Podr\u0119cznik, str. 169 \u0107w. IX , str. 170-171, cz\u0119\u015b\u0107 A bez pytania nr 15. Odpowiedzi znajduj\u0105 si\u0119 w podr\u0119czniku. Dobrze jest u\u017cy\u0107 spisu tre\u015bci do znalezienia odpowiedniego rozdzia\u0142u. 3.4.2024 &#8211; Zeszyt \u0107wicze\u0144, strona 167-169, \u0107w. VI i VII. 20.3.24 &#8211; Zeszyt \u0107wicze\u0144, strona 166-167, \u0107wiczenie IV. 6.3.24 &#8211; Zapisz kartk\u0119 z pami\u0119tnika dwuj\u0119zycznego i dwukulturowego&#8230;<\/p>\n<p class=\"read-more\"><a class=\"btn btn-default\" href=\"https:\/\/blog.edu.turku.fi\/jezykpolski\/zadania-domowe-klasa-7-2\/\"> Read More<span class=\"screen-reader-text\">  Read More<\/span><\/a><\/p>\n","protected":false},"author":3176,"featured_media":0,"parent":0,"menu_order":0,"comment_status":"closed","ping_status":"closed","template":"","meta":{"footnotes":""},"class_list":["post-784","page","type-page","status-publish","hentry"],"_links":{"self":[{"href":"https:\/\/blog.edu.turku.fi\/jezykpolski\/wp-json\/wp\/v2\/pages\/784","targetHints":{"allow":["GET"]}}],"collection":[{"href":"https:\/\/blog.edu.turku.fi\/jezykpolski\/wp-json\/wp\/v2\/pages"}],"about":[{"href":"https:\/\/blog.edu.turku.fi\/jezykpolski\/wp-json\/wp\/v2\/types\/page"}],"author":[{"embeddable":true,"href":"https:\/\/blog.edu.turku.fi\/jezykpolski\/wp-json\/wp\/v2\/users\/3176"}],"replies":[{"embeddable":true,"href":"https:\/\/blog.edu.turku.fi\/jezykpolski\/wp-json\/wp\/v2\/comments?post=784"}],"version-history":[{"count":22,"href":"https:\/\/blog.edu.turku.fi\/jezykpolski\/wp-json\/wp\/v2\/pages\/784\/revisions"}],"predecessor-version":[{"id":1236,"href":"https:\/\/blog.edu.turku.fi\/jezykpolski\/wp-json\/wp\/v2\/pages\/784\/revisions\/1236"}],"wp:attachment":[{"href":"https:\/\/blog.edu.turku.fi\/jezykpolski\/wp-json\/wp\/v2\/media?parent=784"}],"curies":[{"name":"wp","href":"https:\/\/api.w.org\/{rel}","templated":true}]}}