{"id":780,"date":"2023-09-14T14:51:15","date_gmt":"2023-09-14T11:51:15","guid":{"rendered":"https:\/\/blog.edu.turku.fi\/jezykpolski\/?page_id=780"},"modified":"2024-05-13T17:36:38","modified_gmt":"2024-05-13T14:36:38","slug":"zadania-domowe-klasa-3","status":"publish","type":"page","link":"https:\/\/blog.edu.turku.fi\/jezykpolski\/zadania-domowe-klasa-3\/","title":{"rendered":"Zadania domowe klasa 3"},"content":{"rendered":"<ul>\n<li>13.5. Lekcja 29<b><span data-contrast=\"auto\">\ud83d\udcd5<\/span><\/b><span data-contrast=\"auto\"> Zeszyt \u0107wicze\u0144<\/span><span data-ccp-props=\"{&quot;201341983&quot;:0,&quot;335559685&quot;:0,&quot;335559740&quot;:279}\">\u00a0<\/span>\n<ul>\n<li data-leveltext=\"\uf0b7\" data-font=\"Symbol\" data-listid=\"2\" data-list-defn-props=\"{&quot;335552541&quot;:1,&quot;335559685&quot;:720,&quot;335559991&quot;:360,&quot;469769226&quot;:&quot;Symbol&quot;,&quot;469769242&quot;:[8226],&quot;469777803&quot;:&quot;left&quot;,&quot;469777804&quot;:&quot;\uf0b7&quot;,&quot;469777815&quot;:&quot;hybridMultilevel&quot;}\" data-aria-posinset=\"3\" data-aria-level=\"1\"><span data-contrast=\"auto\">Strona 55-56<\/span><span data-ccp-props=\"{&quot;201341983&quot;:0,&quot;335559740&quot;:279}\">\u00a0<\/span><\/li>\n<\/ul>\n<ul>\n<li data-leveltext=\"o\" data-font=\"Courier New\" data-listid=\"2\" data-list-defn-props=\"{&quot;335552541&quot;:1,&quot;335559685&quot;:1440,&quot;335559991&quot;:360,&quot;469769226&quot;:&quot;Courier New&quot;,&quot;469769242&quot;:[9675],&quot;469777803&quot;:&quot;left&quot;,&quot;469777804&quot;:&quot;o&quot;,&quot;469777815&quot;:&quot;hybridMultilevel&quot;}\" data-aria-posinset=\"8\" data-aria-level=\"2\"><span data-contrast=\"auto\">\u0106w. 3-6<\/span><span data-ccp-props=\"{&quot;201341983&quot;:0,&quot;335559740&quot;:279}\">\u00a0<\/span><\/li>\n<\/ul>\n<\/li>\n<li>6.5.<\/li>\n<\/ul>\n<p>Przebieg lekcji:<\/p>\n<table style=\"font-weight: 400;height: 518px\" width=\"688\" data-tablestyle=\"MsoTableGrid\" data-tablelook=\"1696\">\n<tbody>\n<tr>\n<td data-celllook=\"0\"><b><span data-contrast=\"auto\">Lekcja 28<\/span><\/b><span data-ccp-props=\"{&quot;201341983&quot;:0,&quot;335559740&quot;:279}\">\u00a0<\/span><\/p>\n<p><span data-contrast=\"auto\">\ud83d\udcd8<\/span><span data-contrast=\"auto\"> Podr\u0119cznik<\/span><span data-ccp-props=\"{&quot;201341983&quot;:0,&quot;335559740&quot;:279}\">\u00a0<\/span><\/p>\n<ul>\n<li data-leveltext=\"\uf0b7\" data-font=\"Symbol\" data-listid=\"1\" data-list-defn-props=\"{&quot;335552541&quot;:1,&quot;335559685&quot;:720,&quot;335559991&quot;:360,&quot;469769226&quot;:&quot;Symbol&quot;,&quot;469769242&quot;:[8226],&quot;469777803&quot;:&quot;left&quot;,&quot;469777804&quot;:&quot;\uf0b7&quot;,&quot;469777815&quot;:&quot;hybridMultilevel&quot;}\" data-aria-posinset=\"1\" data-aria-level=\"1\"><span data-contrast=\"auto\">Strona 116<\/span><span data-ccp-props=\"{&quot;201341983&quot;:0,&quot;335559740&quot;:279}\">\u00a0<\/span><\/li>\n<\/ul>\n<ul>\n<li style=\"list-style-type: none\">\n<ul>\n<li data-leveltext=\"o\" data-font=\"Courier New\" data-listid=\"1\" data-list-defn-props=\"{&quot;335552541&quot;:1,&quot;335559685&quot;:1440,&quot;335559991&quot;:360,&quot;469769226&quot;:&quot;Courier New&quot;,&quot;469769242&quot;:[9675],&quot;469777803&quot;:&quot;left&quot;,&quot;469777804&quot;:&quot;o&quot;,&quot;469777815&quot;:&quot;hybridMultilevel&quot;}\" data-aria-posinset=\"1\" data-aria-level=\"2\"><span data-contrast=\"auto\">\u0106wiczenie 6\u00a0<\/span><span data-ccp-props=\"{&quot;201341983&quot;:0,&quot;335559740&quot;:279}\">\u00a0<\/span><\/li>\n<li data-leveltext=\"o\" data-font=\"Courier New\" data-listid=\"1\" data-list-defn-props=\"{&quot;335552541&quot;:1,&quot;335559685&quot;:1440,&quot;335559991&quot;:360,&quot;469769226&quot;:&quot;Courier New&quot;,&quot;469769242&quot;:[9675],&quot;469777803&quot;:&quot;left&quot;,&quot;469777804&quot;:&quot;o&quot;,&quot;469777815&quot;:&quot;hybridMultilevel&quot;}\" data-aria-posinset=\"2\" data-aria-level=\"2\"><span data-contrast=\"auto\">\ud83d\udccd<\/span><span data-contrast=\"auto\">\u0106wiczenie 7<\/span><span data-ccp-props=\"{&quot;201341983&quot;:0,&quot;335559740&quot;:279}\">\u00a0<\/span><\/li>\n<li data-leveltext=\"o\" data-font=\"Courier New\" data-listid=\"1\" data-list-defn-props=\"{&quot;335552541&quot;:1,&quot;335559685&quot;:1440,&quot;335559991&quot;:360,&quot;469769226&quot;:&quot;Courier New&quot;,&quot;469769242&quot;:[9675],&quot;469777803&quot;:&quot;left&quot;,&quot;469777804&quot;:&quot;o&quot;,&quot;469777815&quot;:&quot;hybridMultilevel&quot;}\" data-aria-posinset=\"3\" data-aria-level=\"2\"><b><span data-contrast=\"auto\">\ud83d\udc44<\/span><\/b><span data-contrast=\"auto\"> \u0106w. 8 Porozmawiajcie.<\/span><span data-ccp-props=\"{&quot;201341983&quot;:0,&quot;335559740&quot;:279}\">\u00a0<\/span><\/li>\n<li data-leveltext=\"o\" data-font=\"Courier New\" data-listid=\"1\" data-list-defn-props=\"{&quot;335552541&quot;:1,&quot;335559685&quot;:1440,&quot;335559991&quot;:360,&quot;469769226&quot;:&quot;Courier New&quot;,&quot;469769242&quot;:[9675],&quot;469777803&quot;:&quot;left&quot;,&quot;469777804&quot;:&quot;o&quot;,&quot;469777815&quot;:&quot;hybridMultilevel&quot;}\" data-aria-posinset=\"4\" data-aria-level=\"2\"><b><span data-contrast=\"auto\">\ud83d\udc44<\/span><\/b><span data-contrast=\"auto\"> \u0106w. 9 Porozmawiajcie.<\/span><span data-ccp-props=\"{&quot;201341983&quot;:0,&quot;335559740&quot;:279}\">\u00a0<\/span><\/li>\n<\/ul>\n<\/li>\n<\/ul>\n<p><b><span data-contrast=\"auto\">\ud83d\udcd5<\/span><\/b><span data-contrast=\"auto\"> Zeszyt \u0107wicze\u0144<\/span><span data-ccp-props=\"{&quot;201341983&quot;:0,&quot;335559685&quot;:0,&quot;335559740&quot;:279}\">\u00a0<\/span><\/p>\n<ul>\n<li data-leveltext=\"\uf0b7\" data-font=\"Symbol\" data-listid=\"2\" data-list-defn-props=\"{&quot;335552541&quot;:1,&quot;335559685&quot;:720,&quot;335559991&quot;:360,&quot;469769226&quot;:&quot;Symbol&quot;,&quot;469769242&quot;:[8226],&quot;469777803&quot;:&quot;left&quot;,&quot;469777804&quot;:&quot;\uf0b7&quot;,&quot;469777815&quot;:&quot;hybridMultilevel&quot;}\" data-aria-posinset=\"2\" data-aria-level=\"1\"><span data-contrast=\"auto\">Strona 51<\/span><span data-ccp-props=\"{&quot;201341983&quot;:0,&quot;335559740&quot;:279}\">\u00a0<\/span><\/li>\n<\/ul>\n<ul>\n<li style=\"list-style-type: none\">\n<ul>\n<li data-leveltext=\"o\" data-font=\"Courier New\" data-listid=\"2\" data-list-defn-props=\"{&quot;335552541&quot;:1,&quot;335559685&quot;:1440,&quot;335559991&quot;:360,&quot;469769226&quot;:&quot;Courier New&quot;,&quot;469769242&quot;:[9675],&quot;469777803&quot;:&quot;left&quot;,&quot;469777804&quot;:&quot;o&quot;,&quot;469777815&quot;:&quot;hybridMultilevel&quot;}\" data-aria-posinset=\"5\" data-aria-level=\"2\"><span data-contrast=\"auto\">\u0106w. 3-5<\/span><span data-ccp-props=\"{&quot;201341983&quot;:0,&quot;335559740&quot;:279}\">\u00a0<\/span><\/li>\n<\/ul>\n<\/li>\n<\/ul>\n<p><b><span data-contrast=\"auto\">\ud83c\udfe1<\/span><\/b><strong> Zadanie domowe<\/strong><span data-ccp-props=\"{&quot;201341983&quot;:0,&quot;335559685&quot;:0,&quot;335559740&quot;:279}\"> (o ile nie jest zaznaczone inaczej w tabelce):<\/span><\/p>\n<p><b><span data-contrast=\"auto\">\ud83d\udcd5<\/span><\/b><span data-contrast=\"auto\"> Zeszyt \u0107wicze\u0144<\/span><span data-ccp-props=\"{&quot;201341983&quot;:0,&quot;335559685&quot;:0,&quot;335559740&quot;:279}\">\u00a0<\/span><\/p>\n<ul>\n<li data-leveltext=\"\uf0b7\" data-font=\"Symbol\" data-listid=\"2\" data-list-defn-props=\"{&quot;335552541&quot;:1,&quot;335559685&quot;:720,&quot;335559991&quot;:360,&quot;469769226&quot;:&quot;Symbol&quot;,&quot;469769242&quot;:[8226],&quot;469777803&quot;:&quot;left&quot;,&quot;469777804&quot;:&quot;\uf0b7&quot;,&quot;469777815&quot;:&quot;hybridMultilevel&quot;}\" data-aria-posinset=\"3\" data-aria-level=\"1\"><span data-contrast=\"auto\">Strona 52<\/span><span data-ccp-props=\"{&quot;201341983&quot;:0,&quot;335559740&quot;:279}\">\u00a0<\/span><\/li>\n<\/ul>\n<ul>\n<li data-leveltext=\"o\" data-font=\"Courier New\" data-listid=\"2\" data-list-defn-props=\"{&quot;335552541&quot;:1,&quot;335559685&quot;:1440,&quot;335559991&quot;:360,&quot;469769226&quot;:&quot;Courier New&quot;,&quot;469769242&quot;:[9675],&quot;469777803&quot;:&quot;left&quot;,&quot;469777804&quot;:&quot;o&quot;,&quot;469777815&quot;:&quot;hybridMultilevel&quot;}\" data-aria-posinset=\"6\" data-aria-level=\"2\"><span data-contrast=\"auto\">\u0106w. 6-8<\/span><span data-ccp-props=\"{&quot;201341983&quot;:0,&quot;335559740&quot;:279}\">\u00a0<\/span><\/li>\n<\/ul>\n<\/td>\n<\/tr>\n<\/tbody>\n<\/table>\n<ul>\n<li><span data-contrast=\"auto\">2<\/span><span data-ccp-props=\"{&quot;201341983&quot;:0,&quot;335559740&quot;:279}\">\u00a0<\/span>29.4. &#8211; Lekcja 28, Zeszyt \u0107wicze\u0144, s<span data-contrast=\"auto\">trona 50,<\/span><span data-ccp-props=\"{&quot;201341983&quot;:0,&quot;335559740&quot;:279}\">\u00a0<\/span>\u0106w. 1 i<\/li>\n<li>22.4. &#8211; Zeszyt \u0107wicze\u0144<span data-ccp-props=\"{&quot;201341983&quot;:0,&quot;335559685&quot;:0,&quot;335559740&quot;:279}\"> , Lekcja 27, s<\/span>trona 46, \u0107w. 1 i 2<\/li>\n<li dir=\"ltr\">15.4. &#8211; Zeszyt \u0107wicze\u0144, lekcja 26, strona 44, \u0107wiczenia 5-7.<\/li>\n<li dir=\"ltr\">8.4. &#8211; Dawid i Anto\u015b &#8211; zeszyt \u0107wicze\u0144, lekcja 21, strona 25, \u0107wiczenie 8.<\/li>\n<\/ul>\n<p>Joni &#8211; zeszyt \u0107wicze\u0144, lekcja 21, strona 24, \u0107wiczenia 5-7. W \u0107wiczeniu 7 napisz s\u0142ownie. Je\u015bli w ksi\u0105\u017cce nie ma wystarczaj\u0105co du\u017co miejsca, napisz odpowied\u017a w zeszycie.<\/p>\n<ul>\n<li dir=\"ltr\">11.3. &#8211; Na nast\u0119pnej lekcji b\u0119dzie dyktando. Naucz si\u0119 s\u0142\u00f3wek z tego \u0107wiczenia<\/li>\n<\/ul>\n<p><a href=\"https:\/\/wordwall.net\/pl\/embed\/91b2c376944e4b04b56ad5ceefeb1d9c?themeId=51&amp;templateId=5&amp;fontStackId=0\">https:\/\/wordwall.net\/pl\/embed\/91b2c376944e4b04b56ad5ceefeb1d9c?themeId=51&amp;templateId=5&amp;fontStackId=0<\/a><\/p>\n<ul>\n<li>4.3. &#8211; Zeszyt \u0107wicze\u0144, lekcja 20, strona 19, \u0107wiczenia 4-5.<\/li>\n<li>26.2. &#8211; W zeszycie od dyktand przepisz dwa razy s\u0142owa napisane na ciemnozielono.<\/li>\n<li>12.4.2024 &#8211; Zeszyt \u0107wicze\u0144, lekcja 20, strona 18, \u0107wiczenia 1-3. Na nast\u0119pnej lekcji b\u0119dzie dyktando z wyrazami z U i \u00d3 wymiennym i niewymiennym. Przypomnij sobie pisownie wyraz\u00f3w z czytanki z podr\u0119cznika w lekcji 8 na stronie 35.<\/li>\n<li>5.2.24\u00a0 &#8211; Zeszyt \u0107wicze\u0144, lekcja 19, strona 16. W \u0107wiczeniu 9 napisz wynik s\u0142ownie.<\/li>\n<li>29.1.2024 &#8211; zeszyt \u0107wicze\u0144, Lekcja 18, \u0107wiczenie 9, str. 13, Lekcja 19, \u0107wiczenia 1-5, str. 14-15.<\/li>\n<li>15.01.24 &#8211; Na lekcji przygotowywali\u015bmy postanowieniowe k\u00f3\u0142ko i krzy\u017cyk: Narysowali\u015bmy w zeszycie kratki jak do gry k\u00f3\u0142ko i krzy\u017cyk, i wpisali\u015bmy lub narysowali\u015bmy w nich dziewi\u0119\u0107 postanowie\u0144 noworocznych. Je\u015bli nie uda\u0142o si\u0119 sko\u0144czy\u0107 zadania na lekcji, nale\u017cy je doko\u0144czy\u0107 w domu. Do postanowie\u0144 wr\u00f3cimy pod koniec tego roku i skre\u015blimy to, co uda\u0142o nam si\u0119 osi\u0105gn\u0105\u0107.Na drugiej cz\u0119\u015bci lekcji powt\u00f3rzyli\u015bmy wiadomo\u015bci o rzeczowniku i jego rodzaju gramatycznym. Zadaniem domowym jest wpisa\u0107 lub narysowa\u0107 to, co znajduje si\u0119 w lod\u00f3wce. Tak jak tutaj:<br \/>\n<a href=\"https:\/\/www.canva.com\/design\/DAFyXbUUs3I\/BQU9FVPuwXZs-Gh2FR7oug\/view?utm_content=DAFyXbUUs3I&amp;utm_campaign=designshare&amp;utm_medium=link&amp;utm_source=editor\">Zadanie domowe<\/a><\/li>\n<\/ul>\n<ul>\n<li dir=\"ltr\">11.12. &#8211; Wypisz z wiersza <a href=\"https:\/\/wiersze.juniora.pl\/tuwim\/tuwim_l01.html\">&#8220;Lokomotywa&#8221; Juliana Tuwima<\/a> rzeczowniki (nie wi\u0119cej ni\u017c pi\u0119\u0107 na kategori\u0119), kt\u00f3re oznaczaj\u0105:\n<ul>\n<li dir=\"ltr\">zwierz\u0119ta<\/li>\n<li dir=\"ltr\">przedmioty (np. meble)<\/li>\n<li dir=\"ltr\">jedzenie<\/li>\n<li dir=\"ltr\">ludzi<\/li>\n<\/ul>\n<\/li>\n<li dir=\"ltr\">27.11. &#8211; Doko\u0144cz rozwi\u0105zywanie testu na zrozumienie tekstu czytanego.<\/li>\n<li dir=\"ltr\">13.11. &#8211; Zeszyt \u0107wicze\u0144, \u0107wiczenie 3, strona 43.<\/li>\n<li dir=\"ltr\">23.10.<\/li>\n<\/ul>\n<p>Podr\u0119cznik, lekcja 25, strony 102-103, \u0107w. 1 w zeszycie, \u0107w. 2 (odpowiedz w zeszycie), \u0107w. 3 i 4.<\/p>\n<ul>\n<li dir=\"ltr\">2.10.<\/li>\n<\/ul>\n<p>Zr\u00f3b rysunek grzyba i podpisz go. Pod rysunkiem napisz informacje:<\/p>\n<p>grzyb jadalny \/ niejadalny \/ truj\u0105cy<\/p>\n<p>wygl\u0105d: kapelusz (kolor, kszta\u0142t), trzon \/ noga: (kolor, kszta\u0142t)<\/p>\n<p>wyst\u0119powanie: np. lasy iglaste<\/p>\n<p>Dawid: g\u0105ska<\/p>\n<p>Joni: podgrzybek<\/p>\n<p>Anto\u015b: muchomor<\/p>\n<ul>\n<li dir=\"ltr\">25.9.23<\/li>\n<\/ul>\n<p>Zeszyt \u0107wicze\u0144, lekcja 24, strona 36, \u0107wiczenia 5-7<\/p>\n<ul>\n<li dir=\"ltr\">18.9.23<\/li>\n<\/ul>\n<p>Podr\u0119cznik, lekcja 24, strony 100-101, \u0107w. 7, \u0107w. 8 (odpowiedz w zeszycie), \u0107w. 9, przeczytaj wiersz i zr\u00f3b zadania 10 i 11.<\/p>\n<ul>\n<li dir=\"ltr\">11.9.23<\/li>\n<\/ul>\n<p dir=\"ltr\">Lekcja 24<\/p>\n<p dir=\"ltr\">Zeszyt \u0107wicze\u0144<\/p>\n<p dir=\"ltr\">strony 34-35<\/p>\n<p dir=\"ltr\">\u0107wiczenia 1-4<\/p>\n","protected":false},"excerpt":{"rendered":"<p>13.5. Lekcja 29\ud83d\udcd5 Zeszyt \u0107wicze\u0144\u00a0 Strona 55-56\u00a0 \u0106w. 3-6\u00a0 6.5. Przebieg lekcji: Lekcja 28\u00a0 \ud83d\udcd8 Podr\u0119cznik\u00a0 Strona 116\u00a0 \u0106wiczenie 6\u00a0\u00a0 \ud83d\udccd\u0106wiczenie 7\u00a0 \ud83d\udc44 \u0106w. 8 Porozmawiajcie.\u00a0 \ud83d\udc44 \u0106w. 9 Porozmawiajcie.\u00a0 \ud83d\udcd5 Zeszyt \u0107wicze\u0144\u00a0 Strona 51\u00a0 \u0106w. 3-5\u00a0 \ud83c\udfe1 Zadanie domowe (o ile nie jest zaznaczone inaczej w tabelce): \ud83d\udcd5 Zeszyt \u0107wicze\u0144\u00a0 Strona 52\u00a0 \u0106w. 6-8\u00a0 2\u00a029.4. &#8211; Lekcja 28, Zeszyt \u0107wicze\u0144, strona 50,\u00a0\u0106w. 1 i 22.4. &#8211; Zeszyt \u0107wicze\u0144 , Lekcja 27, strona 46, \u0107w. 1 i 2 15.4. &#8211;&#8230;<\/p>\n<p class=\"read-more\"><a class=\"btn btn-default\" href=\"https:\/\/blog.edu.turku.fi\/jezykpolski\/zadania-domowe-klasa-3\/\"> Read More<span class=\"screen-reader-text\">  Read More<\/span><\/a><\/p>\n","protected":false},"author":3176,"featured_media":0,"parent":0,"menu_order":0,"comment_status":"closed","ping_status":"closed","template":"","meta":{"footnotes":""},"class_list":["post-780","page","type-page","status-publish","hentry"],"_links":{"self":[{"href":"https:\/\/blog.edu.turku.fi\/jezykpolski\/wp-json\/wp\/v2\/pages\/780","targetHints":{"allow":["GET"]}}],"collection":[{"href":"https:\/\/blog.edu.turku.fi\/jezykpolski\/wp-json\/wp\/v2\/pages"}],"about":[{"href":"https:\/\/blog.edu.turku.fi\/jezykpolski\/wp-json\/wp\/v2\/types\/page"}],"author":[{"embeddable":true,"href":"https:\/\/blog.edu.turku.fi\/jezykpolski\/wp-json\/wp\/v2\/users\/3176"}],"replies":[{"embeddable":true,"href":"https:\/\/blog.edu.turku.fi\/jezykpolski\/wp-json\/wp\/v2\/comments?post=780"}],"version-history":[{"count":26,"href":"https:\/\/blog.edu.turku.fi\/jezykpolski\/wp-json\/wp\/v2\/pages\/780\/revisions"}],"predecessor-version":[{"id":1242,"href":"https:\/\/blog.edu.turku.fi\/jezykpolski\/wp-json\/wp\/v2\/pages\/780\/revisions\/1242"}],"wp:attachment":[{"href":"https:\/\/blog.edu.turku.fi\/jezykpolski\/wp-json\/wp\/v2\/media?parent=780"}],"curies":[{"name":"wp","href":"https:\/\/api.w.org\/{rel}","templated":true}]}}