{"id":778,"date":"2023-09-14T14:51:15","date_gmt":"2023-09-14T11:51:15","guid":{"rendered":"https:\/\/blog.edu.turku.fi\/jezykpolski\/?page_id=778"},"modified":"2024-05-17T16:25:10","modified_gmt":"2024-05-17T13:25:10","slug":"zadania-domowe-klasa-7","status":"publish","type":"page","link":"https:\/\/blog.edu.turku.fi\/jezykpolski\/zadania-domowe-klasa-7\/","title":{"rendered":"Zadania domowe klasa 7"},"content":{"rendered":"<ul>\n<li>16.5.24 &#8211; Podr\u0119cznik, strona 164, \u0107w. 3 i 4<\/li>\n<li>11.4.24 &#8211; Podr\u0119cznik, strona 160, \u0107w. 5 i zeszyt \u0107wicze\u0144, str. 112, \u0107w. 4.<\/li>\n<li>4.4.24 &#8211; Podr\u0119cznik, strona 157, \u0107w. 12.<\/li>\n<li>7.3.24 &#8211; Zeszyt \u0107wicze\u0144, str. 105-106, \u0107w. 1-3<\/li>\n<li>28.2.24 &#8211; Lekcja 29, zeszyt \u0107wicze\u0144, strona 103-104, \u0107wiczenie 1, 3, i 5.<\/li>\n<li>8.2.24 &#8211; Pom\u00f3\u017c Olliemu napisa\u0107 charakterystyk\u0119 wybranej osoby z rodziny.<\/li>\n<li>18.1.2024 -Wykonaj laurki dla babci i dziadka. Mo\u017cesz wymy\u015bli\u0107 swoje w\u0142asne \u017cyczenia albo przepisa\u0107 \u017cyczenia z laurek Emi. Zr\u00f3b laurkom zdj\u0119cie i prze\u015blij zdj\u0119cie babci w niedziel\u0119, a w poniedzia\u0142ek prze\u015blij zdj\u0119cie dziadkowi.<\/li>\n<\/ul>\n<p><a href=\"http:\/\/wspolnotapolska.org.pl\/emimaks\/lekcje\/016.pdf\">Emi i Maks w polskiej szkole, lekcja 16<\/a><\/p>\n<ul>\n<li>11.1.2024 &#8211; Doko\u0144cz pisanie noworocznych postanowie\u0144, je\u015bli nie sko\u0144czy\u0142e\u015b tego zadania podczas lekcji.<\/li>\n<li>14.12.23 &#8211; Znajd\u017a w internecie informacje o osobach, kt\u00f3re s\u0105 ma\u0142o znane, ale by\u0142y wa\u017cne (dla nauki, kultury, \u015bwiata sportu itp.). Zr\u00f3b prezentacj\u0119 na temat wybranej osoby i przedstaw klasie jej sylwetk\u0119.<\/li>\n<li>7.12.23 &#8211; Poszukaj nast\u0119puj\u0105cych informacji o kubkach:<\/li>\n<\/ul>\n<ol>\n<li>Kiedy obraz zosta\u0142 namalowany?<\/li>\n<li>Jak\u0105 technik\u0105? (Je\u015bli wiesz, napisz te\u017c jaki styl)<\/li>\n<li>Gdzie si\u0119 teraz znajduje?<\/li>\n<li>Ciekawostki o obrazie lub malarzu.<\/li>\n<\/ol>\n<ul>\n<li>30.11.23 &#8211; Graj przeciwko uczniom z innych szko\u0142 i pobij sw\u00f3j rekord w <em><strong><a href=\"https:\/\/kahoot.it\/challenge\/06880937?challenge-id=21c47b02-a4e2-49ba-98d4-82057a857bfc_1701265868405\">\u015bwi\u0105tecznym Kahoot<\/a><\/strong><\/em><\/li>\n<li>23.11.23 &#8211; Podr\u0119cznik, strona 140, \u0107wiczenie 5.<\/li>\n<li>16.11.23. &#8211; Podr\u0119cznik, strona 137, \u0107wiczenie 10 4) 10. Napisz, czy wolisz dawa\u0107, czy dostawa\u0107 upominki. Wykorzystuj\u0105c konstrukcje z tabelki napisz jakie emocje towarzysz\u0105 wr\u0119czaniu i otrzymywaniu prezent\u00f3w.<\/li>\n<li>9.11.2023 &#8211; Wczoraj na lekcji wykonywali\u015bmy \u0107wiczenia z portalu Historia dla polonii. Lekcja dotyczy\u0142a nadchodz\u0105cego \u015awi\u0119ta Niepodleg\u0142o\u015bci. Uczniowie otrzymali loginy do portalu. Zadaniem domowym jest krzy\u017c\u00f3wka z kserokopii, kt\u00f3r\u0105 da\u0142am wczoraj. Odpowiedzi do krzy\u017c\u00f3wki znajduj\u0105 si\u0119 z boku, a materia\u0142y mo\u017cna znale\u017a\u0107 po zalogowaniu si\u0119 na stron\u0119. Dzieci nieobecne nie musz\u0105 wykonywa\u0107 zadania domowego. Zamiast tego mog\u0105 wykona\u0107 \u0107wiczenia na portalu Wordwall:<\/li>\n<\/ul>\n<p><iframe loading=\"lazy\" class=\"wp-embedded-content\" sandbox=\"allow-scripts\" security=\"restricted\" title=\"\u015awi\u0119to Niepodleg\u0142o\u015bci\" src=\"https:\/\/wordwall.net\/pl\/embed\/6054ec8ed54241e18a159cb8aeb3d452?themeId=0&#038;ref=oembed#?secret=dcfdbGKnBO\" data-secret=\"dcfdbGKnBO\" width=\"500\" height=\"380\" frameborder=\"0\"><\/iframe><\/p>\n<p>Te \u0107wiczenia wykonywali\u015bmy na lekcji. Mo\u017ce uda si\u0119 pobi\u0107 nasz rekord.<\/p>\n<p><iframe loading=\"lazy\" class=\"wp-embedded-content\" sandbox=\"allow-scripts\" security=\"restricted\" title=\"Ile wiesz o \u015awi\u0119cie Niepodleg\u0142o\u015bci?\" src=\"https:\/\/wordwall.net\/pl\/embed\/7b42001ee09c49a49c2d5807ed60165a?themeId=46&#038;ref=oembed#?secret=l7YW9UcPuK\" data-secret=\"l7YW9UcPuK\" width=\"500\" height=\"380\" frameborder=\"0\"><\/iframe><\/p>\n<p><iframe loading=\"lazy\" class=\"wp-embedded-content\" sandbox=\"allow-scripts\" security=\"restricted\" title=\"\u015awi\u0119to Niepodleg\u0142o\u015bci\" src=\"https:\/\/wordwall.net\/pl\/embed\/97778cdc398d455eba997fd93182be4e?themeId=0&#038;ref=oembed#?secret=BkNuNPPy14\" data-secret=\"BkNuNPPy14\" width=\"500\" height=\"380\" frameborder=\"0\"><\/iframe><\/p>\n<ul>\n<li>26.10.23<\/li>\n<\/ul>\n<p>Podr\u0119cznik, strona 135, \u0107wiczenia 7 i 8.<\/p>\n<ul>\n<li>12.10.23<\/li>\n<\/ul>\n<p>Janek i Olli: zadania 1, 2, 3 i 5 z kserokopii.<\/p>\n<ul>\n<li>5.10.23<\/li>\n<\/ul>\n<p>Podr\u0119cznik, strona 133-134, zadanie 1 i 2.<\/p>\n<ul>\n<li>21.9.23<\/li>\n<\/ul>\n<p>Napisz email do uczniow jezyka polskiego z innych panstw. Napisz kim jestes, gdzie mieszkasz i jak wyglada kraj, w ktorym mieszkasz.<\/p>\n","protected":false},"excerpt":{"rendered":"<p>16.5.24 &#8211; Podr\u0119cznik, strona 164, \u0107w. 3 i 4 11.4.24 &#8211; Podr\u0119cznik, strona 160, \u0107w. 5 i zeszyt \u0107wicze\u0144, str. 112, \u0107w. 4. 4.4.24 &#8211; Podr\u0119cznik, strona 157, \u0107w. 12. 7.3.24 &#8211; Zeszyt \u0107wicze\u0144, str. 105-106, \u0107w. 1-3 28.2.24 &#8211; Lekcja 29, zeszyt \u0107wicze\u0144, strona 103-104, \u0107wiczenie 1, 3, i 5. 8.2.24 &#8211; Pom\u00f3\u017c Olliemu napisa\u0107 charakterystyk\u0119 wybranej osoby z rodziny. 18.1.2024 -Wykonaj laurki dla babci i dziadka. Mo\u017cesz wymy\u015bli\u0107 swoje w\u0142asne \u017cyczenia albo przepisa\u0107 \u017cyczenia z laurek Emi. Zr\u00f3b&#8230;<\/p>\n<p class=\"read-more\"><a class=\"btn btn-default\" href=\"https:\/\/blog.edu.turku.fi\/jezykpolski\/zadania-domowe-klasa-7\/\"> Read More<span class=\"screen-reader-text\">  Read More<\/span><\/a><\/p>\n","protected":false},"author":3176,"featured_media":0,"parent":0,"menu_order":0,"comment_status":"closed","ping_status":"closed","template":"","meta":{"footnotes":""},"class_list":["post-778","page","type-page","status-publish","hentry"],"_links":{"self":[{"href":"https:\/\/blog.edu.turku.fi\/jezykpolski\/wp-json\/wp\/v2\/pages\/778","targetHints":{"allow":["GET"]}}],"collection":[{"href":"https:\/\/blog.edu.turku.fi\/jezykpolski\/wp-json\/wp\/v2\/pages"}],"about":[{"href":"https:\/\/blog.edu.turku.fi\/jezykpolski\/wp-json\/wp\/v2\/types\/page"}],"author":[{"embeddable":true,"href":"https:\/\/blog.edu.turku.fi\/jezykpolski\/wp-json\/wp\/v2\/users\/3176"}],"replies":[{"embeddable":true,"href":"https:\/\/blog.edu.turku.fi\/jezykpolski\/wp-json\/wp\/v2\/comments?post=778"}],"version-history":[{"count":20,"href":"https:\/\/blog.edu.turku.fi\/jezykpolski\/wp-json\/wp\/v2\/pages\/778\/revisions"}],"predecessor-version":[{"id":1255,"href":"https:\/\/blog.edu.turku.fi\/jezykpolski\/wp-json\/wp\/v2\/pages\/778\/revisions\/1255"}],"wp:attachment":[{"href":"https:\/\/blog.edu.turku.fi\/jezykpolski\/wp-json\/wp\/v2\/media?parent=778"}],"curies":[{"name":"wp","href":"https:\/\/api.w.org\/{rel}","templated":true}]}}