{"id":78,"date":"2012-10-08T13:44:55","date_gmt":"2012-10-08T10:44:55","guid":{"rendered":"https:\/\/blog.edu.turku.fi\/jakarla\/?page_id=78"},"modified":"2026-04-08T09:45:16","modified_gmt":"2026-04-08T06:45:16","slug":"ilmoitustaulu","status":"publish","type":"page","link":"https:\/\/blog.edu.turku.fi\/jakarla\/ilmoitustaulu\/","title":{"rendered":"Ilmoitustaulu lv. 2025-2026"},"content":{"rendered":"<p><strong>Tutustumisp\u00e4iv\u00e4<\/strong> <strong>J\u00e4k\u00e4rl\u00e4n koulun<\/strong> tuleville 1. luokkalaisille ja heid\u00e4n huoltajilleen on koululla, K\u00e4rs\u00e4m\u00e4entie 11, <strong>torstaina\u00a07.5.2026 klo 8.30 &#8211; 10.00<\/strong>. Pys\u00e4k\u00f6inti Tengstr\u00f6minkadun parkkipaikalle.<\/p>\n<p>Koulu alkaa tiistaina 11.8.2026 klo 9.00 uudessa koulussa J\u00e4k\u00e4rl\u00e4ss\u00e4.<\/p>\n<h3><strong>Ty\u00f6ajat l<\/strong><strong>ukuvuonna 2025-2026<\/strong><\/h3>\n<ul>\n<li>Syyslukukausi: t0 7.8. &#8211; la 20.12.2025\n<ul>\n<li>Syysloma: ma 13.10. &#8211; su 19.10.2025<\/li>\n<\/ul>\n<\/li>\n<li>Kev\u00e4tlukukausi: ke 7.1. &#8211; la 30.5.2026\n<ul>\n<li>Talviloma: ma 16.2. &#8211; su 23.2.2026<\/li>\n<\/ul>\n<\/li>\n<\/ul>\n<p><b><span data-olk-copy-source=\"MessageBody\">Kouluun ilmoittautumisen aikataulut<\/span><\/b>\u00a0(<a title=\"https:\/\/www.turku.fi\/perusopetus\/kouluun-ilmoittautuminen\" href=\"https:\/\/www.turku.fi\/perusopetus\/kouluun-ilmoittautuminen\" target=\"_blank\" rel=\"noopener noreferrer\" data-auth=\"NotApplicable\" data-linkindex=\"0\">Kouluun ilmoittautuminen | Turku.fi<\/a>)<\/p>\n<div>\n<p class=\"x_MsoNormal\"><b>Ensisijainen haku<\/b><br \/>\nOppivelvollisuuslomake t\u00e4ytet\u00e4\u00e4n Wilmassa\u00a017.12.2025 menness\u00e4.<\/p>\n<p><b>Hakeminen muuhun kuin l\u00e4hikouluun<\/b><br \/>\n31.3.\u201314.4.2026 v\u00e4lisen\u00e4 aikana Wilmassa.<\/p>\n<p><b>P\u00e4\u00e4t\u00f6s koulupaikasta<\/b><br \/>\n31.3.2026<\/p>\n<p><b>Kieliluokille hakeminen<\/b>\u00a0<a title=\"https:\/\/www.turku.fi\/perusopetus\/perusopetuksen-kieliluokat\" href=\"https:\/\/www.turku.fi\/perusopetus\/perusopetuksen-kieliluokat\" target=\"_blank\" rel=\"noopener noreferrer\" data-auth=\"NotApplicable\" data-linkindex=\"1\">Perusopetuksen kieliluokat | Turku.fi<\/a><br \/>\nKieliluokille haetaan Wilmassa 12.12.2025 menness\u00e4<br \/>\nJos hakijalla ei ole Wilman k\u00e4ytt\u00f6oikeutta, hakemus l\u00e4hetet\u00e4\u00e4n osoitteeseen\u00a0<a title=\"mailto:perusopetus@turku.fi\" href=\"mailto:perusopetus@turku.fi\" data-linkindex=\"2\">perusopetus@turku.fi<\/a>.<\/p>\n<p><b>Kieliluokkien informaatioillat<\/b><br \/>\n25.11. klo 18 V\u00e4h\u00e4-Heikkil\u00e4n koulu\u00a0(ranska)\u00a0<a title=\"https:\/\/blog.edu.turku.fi\/vahaheikkila\/\" href=\"https:\/\/blog.edu.turku.fi\/vahaheikkila\/\" target=\"_blank\" rel=\"noopener noreferrer\" data-auth=\"NotApplicable\" data-linkindex=\"3\"><i>https:\/\/blog.edu.turku.fi\/vahaheikkila\/<\/i><\/a><\/p>\n<p class=\"x_MsoNormal\">27.11. klo 18 Puolalan koulu, Kauppiaskatu (englanti, saksa)\u00a0<a title=\"https:\/\/blog.edu.turku.fi\/puolala\/\" href=\"https:\/\/blog.edu.turku.fi\/puolala\/\" target=\"_blank\" rel=\"noopener noreferrer\" data-auth=\"NotApplicable\" data-linkindex=\"4\"><i>https:\/\/blog.edu.turku.fi\/puolala\/<\/i><\/a><\/p>\n<p class=\"x_MsoNormal\">2.12. klo 18 Luostarivuoren koulu, Martin yksikk\u00f6 (ruotsi)\u00a0<a title=\"https:\/\/blog.edu.turku.fi\/luostarivuori\/\" href=\"https:\/\/blog.edu.turku.fi\/luostarivuori\/\" target=\"_blank\" rel=\"noopener noreferrer\" data-auth=\"NotApplicable\" data-linkindex=\"5\">https:\/\/blog.edu.turku.fi\/luostarivuori\/<\/a><\/p>\n<p class=\"x_MsoNormal\">3.12. klo 18.45 W\u00e4in\u00f6 Aaltosen koulu (englanti)\u00a0\u00a0<a title=\"https:\/\/blog.edu.turku.fi\/wa\/\" href=\"https:\/\/blog.edu.turku.fi\/wa\/\" target=\"_blank\" rel=\"noopener noreferrer\" data-auth=\"NotApplicable\" data-linkindex=\"6\">https:\/\/blog.edu.turku.fi\/wa\/<\/a>\u00a0(HUOM! Info pidet\u00e4\u00e4n Syv\u00e4lahden koulussa)<\/p>\n<p class=\"x_MsoNormal\">4.12. klo 18 Turun kansainv\u00e4linen koulu (englanti)\u00a0<a title=\"https:\/\/sites.utu.fi\/tis\/\" href=\"https:\/\/sites.utu.fi\/tis\/\" target=\"_blank\" rel=\"noopener noreferrer\" data-auth=\"NotApplicable\" data-linkindex=\"7\"><i>https:\/\/sites.utu.fi\/tis\/<\/i><\/a><\/p>\n<p class=\"x_MsoNormal\">26.11. klo 18 Turun Normaalikoulu (englanti)\u00a0<a title=\"https:\/\/sites.utu.fi\/tnk\/\" href=\"https:\/\/sites.utu.fi\/tnk\/\" target=\"_blank\" rel=\"noopener noreferrer\" data-auth=\"NotApplicable\" data-linkindex=\"8\"><i>https:\/\/sites.utu.fi\/tnk\/<\/i><\/a><\/p>\n<\/div>\n<div>\n<p class=\"x_MsoNormal\"><b>Kielitestit<br \/>\n<\/b>Kutsut kieliluokkatesteihin l\u00e4hetet\u00e4\u00e4n huoltajan antamaan s\u00e4hk\u00f6postiin 12.1.2026.<\/p>\n<p class=\"x_MsoNormal\">Kieliluokkatestit pidet\u00e4\u00e4n 22.1.-6.2.2026\u00a0Turun yliopistolla.<\/p>\n<p><b>P\u00e4\u00e4t\u00f6s kieliluokkapaikasta<\/b><br \/>\n31.3.2026.<\/p>\n<\/div>\n<p><strong>Tutustumisp\u00e4iv\u00e4<\/strong> <strong>J\u00e4k\u00e4rl\u00e4n koulun<\/strong> tuleville 1. luokkalaisille ja heid\u00e4n huoltajilleen on koululla, K\u00e4rs\u00e4m\u00e4entie 11, <strong>torstaina\u00a07.5.2026 klo 8.30 &#8211; 10.00<\/strong>. Pys\u00e4k\u00f6inti Tengstr\u00f6minkadun parkkipaikalle.<\/p>\n<p>Koulu alkaa tiistaina 11.8.2026 klo 9.00 uudessa koulussa J\u00e4k\u00e4rl\u00e4ss\u00e4.<\/p>\n","protected":false},"excerpt":{"rendered":"<p>Tutustumisp\u00e4iv\u00e4 J\u00e4k\u00e4rl\u00e4n koulun tuleville 1. luokkalaisille ja heid\u00e4n huoltajilleen on koululla, K\u00e4rs\u00e4m\u00e4entie 11, torstaina\u00a07.5.2026 klo 8.30 &#8211; 10.00. Pys\u00e4k\u00f6inti Tengstr\u00f6minkadun parkkipaikalle. Koulu alkaa tiistaina 11.8.2026 klo 9.00 uudessa koulussa J\u00e4k\u00e4rl\u00e4ss\u00e4. Ty\u00f6ajat lukuvuonna 2025-2026 Syyslukukausi: t0 7.8. &#8211; la 20.12.2025 Syysloma: ma 13.10. &#8211; su 19.10.2025 Kev\u00e4tlukukausi: ke 7.1. &#8211; la 30.5.2026 Talviloma: ma 16.2. &#8211; &hellip; <a href=\"https:\/\/blog.edu.turku.fi\/jakarla\/ilmoitustaulu\/\" class=\"more-link\">Jatka lukemista<span class=\"screen-reader-text\"> &#8221;Ilmoitustaulu lv. 2025-2026&#8221;<\/span><\/a><\/p>\n","protected":false},"author":166,"featured_media":0,"parent":0,"menu_order":0,"comment_status":"closed","ping_status":"closed","template":"","meta":{"footnotes":""},"class_list":["post-78","page","type-page","status-publish","hentry"],"_links":{"self":[{"href":"https:\/\/blog.edu.turku.fi\/jakarla\/wp-json\/wp\/v2\/pages\/78","targetHints":{"allow":["GET"]}}],"collection":[{"href":"https:\/\/blog.edu.turku.fi\/jakarla\/wp-json\/wp\/v2\/pages"}],"about":[{"href":"https:\/\/blog.edu.turku.fi\/jakarla\/wp-json\/wp\/v2\/types\/page"}],"author":[{"embeddable":true,"href":"https:\/\/blog.edu.turku.fi\/jakarla\/wp-json\/wp\/v2\/users\/166"}],"replies":[{"embeddable":true,"href":"https:\/\/blog.edu.turku.fi\/jakarla\/wp-json\/wp\/v2\/comments?post=78"}],"version-history":[{"count":167,"href":"https:\/\/blog.edu.turku.fi\/jakarla\/wp-json\/wp\/v2\/pages\/78\/revisions"}],"predecessor-version":[{"id":1273,"href":"https:\/\/blog.edu.turku.fi\/jakarla\/wp-json\/wp\/v2\/pages\/78\/revisions\/1273"}],"wp:attachment":[{"href":"https:\/\/blog.edu.turku.fi\/jakarla\/wp-json\/wp\/v2\/media?parent=78"}],"curies":[{"name":"wp","href":"https:\/\/api.w.org\/{rel}","templated":true}]}}