{"id":16,"date":"2012-10-08T09:44:16","date_gmt":"2012-10-08T06:44:16","guid":{"rendered":"https:\/\/blog.edu.turku.fi\/jakarla\/?page_id=16"},"modified":"2026-04-14T11:30:46","modified_gmt":"2026-04-14T08:30:46","slug":"yhteystiedot","status":"publish","type":"page","link":"https:\/\/blog.edu.turku.fi\/jakarla\/yhteystiedot\/","title":{"rendered":"Yhteystiedot"},"content":{"rendered":"<h2 style=\"text-align: left\"><span style=\"color: #999999\"><strong>K\u00e4ynti- ja postiosoite\u00a0<\/strong><\/span><\/h2>\n<p>J\u00e4k\u00e4rl\u00e4n koulu<br \/>\nK\u00e4rs\u00e4m\u00e4entie 11, 2. krs<br \/>\n20360 TURKU<\/p>\n<p><span style=\"color: #999999\"><strong>Koulunjohtaja<\/strong><strong><br \/>\n<\/strong><\/span><span style=\"color: #999999\"><span style=\"color: #000000\">Vesa Arponen<br \/>\np. 044 907 2028<\/span><\/span><span style=\"color: #999999\"><span style=\"color: #000000\"><br \/>\netunimi.sukunimi@edu.turku.fi<\/span><\/span><\/p>\n<p><span style=\"color: #999999\"><strong>Koulusihteeri<\/strong><strong><br \/>\n<\/strong><\/span><span style=\"color: #999999\"><span style=\"color: #000000\">Tuija Oksanen<br \/>\np. <span data-olk-copy-source=\"MessageBody\">044 907 5433<\/span><\/span><\/span><span style=\"color: #999999\"><span style=\"color: #000000\"><br \/>\netunimi.sukunimi@edu.turku.fi<\/span><\/span><\/p>\n<p>&nbsp;<\/p>\n<p><strong>Vanhempainyhdistyksen s\u00e4hk\u00f6posti<\/strong>\u00a0 \u00a0vy.jakarlankoulu@gmail.com<\/p>\n<p>&nbsp;<\/p>\n<p style=\"text-align: left\"><strong style=\"color: #999999\">Henkil\u00f6kunnan\u00a0s\u00e4hk\u00f6posti\u00a0\u00a0 <\/strong> etunimi.sukunimi@edu.turku.fi<\/p>\n<h3><span style=\"color: #999999\"><strong>Opettajat lv. 2025-2026<\/strong><\/span><\/h3>\n<table border=\"0\" cellpadding=\"0\">\n<tbody>\n<tr>\n<td width=\"21%\"><strong><span style=\"color: #888888\">1A<\/span><\/strong><\/td>\n<td width=\"56%\">Erika Salmela<\/td>\n<td width=\"20%\"><span data-olk-copy-source=\"MessageBody\">044 907 5263<\/span><\/td>\n<\/tr>\n<tr>\n<td width=\"21%\"><span style=\"color: #888888\"><b>2A<\/b><\/span><\/td>\n<td width=\"56%\">Arja Koponen<\/td>\n<td width=\"20%\">\u00a0040 515 7514<\/td>\n<\/tr>\n<tr>\n<td width=\"21%\"><span style=\"color: #888888\"><b>3A<\/b><\/span><\/td>\n<td width=\"56%\">Ella Hyt\u00f6nen<\/td>\n<td width=\"20%\">040 197 8042<\/td>\n<\/tr>\n<tr>\n<td width=\"21%\"><span style=\"color: #888888\"><b>4A<\/b><\/span><\/td>\n<td width=\"56%\">Jussi Ruohonen<\/td>\n<td width=\"20%\">040 143 3219<\/td>\n<\/tr>\n<tr>\n<td width=\"21%\"><span style=\"color: #888888\"><b>5A<\/b><\/span><\/td>\n<td width=\"56%\">Katri Ritola<\/td>\n<td width=\"20%\">040 143 7017<\/td>\n<\/tr>\n<tr>\n<td width=\"21%\"><span style=\"color: #888888\"><b>6A<\/b><\/span><\/td>\n<td width=\"56%\">Carita Paavola<\/td>\n<td width=\"20%\">040 143 7038<\/td>\n<\/tr>\n<tr>\n<td width=\"21%\"><span style=\"color: #888888\"><b>R<\/b><\/span><\/td>\n<td width=\"56%\">\u00a0Jukka Saarikoski<\/td>\n<td width=\"20%\">040 143 7034<\/td>\n<\/tr>\n<tr>\n<td width=\"21%\"><span style=\"color: #888888\"><b>EO<\/b><\/span><\/td>\n<td width=\"56%\">P\u00e4ivi M\u00e4nnist\u00f6,vj., etunimi.m.sukunimi@edu.turku.fi<\/td>\n<td width=\"20%\">040 160 2161<\/td>\n<\/tr>\n<tr>\n<td width=\"21%\"><span style=\"color: #888888\"><b>VALMO A<\/b><\/span><\/td>\n<td width=\"56%\">Nina-Kaisa Lenti\u00f6<\/td>\n<td width=\"20%\"><span data-olk-copy-source=\"MessageBody\">044 907 2186<\/span><\/td>\n<\/tr>\n<tr>\n<td width=\"21%\"><span style=\"color: #888888\"><b>VALMO B<\/b><\/span><\/td>\n<td width=\"56%\">Eleonora Kramaric<\/td>\n<td width=\"20%\">040 182 4947<\/td>\n<\/tr>\n<tr>\n<td width=\"21%\"><span style=\"color: #888888\"><b>VALMO C<\/b><\/span><\/td>\n<td width=\"56%\">Maija Hurme<\/td>\n<td width=\"20%\">044 772 7742<\/td>\n<\/tr>\n<\/tbody>\n<\/table>\n<h3><span style=\"color: #999999\"><strong>Muu henkil\u00f6kunta<\/strong><\/span><\/h3>\n<table border=\"0\" cellpadding=\"0\">\n<tbody>\n<tr>\n<td width=\"21%\"><span style=\"color: #888888\"><b>koulunk\u00e4ynninohj.<\/b><\/span><\/td>\n<td width=\"56%\">Pia Skogstr\u00f6m<\/td>\n<td width=\"20%\">040 197 5372<\/td>\n<\/tr>\n<tr>\n<td width=\"21%\"><span style=\"color: #888888\"><b>koulunk\u00e4ynninohj.<\/b><\/span><\/td>\n<td width=\"56%\">Krista Paloposki<\/td>\n<td width=\"20%\"><span data-olk-copy-source=\"MessageBody\">044 902 0652<\/span><\/td>\n<\/tr>\n<tr>\n<td width=\"21%\"><span style=\"color: #888888\"><b>ohj. VALMO A<\/b><\/span><\/td>\n<td width=\"56%\">Bahar Chak<\/td>\n<td width=\"20%\">044 907 2035<\/td>\n<\/tr>\n<tr>\n<td width=\"21%\"><span style=\"color: #888888\"><b>ohj. VALMO B<\/b><\/span><\/td>\n<td width=\"56%\">Aya Aljamali<\/td>\n<td width=\"20%\">044 493 7182<\/td>\n<\/tr>\n<tr>\n<td width=\"21%\"><span style=\"color: #888888\"><b>ohj. VALMO C<\/b><\/span><\/td>\n<td width=\"56%\">Elif Turkyilmaz<\/td>\n<td width=\"20%\">\u00a0044 907 5801<\/td>\n<\/tr>\n<tr>\n<td width=\"21%\"><span style=\"color: #888888\"><b>terveydenhoitaja<\/b><\/span><\/td>\n<td width=\"56%\">Jenni Vuorio, etunimi.sukunimi@varha.fi<\/td>\n<td width=\"20%\">044 712 3639<\/td>\n<\/tr>\n<tr>\n<td width=\"21%\"><span style=\"color: #888888\"><b>koulukuraattori<\/b><\/span><\/td>\n<td width=\"56%\">Sarita Turkum\u00e4ki, etunimi.sukunimi@varha.fi<\/td>\n<td width=\"20%\">044 907 4124<\/td>\n<\/tr>\n<tr>\n<td width=\"21%\"><span style=\"color: #888888\"><b>psykiatrinen sairaanhoitaja<\/b><\/span><\/td>\n<td width=\"56%\">Niina Lehtonen, etunimi.sukunimi@varha.fi<\/td>\n<td width=\"20%\">044 793 6636<\/td>\n<\/tr>\n<tr>\n<td width=\"21%\"><span style=\"color: #888888\"><b>koulupsykologi<\/b><\/span><\/td>\n<td width=\"56%\">Ella Tuomiluoma, etunimi.sukunimi@varha.fi<\/td>\n<td width=\"20%\">044 493 9788<\/td>\n<\/tr>\n<tr>\n<td width=\"21%\"><span style=\"color: #888888\"><b>koulun keittola<\/b><\/span><\/td>\n<td width=\"56%\">Leena Sj\u00f6roos, etunimi.sukunimi@kaarea.fi<\/td>\n<td width=\"20%\">040 676 2938<\/td>\n<\/tr>\n<tr>\n<td width=\"21%\"><span style=\"color: #888888\"><b>kiinteist\u00f6nhoito, ulkoalueet<\/b><\/span><\/td>\n<td width=\"56%\">Rami Miiluniemi<\/td>\n<td width=\"20%\">040 188 4476<\/td>\n<\/tr>\n<tr>\n<td width=\"21%\"><span style=\"color: #888888\"><b>kohdemanageri<\/b><\/span><\/td>\n<td width=\"56%\">Ilkka Vellonen<\/td>\n<td width=\"20%\">040 486 6531<\/td>\n<\/tr>\n<\/tbody>\n<\/table>\n","protected":false},"excerpt":{"rendered":"<p>K\u00e4ynti- ja postiosoite\u00a0 J\u00e4k\u00e4rl\u00e4n koulu K\u00e4rs\u00e4m\u00e4entie 11, 2. krs 20360 TURKU Koulunjohtaja Vesa Arponen p. 044 907 2028 etunimi.sukunimi@edu.turku.fi Koulusihteeri Tuija Oksanen p. 044 907 5433 etunimi.sukunimi@edu.turku.fi &nbsp; Vanhempainyhdistyksen s\u00e4hk\u00f6posti\u00a0 \u00a0vy.jakarlankoulu@gmail.com &nbsp; Henkil\u00f6kunnan\u00a0s\u00e4hk\u00f6posti\u00a0\u00a0 etunimi.sukunimi@edu.turku.fi Opettajat lv. 2025-2026 1A Erika Salmela 044 907 5263 2A Arja Koponen \u00a0040 515 7514 3A Ella Hyt\u00f6nen 040 197 8042 &hellip; <a href=\"https:\/\/blog.edu.turku.fi\/jakarla\/yhteystiedot\/\" class=\"more-link\">Jatka lukemista<span class=\"screen-reader-text\"> &#8221;Yhteystiedot&#8221;<\/span><\/a><\/p>\n","protected":false},"author":166,"featured_media":0,"parent":0,"menu_order":0,"comment_status":"closed","ping_status":"closed","template":"","meta":{"footnotes":""},"class_list":["post-16","page","type-page","status-publish","hentry"],"_links":{"self":[{"href":"https:\/\/blog.edu.turku.fi\/jakarla\/wp-json\/wp\/v2\/pages\/16","targetHints":{"allow":["GET"]}}],"collection":[{"href":"https:\/\/blog.edu.turku.fi\/jakarla\/wp-json\/wp\/v2\/pages"}],"about":[{"href":"https:\/\/blog.edu.turku.fi\/jakarla\/wp-json\/wp\/v2\/types\/page"}],"author":[{"embeddable":true,"href":"https:\/\/blog.edu.turku.fi\/jakarla\/wp-json\/wp\/v2\/users\/166"}],"replies":[{"embeddable":true,"href":"https:\/\/blog.edu.turku.fi\/jakarla\/wp-json\/wp\/v2\/comments?post=16"}],"version-history":[{"count":208,"href":"https:\/\/blog.edu.turku.fi\/jakarla\/wp-json\/wp\/v2\/pages\/16\/revisions"}],"predecessor-version":[{"id":1275,"href":"https:\/\/blog.edu.turku.fi\/jakarla\/wp-json\/wp\/v2\/pages\/16\/revisions\/1275"}],"wp:attachment":[{"href":"https:\/\/blog.edu.turku.fi\/jakarla\/wp-json\/wp\/v2\/media?parent=16"}],"curies":[{"name":"wp","href":"https:\/\/api.w.org\/{rel}","templated":true}]}}