{"id":264,"date":"2012-02-10T12:35:21","date_gmt":"2012-02-10T12:35:21","guid":{"rendered":"https:\/\/blog.edu.turku.fi\/ilpoinen\/?page_id=264"},"modified":"2024-02-29T12:37:58","modified_gmt":"2024-02-29T12:37:58","slug":"poissaolot","status":"publish","type":"page","link":"https:\/\/blog.edu.turku.fi\/ilpoinen\/koululaisen-kasikirja\/poissaolot\/","title":{"rendered":"Poissaolojen seuranta"},"content":{"rendered":"<p>Turun kaupungin peruskouluissa on k\u00e4yt\u00f6ss\u00e4 yhten\u00e4inen ohjeistus poissaolojen seuraamiseksi ja niihin puuttumiseksi.<\/p>\n<p><a href=\"https:\/\/blog.edu.turku.fi\/ilpoinen\/files\/2024\/02\/lv_2023_2024_Koulupoissaoloihin_puuttuminen_ohjeistus_huoltajille.pdf\" target=\"_blank\" rel=\"noopener\">Koulupoissaoloihin puuttuminen Turun perusopetuksessa, lukuvuosi 2023-2024<\/a><\/p>\n","protected":false},"excerpt":{"rendered":"<p>Turun kaupungin peruskouluissa on k\u00e4yt\u00f6ss\u00e4 yhten\u00e4inen ohjeistus poissaolojen seuraamiseksi ja niihin puuttumiseksi. Koulupoissaoloihin puuttuminen Turun perusopetuksessa, lukuvuosi 2023-2024<\/p>\n","protected":false},"author":105,"featured_media":0,"parent":19,"menu_order":0,"comment_status":"closed","ping_status":"closed","template":"","meta":{"footnotes":""},"class_list":["post-264","page","type-page","status-publish","hentry"],"_links":{"self":[{"href":"https:\/\/blog.edu.turku.fi\/ilpoinen\/wp-json\/wp\/v2\/pages\/264","targetHints":{"allow":["GET"]}}],"collection":[{"href":"https:\/\/blog.edu.turku.fi\/ilpoinen\/wp-json\/wp\/v2\/pages"}],"about":[{"href":"https:\/\/blog.edu.turku.fi\/ilpoinen\/wp-json\/wp\/v2\/types\/page"}],"author":[{"embeddable":true,"href":"https:\/\/blog.edu.turku.fi\/ilpoinen\/wp-json\/wp\/v2\/users\/105"}],"replies":[{"embeddable":true,"href":"https:\/\/blog.edu.turku.fi\/ilpoinen\/wp-json\/wp\/v2\/comments?post=264"}],"version-history":[{"count":19,"href":"https:\/\/blog.edu.turku.fi\/ilpoinen\/wp-json\/wp\/v2\/pages\/264\/revisions"}],"predecessor-version":[{"id":2058,"href":"https:\/\/blog.edu.turku.fi\/ilpoinen\/wp-json\/wp\/v2\/pages\/264\/revisions\/2058"}],"up":[{"embeddable":true,"href":"https:\/\/blog.edu.turku.fi\/ilpoinen\/wp-json\/wp\/v2\/pages\/19"}],"wp:attachment":[{"href":"https:\/\/blog.edu.turku.fi\/ilpoinen\/wp-json\/wp\/v2\/media?parent=264"}],"curies":[{"name":"wp","href":"https:\/\/api.w.org\/{rel}","templated":true}]}}