{"id":1596,"date":"2020-11-19T13:37:28","date_gmt":"2020-11-19T13:37:28","guid":{"rendered":"https:\/\/blog.edu.turku.fi\/ilpoinen\/?page_id=1596"},"modified":"2025-04-29T06:44:20","modified_gmt":"2025-04-29T06:44:20","slug":"poissaolot","status":"publish","type":"page","link":"https:\/\/blog.edu.turku.fi\/ilpoinen\/poissaolot\/","title":{"rendered":"Poissaolot"},"content":{"rendered":"<p>Huoltajan tulee ilmoittaa oppilaan poissaoloista luokanopettajalle <a title=\"Kirjaudu Wilmaan\" href=\"https:\/\/wilma.turku.fi\">Wilma<\/a>ssa. Oppilaan velvollisuus on selvitt\u00e4\u00e4 ja suorittaa poissaolon aikaiset kouluteht\u00e4v\u00e4t.<\/p>\n<p><span class=\"NormalTextRun SCXW63272240 BCX8\">Poissaolojen seurannassa noudatetaan Turun perusopetuksen poissaolomallia.<br \/>\n<a href=\"https:\/\/www.turku.fi\/perusopetus\/koulupoissaolot\">Koulupoissaolot \/ Turku.fi<\/a><br \/>\n<\/span><\/p>\n<p>Muun kuin sairauden takia poissaoloa tulee anoa etuk\u00e4teen kirjallisesti. Opettaja voi my\u00f6nt\u00e4\u00e4 oppilaalle enint\u00e4\u00e4n kolmen p\u00e4iv\u00e4n poissaolon. Pidemm\u00e4t lomat anotaan koulun rehtorilta. Poissaolot anotaan Wilman lomakkeella.<br \/>\nOppilaan tulee selvitt\u00e4\u00e4 ennen anottua poissaoloa, miten ja milloin tekem\u00e4tt\u00f6m\u00e4t teht\u00e4v\u00e4t suoritetaan.<\/p>\n","protected":false},"excerpt":{"rendered":"<p>Huoltajan tulee ilmoittaa oppilaan poissaoloista luokanopettajalle Wilmassa. Oppilaan velvollisuus on selvitt\u00e4\u00e4 ja suorittaa poissaolon aikaiset kouluteht\u00e4v\u00e4t. Poissaolojen seurannassa noudatetaan Turun perusopetuksen poissaolomallia. Koulupoissaolot \/ Turku.fi Muun kuin sairauden takia poissaoloa tulee anoa etuk\u00e4teen kirjallisesti. Opettaja voi my\u00f6nt\u00e4\u00e4 oppilaalle enint\u00e4\u00e4n kolmen p\u00e4iv\u00e4n poissaolon. Pidemm\u00e4t lomat anotaan koulun rehtorilta. Poissaolot anotaan Wilman lomakkeella. Oppilaan tulee selvitt\u00e4\u00e4 ennen &hellip; <a href=\"https:\/\/blog.edu.turku.fi\/ilpoinen\/poissaolot\/\" class=\"more-link\">Jatka lukemista<span class=\"screen-reader-text\"> &#8221;Poissaolot&#8221;<\/span><\/a><\/p>\n","protected":false},"author":105,"featured_media":0,"parent":0,"menu_order":0,"comment_status":"closed","ping_status":"closed","template":"","meta":{"footnotes":""},"class_list":["post-1596","page","type-page","status-publish","hentry"],"_links":{"self":[{"href":"https:\/\/blog.edu.turku.fi\/ilpoinen\/wp-json\/wp\/v2\/pages\/1596","targetHints":{"allow":["GET"]}}],"collection":[{"href":"https:\/\/blog.edu.turku.fi\/ilpoinen\/wp-json\/wp\/v2\/pages"}],"about":[{"href":"https:\/\/blog.edu.turku.fi\/ilpoinen\/wp-json\/wp\/v2\/types\/page"}],"author":[{"embeddable":true,"href":"https:\/\/blog.edu.turku.fi\/ilpoinen\/wp-json\/wp\/v2\/users\/105"}],"replies":[{"embeddable":true,"href":"https:\/\/blog.edu.turku.fi\/ilpoinen\/wp-json\/wp\/v2\/comments?post=1596"}],"version-history":[{"count":3,"href":"https:\/\/blog.edu.turku.fi\/ilpoinen\/wp-json\/wp\/v2\/pages\/1596\/revisions"}],"predecessor-version":[{"id":2135,"href":"https:\/\/blog.edu.turku.fi\/ilpoinen\/wp-json\/wp\/v2\/pages\/1596\/revisions\/2135"}],"wp:attachment":[{"href":"https:\/\/blog.edu.turku.fi\/ilpoinen\/wp-json\/wp\/v2\/media?parent=1596"}],"curies":[{"name":"wp","href":"https:\/\/api.w.org\/{rel}","templated":true}]}}