{"id":315,"date":"2019-01-17T11:24:37","date_gmt":"2019-01-17T09:24:37","guid":{"rendered":"https:\/\/blog.edu.turku.fi\/iktpedagogik\/?page_id=315"},"modified":"2024-11-15T11:01:26","modified_gmt":"2024-11-15T09:01:26","slug":"lanktips","status":"publish","type":"page","link":"https:\/\/blog.edu.turku.fi\/iktpedagogik\/lanktips\/","title":{"rendered":"PDF &amp; L\u00e4nktips"},"content":{"rendered":"<h1>Applista i PDF-format<\/h1>\n<p>Apparna p\u00e5 den h\u00e4r bloggen finns ocks\u00e5 att f\u00e5 i PDF-format. Listan v\u00e4xer med tiden s\u00e5 se till att du har senaste versionen. I senaste uppdateringen har jag f\u00f6rutom l\u00e4gga till det senaste \u00e4ven g\u00e5tt igenom kategorierna s\u00e5 att det borde vara lite tydligare och enklare att hitta om man letar efter n\u00e5got s\u00e4rskilt.<\/p>\n<p><a href=\"https:\/\/blog.edu.turku.fi\/iktpedagogik\/files\/2024\/08\/Pedagogiska-Appar-4.pdf\">Pedagogiska Appar 4<\/a>&nbsp;(PDF, 3MB), Uppdaterad 29.8.2024<\/p>\n<h1>Vill du hitta \u00e4nnu mer appar?<img loading=\"lazy\" decoding=\"async\" class=\"alignright wp-image-316 size-medium\" src=\"https:\/\/blog.edu.turku.fi\/iktpedagogik\/files\/2019\/01\/world_wide_web-250x164.jpg\" alt=\"Cloudweb.\" width=\"250\" height=\"164\"\/><\/h1>\n<p>H\u00e4r \u00e4r n\u00e5gra websiter med massa bra appar:<\/p>\n<ul>\n<li><strong>Appar arbetande efter Bornholmsmodellen: <\/strong><a href=\"https:\/\/www.branja.se\/appar\">https:\/\/www.branja.se\/appar<\/a><\/li>\n<li><strong>Folkh\u00e4lsans app-lista:<\/strong> <a href=\"https:\/\/moodle.folkhalsan.fi\/course\/view.php?id=219\">https:\/\/moodle.folkhalsan.fi\/course\/view.php?id=219<\/a><\/li>\n<li><strong>Gratis i skolan:<\/strong> <a href=\"https:\/\/gratisiskolan.se\/arskurs\/0-forskola\">https:\/\/gratisiskolan.se\/arskurs\/0-forskola<\/a><\/li>\n<li><strong>Pappas appar:<\/strong> <a href=\"https:\/\/www.pappasappar.se\/\">https:\/\/www.pappasappar.se\/<\/a><\/li>\n<li><strong>Skolappar.nu<\/strong> <em>(pedagoger recenserar appar):&nbsp; <a href=\"https:\/\/www.skolappar.nu\/\">Skolappar.nu &#8211; Recensioner av appar f\u00f6r f\u00f6rskola och skola<\/a><\/em><\/li>\n<\/ul>\n<p><!--more--><\/p>\n<h6><strong>Appar f\u00f6r elever i behov av s\u00e4rskilt st\u00f6d:<\/strong><\/h6>\n<ul>\n<li><strong>Apps\u00f6k: <\/strong><a href=\"https:\/\/appsok.se\/\">https:\/\/appsok.se\/<\/a><\/li>\n<li><strong>Skolappar.nu:<\/strong> <a href=\"https:\/\/www.skolappar.nu\/sarskilt-stod\/\">https:\/\/www.skolappar.nu\/sarskilt+stod\/<\/a><\/li>\n<li><strong>Skoldatatek<\/strong> \u2013<em> f\u00f6r en tillg\u00e4nglig utbilning, appar med m\u00f6jligheter:<\/em><br \/>\n<a href=\"http:\/\/www.skoldatatek.se\/appar-med-mojligheter\">http:\/\/www.skoldatatek.se\/appar-med-mojligheter<\/a><\/li>\n<li><strong>Specialpedagogiska skolmyndigheten:<\/strong> <a href=\"https:\/\/hittalaromedel.spsm.se\/\">https:\/\/hittalaromedel.spsm.se\/<\/a><\/li>\n<\/ul>\n","protected":false},"excerpt":{"rendered":"<p>Applista i PDF-format Apparna p\u00e5 den h\u00e4r bloggen finns ocks\u00e5 att f\u00e5 i PDF-format. Listan v\u00e4xer med tiden s\u00e5 se till att du har senaste versionen. I senaste uppdateringen har jag f\u00f6rutom l\u00e4gga till det senaste \u00e4ven g\u00e5tt igenom kategorierna s\u00e5 att det borde vara lite tydligare och enklare att hitta om man letar efter &hellip; <a href=\"https:\/\/blog.edu.turku.fi\/iktpedagogik\/lanktips\/\" class=\"more-link\">Forts\u00e4tt l\u00e4sa<span class=\"screen-reader-text\"> \u201dPDF &amp; L\u00e4nktips\u201d<\/span><\/a><\/p>\n","protected":false},"author":2590,"featured_media":0,"parent":0,"menu_order":0,"comment_status":"closed","ping_status":"closed","template":"","meta":{"ngg_post_thumbnail":0,"footnotes":""},"class_list":["post-315","page","type-page","status-publish","hentry"],"_links":{"self":[{"href":"https:\/\/blog.edu.turku.fi\/iktpedagogik\/wp-json\/wp\/v2\/pages\/315","targetHints":{"allow":["GET"]}}],"collection":[{"href":"https:\/\/blog.edu.turku.fi\/iktpedagogik\/wp-json\/wp\/v2\/pages"}],"about":[{"href":"https:\/\/blog.edu.turku.fi\/iktpedagogik\/wp-json\/wp\/v2\/types\/page"}],"author":[{"embeddable":true,"href":"https:\/\/blog.edu.turku.fi\/iktpedagogik\/wp-json\/wp\/v2\/users\/2590"}],"replies":[{"embeddable":true,"href":"https:\/\/blog.edu.turku.fi\/iktpedagogik\/wp-json\/wp\/v2\/comments?post=315"}],"version-history":[{"count":27,"href":"https:\/\/blog.edu.turku.fi\/iktpedagogik\/wp-json\/wp\/v2\/pages\/315\/revisions"}],"predecessor-version":[{"id":3402,"href":"https:\/\/blog.edu.turku.fi\/iktpedagogik\/wp-json\/wp\/v2\/pages\/315\/revisions\/3402"}],"wp:attachment":[{"href":"https:\/\/blog.edu.turku.fi\/iktpedagogik\/wp-json\/wp\/v2\/media?parent=315"}],"curies":[{"name":"wp","href":"https:\/\/api.w.org\/{rel}","templated":true}]}}